CREATE TABLE `node_revision__field_site_temp_range` (
  `bundle` varchar(128) CHARACTER SET ascii NOT NULL DEFAULT '' COMMENT 'The field instance bundle to which this row belongs, used when deleting a field instance',
  `deleted` tinyint(4) NOT NULL DEFAULT '0' COMMENT 'A boolean indicating whether this data item has been deleted',
  `entity_id` int(10) unsigned NOT NULL COMMENT 'The entity id this data is attached to',
  `revision_id` int(10) unsigned NOT NULL COMMENT 'The entity revision id this data is attached to',
  `langcode` varchar(32) CHARACTER SET ascii NOT NULL DEFAULT '' COMMENT 'The language code for this data item.',
  `delta` int(10) unsigned NOT NULL COMMENT 'The sequence number for this data item, used for multi-value fields',
  `field_site_temp_range_value` float NOT NULL,
  PRIMARY KEY (`entity_id`,`revision_id`,`deleted`,`delta`,`langcode`),
  KEY `bundle` (`bundle`),
  KEY `revision_id` (`revision_id`)
) ENGINE=InnoDB DEFAULT CHARSET=utf8mb4 COMMENT='Revision archive storage for node field field_site_temp…';

--
-- Dumping data for table `node_revision__field_site_temp_range`
--

INSERT INTO `node_revision__field_site_temp_range` VALUES ('site',0,8,8,'en',0,10.15);

--
-- Table structure for table `node_revision__field_tags`
--

CREATE TABLE `node_revision__field_tags` (
  `bundle` varchar(128) CHARACTER SET ascii NOT NULL DEFAULT '' COMMENT 'The field instance bundle to which this row belongs, used when deleting a field instance',
  `deleted` tinyint(4) NOT NULL DEFAULT '0' COMMENT 'A boolean indicating whether this data item has been deleted',
  `entity_id` int(10) unsigned NOT NULL COMMENT 'The entity id this data is attached to',
  `revision_id` int(10) unsigned NOT NULL COMMENT 'The entity revision id this data is attached to',
  `langcode` varchar(32) CHARACTER SET ascii NOT NULL DEFAULT '' COMMENT 'The language code for this data item.',
  `delta` int(10) unsigned NOT NULL COMMENT 'The sequence number for this data item, used for multi-value fields',
  `field_tags_target_id` int(10) unsigned NOT NULL COMMENT 'The ID of the target entity.',
  PRIMARY KEY (`entity_id`,`revision_id`,`deleted`,`delta`,`langcode`),
  KEY `bundle` (`bundle`),
  KEY `revision_id` (`revision_id`),
  KEY `field_tags_target_id` (`field_tags_target_id`)
) ENGINE=InnoDB DEFAULT CHARSET=utf8mb4 COMMENT='Revision archive storage for node field field_tags.';

--
-- Dumping data for table `node_revision__field_tags`
--

INSERT INTO `node_revision__field_tags` VALUES ('dataset',0,2,2,'en',0,20),('dataset',0,2,2,'en',1,21),('dataset',0,2,2,'en',2,22),('dataset',0,3,3,'en',0,20),('dataset',0,3,3,'en',1,21),('dataset',0,3,3,'en',2,22),('dataset',0,4,4,'en',0,20),('dataset',0,4,4,'en',1,21),('dataset',0,4,4,'en',2,22),('dataset',0,5,5,'en',0,20),('dataset',0,5,5,'en',1,21),('dataset',0,5,5,'en',2,22),('dataset',0,6,6,'en',0,20),('dataset',0,6,6,'en',1,21),('dataset',0,6,6,'en',2,22),('dataset',0,7,7,'en',0,20),('dataset',0,7,7,'en',1,21),('dataset',0,7,7,'en',2,22),('site',0,8,8,'en',0,20),('site',0,8,8,'en',1,21),('site',0,8,8,'en',2,22),('iniset',0,9,9,'en',0,20),('iniset',0,9,9,'en',1,21),('iniset',0,9,9,'en',2,22),('iniset',0,10,10,'en',0,20),('iniset',0,10,10,'en',1,21),('iniset',0,10,10,'en',2,22),('output',0,12,14,'en',0,20),('output',0,12,14,'en',1,21),('output',0,12,14,'en',2,22);

--
-- Table structure for table `node_revision__field_temporal`
--

CREATE TABLE `node_revision__field_temporal` (
  `bundle` varchar(128) CHARACTER SET ascii NOT NULL DEFAULT '' COMMENT 'The field instance bundle to which this row belongs, used when deleting a field instance',
  `deleted` tinyint(4) NOT NULL DEFAULT '0' COMMENT 'A boolean indicating whether this data item has been deleted',
  `entity_id` int(10) unsigned NOT NULL COMMENT 'The entity id this data is attached to',
  `revision_id` int(10) unsigned NOT NULL COMMENT 'The entity revision id this data is attached to',
  `langcode` varchar(32) CHARACTER SET ascii NOT NULL DEFAULT '' COMMENT 'The language code for this data item.',
  `delta` int(10) unsigned NOT NULL COMMENT 'The sequence number for this data item, used for multi-value fields',
  `field_temporal_value` tinyint(4) NOT NULL,
  PRIMARY KEY (`entity_id`,`revision_id`,`deleted`,`delta`,`langcode`),
  KEY `bundle` (`bundle`),
  KEY `revision_id` (`revision_id`)
) ENGINE=InnoDB DEFAULT CHARSET=utf8mb4 COMMENT='Revision archive storage for node field field_temporal.';

--
-- Dumping data for table `node_revision__field_temporal`
--

INSERT INTO `node_revision__field_temporal` VALUES ('dataset',0,5,5,'en',0,0),('dataset',0,6,6,'en',0,0),('dataset',0,7,7,'en',0,0),('output',0,12,14,'en',0,0),('project4',0,13,15,'en',0,0),('dataset',0,15,17,'en',0,1),('dataset',0,16,18,'en',0,1),('dataset',0,17,19,'en',0,1),('mceini',0,154,156,'en',0,0),('project2',0,155,157,'en',0,0);

--
-- Table structure for table `paragraph__field_max`
--

CREATE TABLE `paragraph__field_max` (
  `bundle` varchar(128) CHARACTER SET ascii NOT NULL DEFAULT '' COMMENT 'The field instance bundle to which this row belongs, used when deleting a field instance',
  `deleted` tinyint(4) NOT NULL DEFAULT '0' COMMENT 'A boolean indicating whether this data item has been deleted',
  `entity_id` int(10) unsigned NOT NULL COMMENT 'The entity id this data is attached to',
  `revision_id` int(10) unsigned NOT NULL COMMENT 'The entity revision id this data is attached to',
  `langcode` varchar(32) CHARACTER SET ascii NOT NULL DEFAULT '' COMMENT 'The language code for this data item.',
  `delta` int(10) unsigned NOT NULL COMMENT 'The sequence number for this data item, used for multi-value fields',
  `field_max_value` varchar(20) NOT NULL,
  PRIMARY KEY (`entity_id`,`deleted`,`delta`,`langcode`),
  KEY `bundle` (`bundle`),
  KEY `revision_id` (`revision_id`)
) ENGINE=InnoDB DEFAULT CHARSET=utf8mb4 COMMENT='Data storage for paragraph field field_max.';

--
-- Dumping data for table `paragraph__field_max`
--

INSERT INTO `paragraph__field_max` VALUES ('ds_mce_vars',0,1,1,'en',0,'10'),('ds_mce_vars',0,2,2,'en',0,'50'),('ds_mce_vars',0,3,3,'en',0,'0.7'),('ds_mce_vars',0,4,4,'en',0,'70'),('ds_mce_vars',0,5,5,'en',0,'50');

--
-- Table structure for table `paragraph__field_mce_var_select`
--

CREATE TABLE `paragraph__field_mce_var_select` (
  `bundle` varchar(128) CHARACTER SET ascii NOT NULL DEFAULT '' COMMENT 'The field instance bundle to which this row belongs, used when deleting a field instance',
  `deleted` tinyint(4) NOT NULL DEFAULT '0' COMMENT 'A boolean indicating whether this data item has been deleted',
  `entity_id` int(10) unsigned NOT NULL COMMENT 'The entity id this data is attached to',
  `revision_id` int(10) unsigned NOT NULL COMMENT 'The entity revision id this data is attached to',
  `langcode` varchar(32) CHARACTER SET ascii NOT NULL DEFAULT '' COMMENT 'The language code for this data item.',
  `delta` int(10) unsigned NOT NULL COMMENT 'The sequence number for this data item, used for multi-value fields',
  `field_mce_var_select_target_id` int(10) unsigned NOT NULL COMMENT 'The ID of the target entity.',
  PRIMARY KEY (`entity_id`,`deleted`,`delta`,`langcode`),
  KEY `bundle` (`bundle`),
  KEY `revision_id` (`revision_id`),
  KEY `field_mce_var_select_target_id` (`field_mce_var_select_target_id`)
) ENGINE=InnoDB DEFAULT CHARSET=utf8mb4 COMMENT='Data storage for paragraph field field_mce_var_select.';

--
-- Dumping data for table `paragraph__field_mce_var_select`
--

INSERT INTO `paragraph__field_mce_var_select` VALUES ('ds_mce_vars',0,1,1,'en',0,83),('ds_mce_vars',0,2,2,'en',0,48),('ds_mce_vars',0,3,3,'en',0,151),('ds_mce_vars',0,4,4,'en',0,49),('ds_mce_vars',0,5,5,'en',0,150);

--
-- Table structure for table `paragraph__field_min`
--

CREATE TABLE `paragraph__field_min` (
  `bundle` varchar(128) CHARACTER SET ascii NOT NULL DEFAULT '' COMMENT 'The field instance bundle to which this row belongs, used when deleting a field instance',
  `deleted` tinyint(4) NOT NULL DEFAULT '0' COMMENT 'A boolean indicating whether this data item has been deleted',
  `entity_id` int(10) unsigned NOT NULL COMMENT 'The entity id this data is attached to',
  `revision_id` int(10) unsigned NOT NULL COMMENT 'The entity revision id this data is attached to',
  `langcode` varchar(32) CHARACTER SET ascii NOT NULL DEFAULT '' COMMENT 'The language code for this data item.',
  `delta` int(10) unsigned NOT NULL COMMENT 'The sequence number for this data item, used for multi-value fields',
  `field_min_value` varchar(20) NOT NULL,
  PRIMARY KEY (`entity_id`,`deleted`,`delta`,`langcode`),
  KEY `bundle` (`bundle`),
  KEY `revision_id` (`revision_id`)
) ENGINE=InnoDB DEFAULT CHARSET=utf8mb4 COMMENT='Data storage for paragraph field field_min.';

--
-- Dumping data for table `paragraph__field_min`
--

INSERT INTO `paragraph__field_min` VALUES ('ds_mce_vars',0,1,1,'en',0,'1'),('ds_mce_vars',0,2,2,'en',0,'10'),('ds_mce_vars',0,3,3,'en',0,'0.1'),('ds_mce_vars',0,4,4,'en',0,'30'),('ds_mce_vars',0,5,5,'en',0,'30');

--
-- Table structure for table `paragraph__field_phanophase`
--

CREATE TABLE `paragraph__field_phanophase` (
  `bundle` varchar(128) CHARACTER SET ascii NOT NULL DEFAULT '' COMMENT 'The field instance bundle to which this row belongs, used when deleting a field instance',
  `deleted` tinyint(4) NOT NULL DEFAULT '0' COMMENT 'A boolean indicating whether this data item has been deleted',
  `entity_id` int(10) unsigned NOT NULL COMMENT 'The entity id this data is attached to',
  `revision_id` int(10) unsigned NOT NULL COMMENT 'The entity revision id this data is attached to',
  `langcode` varchar(32) CHARACTER SET ascii NOT NULL DEFAULT '' COMMENT 'The language code for this data item.',
  `delta` int(10) unsigned NOT NULL COMMENT 'The sequence number for this data item, used for multi-value fields',
  `field_phanophase_value` int(11) NOT NULL,
  PRIMARY KEY (`entity_id`,`deleted`,`delta`,`langcode`),
  KEY `bundle` (`bundle`),
  KEY `revision_id` (`revision_id`),
  KEY `field_phanophase_value` (`field_phanophase_value`)
) ENGINE=InnoDB DEFAULT CHARSET=utf8mb4 COMMENT='Data storage for paragraph field field_phanophase.';

--
-- Dumping data for table `paragraph__field_phanophase`
--

INSERT INTO `paragraph__field_phanophase` VALUES ('ds_mce_vars',0,3,3,'en',0,1),('ds_mce_vars',0,3,3,'en',1,3),('ds_mce_vars',0,5,5,'en',0,2),('ds_mce_vars',0,5,5,'en',1,5);

--
-- Table structure for table `paragraph_revision__field_max`
--

CREATE TABLE `paragraph_revision__field_max` (
  `bundle` varchar(128) CHARACTER SET ascii NOT NULL DEFAULT '' COMMENT 'The field instance bundle to which this row belongs, used when deleting a field instance',
  `deleted` tinyint(4) NOT NULL DEFAULT '0' COMMENT 'A boolean indicating whether this data item has been deleted',
  `entity_id` int(10) unsigned NOT NULL COMMENT 'The entity id this data is attached to',
  `revision_id` int(10) unsigned NOT NULL COMMENT 'The entity revision id this data is attached to',
  `langcode` varchar(32) CHARACTER SET ascii NOT NULL DEFAULT '' COMMENT 'The language code for this data item.',
  `delta` int(10) unsigned NOT NULL COMMENT 'The sequence number for this data item, used for multi-value fields',
  `field_max_value` varchar(20) NOT NULL,
  PRIMARY KEY (`entity_id`,`revision_id`,`deleted`,`delta`,`langcode`),
  KEY `bundle` (`bundle`),
  KEY `revision_id` (`revision_id`)
) ENGINE=InnoDB DEFAULT CHARSET=utf8mb4 COMMENT='Revision archive storage for paragraph field field_max.';

--
-- Dumping data for table `paragraph_revision__field_max`
--

INSERT INTO `paragraph_revision__field_max` VALUES ('ds_mce_vars',0,1,1,'en',0,'10'),('ds_mce_vars',0,2,2,'en',0,'50'),('ds_mce_vars',0,3,3,'en',0,'0.7'),('ds_mce_vars',0,4,4,'en',0,'70'),('ds_mce_vars',0,5,5,'en',0,'50');

--
-- Table structure for table `paragraph_revision__field_mce_var_select`
--

CREATE TABLE `paragraph_revision__field_mce_var_select` (
  `bundle` varchar(128) CHARACTER SET ascii NOT NULL DEFAULT '' COMMENT 'The field instance bundle to which this row belongs, used when deleting a field instance',
  `deleted` tinyint(4) NOT NULL DEFAULT '0' COMMENT 'A boolean indicating whether this data item has been deleted',
  `entity_id` int(10) unsigned NOT NULL COMMENT 'The entity id this data is attached to',
  `revision_id` int(10) unsigned NOT NULL COMMENT 'The entity revision id this data is attached to',
  `langcode` varchar(32) CHARACTER SET ascii NOT NULL DEFAULT '' COMMENT 'The language code for this data item.',
  `delta` int(10) unsigned NOT NULL COMMENT 'The sequence number for this data item, used for multi-value fields',
  `field_mce_var_select_target_id` int(10) unsigned NOT NULL COMMENT 'The ID of the target entity.',
  PRIMARY KEY (`entity_id`,`revision_id`,`deleted`,`delta`,`langcode`),
  KEY `bundle` (`bundle`),
  KEY `revision_id` (`revision_id`),
  KEY `field_mce_var_select_target_id` (`field_mce_var_select_target_id`)
) ENGINE=InnoDB DEFAULT CHARSET=utf8mb4 COMMENT='Revision archive storage for paragraph field field_mce_var…';

--
-- Dumping data for table `paragraph_revision__field_mce_var_select`
--

INSERT INTO `paragraph_revision__field_mce_var_select` VALUES ('ds_mce_vars',0,1,1,'en',0,83),('ds_mce_vars',0,2,2,'en',0,48),('ds_mce_vars',0,3,3,'en',0,151),('ds_mce_vars',0,4,4,'en',0,49),('ds_mce_vars',0,5,5,'en',0,150);

--
-- Table structure for table `paragraph_revision__field_min`
--

CREATE TABLE `paragraph_revision__field_min` (
  `bundle` varchar(128) CHARACTER SET ascii NOT NULL DEFAULT '' COMMENT 'The field instance bundle to which this row belongs, used when deleting a field instance',
  `deleted` tinyint(4) NOT NULL DEFAULT '0' COMMENT 'A boolean indicating whether this data item has been deleted',
  `entity_id` int(10) unsigned NOT NULL COMMENT 'The entity id this data is attached to',
  `revision_id` int(10) unsigned NOT NULL COMMENT 'The entity revision id this data is attached to',
  `langcode` varchar(32) CHARACTER SET ascii NOT NULL DEFAULT '' COMMENT 'The language code for this data item.',
  `delta` int(10) unsigned NOT NULL COMMENT 'The sequence number for this data item, used for multi-value fields',
  `field_min_value` varchar(20) NOT NULL,
  PRIMARY KEY (`entity_id`,`revision_id`,`deleted`,`delta`,`langcode`),
  KEY `bundle` (`bundle`),
  KEY `revision_id` (`revision_id`)
) ENGINE=InnoDB DEFAULT CHARSET=utf8mb4 COMMENT='Revision archive storage for paragraph field field_min.';

--
-- Dumping data for table `paragraph_revision__field_min`
--

INSERT INTO `paragraph_revision__field_min` VALUES ('ds_mce_vars',0,1,1,'en',0,'1'),('ds_mce_vars',0,2,2,'en',0,'10'),('ds_mce_vars',0,3,3,'en',0,'0.1'),('ds_mce_vars',0,4,4,'en',0,'30'),('ds_mce_vars',0,5,5,'en',0,'30');

--
-- Table structure for table `paragraph_revision__field_phanophase`
--

CREATE TABLE `paragraph_revision__field_phanophase` (
  `bundle` varchar(128) CHARACTER SET ascii NOT NULL DEFAULT '' COMMENT 'The field instance bundle to which this row belongs, used when deleting a field instance',
  `deleted` tinyint(4) NOT NULL DEFAULT '0' COMMENT 'A boolean indicating whether this data item has been deleted',
  `entity_id` int(10) unsigned NOT NULL COMMENT 'The entity id this data is attached to',
  `revision_id` int(10) unsigned NOT NULL COMMENT 'The entity revision id this data is attached to',
  `langcode` varchar(32) CHARACTER SET ascii NOT NULL DEFAULT '' COMMENT 'The language code for this data item.',
  `delta` int(10) unsigned NOT NULL COMMENT 'The sequence number for this data item, used for multi-value fields',
  `field_phanophase_value` int(11) NOT NULL,
  PRIMARY KEY (`entity_id`,`revision_id`,`deleted`,`delta`,`langcode`),
  KEY `bundle` (`bundle`),
  KEY `revision_id` (`revision_id`),
  KEY `field_phanophase_value` (`field_phanophase_value`)
) ENGINE=InnoDB DEFAULT CHARSET=utf8mb4 COMMENT='Revision archive storage for paragraph field field…';

--
-- Dumping data for table `paragraph_revision__field_phanophase`
--

INSERT INTO `paragraph_revision__field_phanophase` VALUES ('ds_mce_vars',0,3,3,'en',0,1),('ds_mce_vars',0,3,3,'en',1,3),('ds_mce_vars',0,5,5,'en',0,2),('ds_mce_vars',0,5,5,'en',1,5);

--
-- Table structure for table `paragraphs_item`
--

CREATE TABLE `paragraphs_item` (
  `id` int(10) unsigned NOT NULL AUTO_INCREMENT,
  `revision_id` int(10) unsigned DEFAULT NULL,
  `type` varchar(32) CHARACTER SET ascii NOT NULL COMMENT 'The ID of the target entity.',
  `uuid` varchar(128) CHARACTER SET ascii NOT NULL,
  `langcode` varchar(12) CHARACTER SET ascii NOT NULL,
  PRIMARY KEY (`id`),
  UNIQUE KEY `paragraph_field__uuid__value` (`uuid`),
  UNIQUE KEY `paragraph__revision_id` (`revision_id`),
  KEY `paragraph_field__type__target_id` (`type`)
) ENGINE=InnoDB AUTO_INCREMENT=6 DEFAULT CHARSET=utf8mb4 COMMENT='The base table for paragraph entities.';

--
-- Dumping data for table `paragraphs_item`
--

INSERT INTO `paragraphs_item` VALUES (1,1,'ds_mce_vars','3c1ca832-4882-4f54-8302-73ba37143ea0','en'),(2,2,'ds_mce_vars','e5903ccc-1e2c-49cf-954f-dd042894ae55','en'),(3,3,'ds_mce_vars','fe10e35d-240c-4049-92a7-7eaba7210085','en'),(4,4,'ds_mce_vars','2106f273-1d05-4852-b3a5-a146e4699382','en'),(5,5,'ds_mce_vars','c8b5d05e-52df-42ad-88d9-3d2c234e4e42','en');

--
-- Table structure for table `paragraphs_item_field_data`
--

CREATE TABLE `paragraphs_item_field_data` (
  `id` int(10) unsigned NOT NULL,
  `revision_id` int(10) unsigned NOT NULL,
  `type` varchar(32) CHARACTER SET ascii NOT NULL COMMENT 'The ID of the target entity.',
  `langcode` varchar(12) CHARACTER SET ascii NOT NULL,
  `status` tinyint(4) NOT NULL,
  `created` int(11) DEFAULT NULL,
  `parent_id` varchar(255) CHARACTER SET ascii DEFAULT NULL,
  `parent_type` varchar(32) CHARACTER SET ascii DEFAULT NULL,
  `parent_field_name` varchar(32) CHARACTER SET ascii DEFAULT NULL,
  `behavior_settings` longtext,
  `default_langcode` tinyint(4) NOT NULL,
  `revision_translation_affected` tinyint(4) DEFAULT NULL,
  PRIMARY KEY (`id`,`langcode`),
  KEY `paragraph__id__default_langcode__langcode` (`id`,`default_langcode`,`langcode`),
  KEY `paragraph__revision_id` (`revision_id`),
  KEY `paragraph_field__type__target_id` (`type`),
  KEY `paragraph__status_type` (`status`,`type`,`id`),
  KEY `paragraphs__parent_fields` (`parent_type`,`parent_id`,`parent_field_name`)
) ENGINE=InnoDB DEFAULT CHARSET=utf8mb4 COMMENT='The data table for paragraph entities.';

--
-- Dumping data for table `paragraphs_item_field_data`
--

INSERT INTO `paragraphs_item_field_data` VALUES (1,1,'ds_mce_vars','en',1,1611075629,'154','node','field_ds_mce_vars','a:0:{}',1,1),(2,2,'ds_mce_vars','en',1,1611075629,'154','node','field_ds_mce_vars','a:0:{}',1,1),(3,3,'ds_mce_vars','en',1,1611075658,'154','node','field_ds_mce_vars','a:0:{}',1,1),(4,4,'ds_mce_vars','en',1,1611075689,'154','node','field_ds_mce_vars','a:0:{}',1,1),(5,5,'ds_mce_vars','en',1,1611075707,'154','node','field_ds_mce_vars','a:0:{}',1,1);

--
-- Table structure for table `paragraphs_item_revision`
--

CREATE TABLE `paragraphs_item_revision` (
  `id` int(10) unsigned NOT NULL,
  `revision_id` int(10) unsigned NOT NULL AUTO_INCREMENT,
  `langcode` varchar(12) CHARACTER SET ascii NOT NULL,
  `revision_default` tinyint(4) DEFAULT NULL,
  PRIMARY KEY (`revision_id`),
  KEY `paragraph__id` (`id`)
) ENGINE=InnoDB AUTO_INCREMENT=6 DEFAULT CHARSET=utf8mb4 COMMENT='The revision table for paragraph entities.';

--
-- Dumping data for table `paragraphs_item_revision`
--

INSERT INTO `paragraphs_item_revision` VALUES (1,1,'en',1),(2,2,'en',1),(3,3,'en',1),(4,4,'en',1),(5,5,'en',1);

--
-- Table structure for table `paragraphs_item_revision_field_data`
--

CREATE TABLE `paragraphs_item_revision_field_data` (
  `id` int(10) unsigned NOT NULL,
  `revision_id` int(10) unsigned NOT NULL,
  `langcode` varchar(12) CHARACTER SET ascii NOT NULL,
  `status` tinyint(4) NOT NULL,
  `created` int(11) DEFAULT NULL,
  `parent_id` varchar(255) CHARACTER SET ascii DEFAULT NULL,
  `parent_type` varchar(32) CHARACTER SET ascii DEFAULT NULL,
  `parent_field_name` varchar(32) CHARACTER SET ascii DEFAULT NULL,
  `behavior_settings` longtext,
  `default_langcode` tinyint(4) NOT NULL,
  `revision_translation_affected` tinyint(4) DEFAULT NULL,
  PRIMARY KEY (`revision_id`,`langcode`),
  KEY `paragraph__id__default_langcode__langcode` (`id`,`default_langcode`,`langcode`),
  KEY `paragraphs__parent_fields` (`parent_type`,`parent_id`,`parent_field_name`)
) ENGINE=InnoDB DEFAULT CHARSET=utf8mb4 COMMENT='The revision data table for paragraph entities.';

--
-- Dumping data for table `paragraphs_item_revision_field_data`
--

INSERT INTO `paragraphs_item_revision_field_data` VALUES (1,1,'en',1,1611075629,'154','node','field_ds_mce_vars','a:0:{}',1,1),(2,2,'en',1,1611075629,'154','node','field_ds_mce_vars','a:0:{}',1,1),(3,3,'en',1,1611075658,'154','node','field_ds_mce_vars','a:0:{}',1,1),(4,4,'en',1,1611075689,'154','node','field_ds_mce_vars','a:0:{}',1,1),(5,5,'en',1,1611075707,'154','node','field_ds_mce_vars','a:0:{}',1,1);

--
-- Table structure for table `path_alias`
--

CREATE TABLE `path_alias` (
  `id` int(10) unsigned NOT NULL AUTO_INCREMENT,
  `revision_id` int(10) unsigned DEFAULT NULL,
  `uuid` varchar(128) CHARACTER SET ascii NOT NULL,
  `langcode` varchar(12) CHARACTER SET ascii NOT NULL,
  `path` varchar(255) DEFAULT NULL,
  `alias` varchar(255) DEFAULT NULL,
  `status` tinyint(4) NOT NULL,
  PRIMARY KEY (`id`),
  UNIQUE KEY `path_alias_field__uuid__value` (`uuid`),
  UNIQUE KEY `path_alias__revision_id` (`revision_id`),
  KEY `path_alias__status` (`status`,`id`),
  KEY `path_alias__alias_langcode_id_status` (`alias`(191),`langcode`,`id`,`status`),
  KEY `path_alias__path_langcode_id_status` (`path`(191),`langcode`,`id`,`status`)
) ENGINE=InnoDB DEFAULT CHARSET=utf8mb4 COMMENT='The base table for path_alias entities.';

--
-- Dumping data for table `path_alias`
--


--
-- Table structure for table `path_alias_revision`
--

CREATE TABLE `path_alias_revision` (
  `id` int(10) unsigned NOT NULL,
  `revision_id` int(10) unsigned NOT NULL AUTO_INCREMENT,
  `langcode` varchar(12) CHARACTER SET ascii NOT NULL,
  `path` varchar(255) DEFAULT NULL,
  `alias` varchar(255) DEFAULT NULL,
  `status` tinyint(4) NOT NULL,
  `revision_default` tinyint(4) DEFAULT NULL,
  PRIMARY KEY (`revision_id`),
  KEY `path_alias__id` (`id`)
) ENGINE=InnoDB DEFAULT CHARSET=utf8mb4 COMMENT='The revision table for path_alias entities.';

--
-- Dumping data for table `path_alias_revision`
--


--
-- Table structure for table `queue`
--

CREATE TABLE `queue` (
  `item_id` int(10) unsigned NOT NULL AUTO_INCREMENT COMMENT 'Primary Key: Unique item ID.',
  `name` varchar(255) CHARACTER SET ascii NOT NULL DEFAULT '' COMMENT 'The queue name.',
  `data` longblob COMMENT 'The arbitrary data for the item.',
  `expire` int(11) NOT NULL DEFAULT '0' COMMENT 'Timestamp when the claim lease expires on the item.',
  `created` int(11) NOT NULL DEFAULT '0' COMMENT 'Timestamp when the item was created.',
  PRIMARY KEY (`item_id`),
  KEY `name_created` (`name`,`created`),
  KEY `expire` (`expire`)
) ENGINE=InnoDB AUTO_INCREMENT=235 DEFAULT CHARSET=utf8mb4 COMMENT='Stores items in queues.';

--
-- Dumping data for table `queue`
--


--
-- Table structure for table `router`
--

CREATE TABLE `router` (
  `name` varchar(255) CHARACTER SET ascii NOT NULL DEFAULT '' COMMENT 'Primary Key: Machine name of this route',
  `path` varchar(255) NOT NULL DEFAULT '' COMMENT 'The path for this URI',
  `pattern_outline` varchar(255) NOT NULL DEFAULT '' COMMENT 'The pattern',
  `fit` int(11) NOT NULL DEFAULT '0' COMMENT 'A numeric representation of how specific the path is.',
  `route` longblob COMMENT 'A serialized Route object',
  `number_parts` smallint(6) NOT NULL DEFAULT '0' COMMENT 'Number of parts in this router path.',
  PRIMARY KEY (`name`),
  KEY `pattern_outline_parts` (`pattern_outline`(191),`number_parts`)
) ENGINE=InnoDB DEFAULT CHARSET=utf8mb4 COMMENT='Maps paths to various callbacks (access, page and title)';

--
-- Dumping data for table `router`
--



--
-- Table structure for table `search_dataset`
--

CREATE TABLE `search_dataset` (
  `sid` int(10) unsigned NOT NULL DEFAULT '0' COMMENT 'Search item ID, e.g. node ID for nodes.',
  `langcode` varchar(12) CHARACTER SET ascii NOT NULL DEFAULT '' COMMENT 'The languages.langcode of the item variant.',
  `type` varchar(64) CHARACTER SET ascii NOT NULL COMMENT 'Type of item, e.g. node.',
  `data` longtext NOT NULL COMMENT 'List of space-separated words from the item.',
  `reindex` int(10) unsigned NOT NULL DEFAULT '0' COMMENT 'Set to force node reindexing.',
  PRIMARY KEY (`sid`,`langcode`,`type`)
) ENGINE=InnoDB DEFAULT CHARSET=utf8mb4 COMMENT='Stores items that will be searched.';

--
-- Dumping data for table `search_dataset`
--

INSERT INTO `search_dataset` VALUES (1,'en','node_search',' the biomebgcmuso projects database management system 60 the biomebgcmuso projects database management system 60 the main aim of biomebgcmuso projects database management system 6 homepage is to support users to share and manage various online biomebgcmuso ecosystem modelling investigations  like as single run carbon multiple run monte carlo experiments and sensitivity analysis mce sa registered users are authorized to upload files and retrieve information from the biomebgcmuso projects database for registration inquiries please contact ferenc horvath horvathferenc at okologiamtahu zoltan barcza bzoli at eltehu or dora ittzes dorakra at gmailcom  ferenc horvath zoltan barcza dora ittzes are working for the agromo project acknowledgements the development of biomebgcmuso projects database management system 6 was funded by the szechenyi 2020 programme the european regional development fund and the hungarian government ginop23215201600028 admin mon 5182020 1851  ',0),(2,'en','node_search',' hegyhatsal 19012016 input for bbgcmuso6 hegyhatsal 19012016 input for bbgcmuso6 proba wed 5202020 1321 meteorological data yes huhe2 hegyhatsal example ',0),(3,'en','node_search',' co2 hegyhatsal 19002018 co2 hegyhatsal 19002018 wwwdata wed 5202020 1335 co2 data yes huhe2 hegyhatsal example ',0),(4,'en','node_search',' ndep hegyhatsal 19002018 ndep hegyhatsal 19002018 wwwdata wed 5202020 1546 ndep data yes huhe2 hegyhatsal example ',0),(5,'en','node_search',' hegyhatsal soil hegyhatsal soil admin fri 5222020 1201 soil data no yes huhe2 hegyhatsal example ',0),(6,'en','node_search',' c3 grass muso6 c3 grass muso6 proba fri 5222020 1203 epc data no yes huhe2 hegyhatsal example ',0),(7,'en','node_search',' management mowing management mowing admin fri 5222020 1213 management data no yes huhe2 hegyhatsal example ',0),(8,'en','node_search',' hegyhatsal hu  hegyhatsal hu admin mon 5252020 1343 hegyhatsal tall tower long term monitoring measurement site western hungary of regionally representative carbon dioxide mixing ratio and flux nee data in hungary yes 2480 m 4695 degrees 020dim 900 celsius 1015 celsius 50 prop huhe2 hegyhatsal example ',0),(9,'en','node_search',' huhe2 spinup ini huhe2 spinup ini admin mon 5252020 1337 spinup run yes hegyhatsal 19012016 input for bbgcmuso6 54 1961 6000 co2 hegyhatsal 19002018 ndep hegyhatsal 19002018 hegyhatsal hu  hegyhatsal soil c3 grass muso6 huhe2 hegyhatsal example ',0),(10,'en','node_search',' huhe2 normal ini huhe2 normal ini proba mon 5252020 1410 normal run yes hegyhatsal 19012016 input for bbgcmuso6 9 2007 co2 hegyhatsal 19002018 ndep hegyhatsal 19002018 hegyhatsal hu  hegyhatsal soil c3 grass muso6 management mowing huhe2 hegyhatsal example ',0),(11,'en','node_search',' output variables biomebgcmuso6  output variables biomebgcmuso6  biomebgcmuso61b33outputsxlsx on google admin tue 5262020 1629 biomebgcmuso61b33outputsxlsx ',0),(12,'en','node_search',' hhs huhe2 output hhs huhe2 output admin tue 5262020 1830 yes no ascii 2520 3009 3014 171 2502 2603 2604 2065 75 2636 2716 671 huhe2 hegyhatsal example ',0),(13,'en','node_search',' carbon first test admin huhe2 carbon first test admin huhe2 admin wed 5272020 913 yes no biomebgcmuso6 model closed 20210202 1614 20210202 1614 huhe2 spinup ini met file name hegyhatsal 19012016 input for bbgcmuso6 number of simulation years 54 first simulation year 1961 maximum number of spinup years 6000 name of the co2 file co2 hegyhatsal 19002018 name of the ndep file ndep hegyhatsal 19002018 site hegyhatsal hu  soil filename hegyhatsal soil epc filename c3 grass muso6 read more about huhe2 spinup ini huhe2 normal ini met file name hegyhatsal 19012016 input for bbgcmuso6 number of simulation years 9 first simulation year 2007 name of the co2 file co2 hegyhatsal 19002018 name of the ndep file ndep hegyhatsal 19002018 site hegyhatsal hu  soil filename hegyhatsal soil epc filename c3 grass muso6 mgm files management mowing read more about huhe2 normal ini hhs huhe2 output writing daily output ascii daily output 2520 3009 3014 171 2502 2603 2604 2065 75 2636 2716 671  ',0),(14,'en','node_search',' biomebgcmuso6 model biomebgcmuso6 model admin wed 5272020 2105 official website  http agromoagrarmtahu bbgc  complete list of output variables for biomebgcmuso v6 with units excel file  user s guide for biomebgc muso v6 pdf  current version 61beta33 epc parameters output variables biomebgcmuso6  ',0),(15,'en','node_search',' mortality test mortality test admin mon 6012020 1235 other input data yes no  ',0),(16,'en','node_search',' mortality test2 mortality test2 admin mon 6012020 1242 other input data yes no  ',0),(17,'en','node_search',' onday test onday test admin mon 6012020 1242 other input data yes no  ',0),(19,'en','node_search',' csv generating from project outputs csv generating from project outputs admin wed 6172020 1428 generate csvfiles from project outputs dayout annout annavgout monavgout and output parameters in project directory input parameter project title  dr8 muso6 web csvgenerate project carbon  ',0),(20,'en','node_search',' data protection data protection cookies on this website this site like many others uses small files called cookies to help us customise your experience find out more about cookies and how you can control them what are cookies  cookies are small text files that are stored by the browser for example internet explorer or safari on your computer or mobile phone they allow websites to store things like user preferences you can think of cookies as providing a memory for the website so that it can recognise you when you come back and respond appropriately how does this website use cookies  a visit to a page on the website may generate the following types of cookie site performance cookies anonymous analytics cookies registration cookies site performance cookies this type of cookie remembers your preferences for tools found on the website so you don t have to reset them each time you visit anonymous analytics cookies every time someone visits our website software provided by another organisation generates an anonymous analytics cookie these cookies can tell us whether or not you have visited the site before your browser will tell us if you have these cookies and if you don t we generate new ones this allows us to track how many individual users we have and how often they visit the site unless you are signed in we cannot use these cookies to identify individuals we use them to gather statistics for example the number of visits to a page if you are logged in we will also know the details you gave to us for this such as your username and email address registration cookies when you register we generate cookies that let us know whether you are signed in or not our servers use these cookies to work out which account you are signed in with and if you are allowed access to a particular service admin tue 6232020 1034  ',0),(21,'en','node_search',' how to create and run projects how to create and run projects admin tue 6232020 1727 when using biomebgcmuso projects database management system 6 you create projects types of projects carbon project for a single run the bbgc carbon executes a simulation run which consists of a so called  spinup  and  normal  simulation phases pipelined for detailed description about simulation requirements see user s guide for biomebgc muso v6 pdf   general information basic information about how to use the bbgcdb system how to add or edit contents and about content forms project creation 1 preparation to create a simulation project you need previously created spinup ini set normal ini set and output set  you can use your own sets from database shared and even unshared or other users shared sets if you find none of the uploaded sets appropriate you can create new ones ini sets like projects are also combined from previously uploaded inputs so to create ini sets you can select input items from database or create new ones 2 add project 3 execute project ',0),(22,'en','node_search',' preparation preparation admin tue 6232020 1753 to create a project you need previously created spinup ini set normal ini set and output set  you can use your own sets from database shared and even unshared or other users shared sets if you find none of the uploaded sets appropriate you can create new ones ini sets like projects are also combined from previously uploaded inputs so to create ini sets you can select input items from database or create new ones before adding new input or output set it is recommended to check previously uploaded data ini sets before creating a project you need to follow the next steps check if input files you want to use in your project are already uploaded to database use input data menu item  mandatory meteorological soil and epc input files  optional co2 ndep management or other files for mortality conductance groundwater onday and offday settings check if site  section site in ini set with appropriate parameters is in the database use sites menu item if you want to use conditional management strategies  check it in input data menu item  conditional management strategies tab if any of the above is missing you have to add new input file site or conditional management strategies detailed instructions are found below how to create them if all of the necessary inputs are in the database you can manage your initialisation sets which determines the simulation check if spinup and normal ini sets are already in the database it is possible in case of all of the necessary inputs were previously uploaded use ini sets menu item if any of them is missing you have to create new input set detailed instructions are found below about it note that other files are not included in ini sets so you can use them directly in project creation output sets output set is for output control daily and annual output sections in ini sets you need to check if the output set you want to use in your simulation is in the database  output sets menu item if it is missing you have to create new output set detailed instructions are found below about it  ',0),(23,'en','node_search',' input files input files admin tue 6232020 1754 before adding a new input file read general information default data are  meteorology   epc   soil   co2   ndep   management input types are required for a bbgc simulation meteorological co2 ndep soil epc management other mortality conductance groundwater onday offday  input file requirements for detailed notes see user s guide for biomebgc muso v6 pdf   do not use nonascii characters in your input files  meteorological data the file can contain any number of header lines followed by numeric values for the meteorological data the file can contain long meteorological data file covering many years and the model will use the appropriate years if model run is initiated for a subset of years use first simulation year field in project creation 9 values are required for each day year yday tmax tmin tday prcp vpd srad daylen the file can contain any number of years of data and each year must have exactly 365 days except the last one with one line of data per day and no separations between years we suggest eliminating december 31 of a leap year last year can be shorter than 365 days truncated year you have to use the  mtc43  or txt extension for file name co2 and ndep data these files must have one line for each simulation year the first value on the line is the year and the second value is the co2 concentration and or ndeposition data these files can contain long co2 ndep data file covering many years and the model will use the appropriate years if model run is initiated for a subset of years like meteorological data you have to use the  txt extension for file name soil and epc data see user s guide for biomebgc muso v6 pdf  you have to use the  soi epc  or txt extensions for file name management data contrary to other input data you should not upload mgm file  instead of it you have to provide managment files for planting thinning mowing grazing harvesting ploughing fertilizing irrigating do not use input file field  instead of input file field you have to use management files field for upload you have to upload all required management files together you have to use the  plt thn mow grz hrv plg frz irr extensions for file name other data in order to enable more realistic simulation in special cases see user s guide  mortality conductance groundwater onday and offday data the filenames are fixed  mortalityspinuptxt mortalitytransienttxt mortalitynormaltxt conductancespinuptxt conductancetransienttxt conductancenormaltxt groundwaterspinuptxt groundwaternormaltxt ondayspinup ondaytransienttxt ondaynormaltxt offdayspinup offdaytransienttxt offdaynormaltxt you can upload only one file per input data you have to use the  txt extension for file name other data mortality and conductance these files must have one line for each simulation year the first value on the line is the year and the second value is the mortality and or stomatal conductance data note that unlike co2 and ndep file the current model version does not take into account the year field in the mortalitytxt or conductancetxt file for the first year of the simulation the first line is used regardless of the value of the year field for the second year the second line is used etc if external file s are provided by the user the settings of whole plant mortality and or maximum stomatal conductance within the epc file are ignored by the model during the spinup transient and the normal phase of the simulation the model can either use constant mortality and stomatal conductance or it can read annually varying mortality and or conductance defined by a text file other data groundwater these files must have one line for each day of each simulation year the first value on the line is the day of year then groundwater depth in meters positive value for the given day note that in the other external files the first column is typically the year so this file format is a special one during the spinup and transient phase of the simulation the model can only use daily average data for one typical simulation year defined by a text file groundwaterspinuptxt  it must contain data exactly for 365 days  365 lines during the normal phase of the simulation the model can read daily groundwater information defined by another external text file groundwaternormaltxt note that the current model version does not take into account the day of year field in the file for the first day of the simulation the first line is used regardless of the value of the day field for the second day the second line is used etc you should check whether the length of the groundwater file is in accordance with the length of the normal simulation the length must have 365 number of simulation years other data onday and offday the structure of these files is the same as the structure of the co2 and ndep file note that the current model version does not take into account the year field in the txt file similar to conductance and mortality files during the spinup transient and the normal phase of the simulation the model can either use constant onday and or offday or it can read annually varying onday and or offday defined by a text file  ',0),(24,'en','node_search',' site data site data admin fri 6262020 1542 before adding a new site read general information default site is  hegyhatsal hu   site data is the section site of ini file it contains fix data of a geographical location elevation latitude in decimal degrees shortwave albedo for bare soil mean annual air temperature celsius mean annual air temperature range celsius proportion of ammonium flux of natural reactive nitrogen deposition all of the above parameters are required if no data available you can fill fields with the recommended data  ',0),(25,'en','node_search',' conditional management strategies conditional management strategies admin tue 6302020 1219 before adding a new conditional management strategies read general information conditional management strategies is a section of ini file this section is included to support implementation of different management strategies but not in the usual way which means that management action happens on a predefined day the usual management activities are defined in a separate management file but instead if a particular condition is met in case of grasslands conditional mowing happens if the leaf area index of the grass reaches a threshold value fixed value of the lai before mowing the extent of the mowing is determined by the fixed value of the lai after mowing parameter conditional irrigation occurs if the soil moisture content of the simulated soil decreases below a threshold value this critical value can be set by the critical soil water content ratio or the soil moisture stress parameter the irrigated amount of water is determined by the soil water content ratio of the root zone after conditional irrigation parameter  ',0),(26,'en','node_search',' initialization file ini set  initialization file ini set admin tue 6302020 1249 before adding a new ini set read general information  default sets are  huhe2 spinup ini   huhe2 normal ini  for detailed notes see user s guide for biomebgc muso v6 pdf   to create an input set you need previously uploaded input files and site data mandatory meteorological soil epc input files site data optional co2 ndep management files conditional management strategies below general fields ini set form follows the sections of ini files some of the sections is missing or incomplete these missing parameters are calculated or constants please pay attention the number of years in input files and the number of simulation years starting from biomebgcmuso 60 the model uses the year information of meteorological co2 and ndep files for the simulation it means that you can use a long meteorological co2 ndep data file covering many years and the model will use the appropriate years if model run is initiated for a subset of years the interval determined by the first simulation year and the number of simulation years must fit equal or shorter the year range of input files  file fields  the files have to be uploaded before through input file content type in this form you can refer them in autocomplete text fields  read about it in general information  simulationcontrol box is the correspondingly named section of ini file ignore it if default settings are acceptable for you it is enough to set a new value for those fields which have to be changed ignore the others to display the default settings and editable fields click the box title  ',0),(27,'en','node_search',' general information general information admin tue 6302020 1603 check database before adding new content especially input file site ini set and output set it is recommended to check previously uploaded data to avoid filling the database with redundant data use content list pages in main navigation menu  for testing purposes temporal data can be created see below  add new content projects ini sets input files etc are content in the database creating new project input etc means adding new content any content can be created by clicking add content    content type  or use add content type  button is on the top of content list pages like inputs   ini sets   add ini set in main navigation menu uploaded input and output contents can be used any times edit existing content any content can be edited by its owner use edit tab on the top of content page or use edit button on content list pages like inputs   ini sets in main navigation menu  delete content contents which are not referred by another content can be deleted by its owner there is a delete link at the bottom of the editing form or use delete button on content list pages like inputs   ini sets in main navigation menu  notes editing and deleting can be restricted if the content is referred by another content eg you are not allowed to delete an input file or change uploaded file when an ini set refers it about content forms help you can find general information and help link on the top of the content forms help contains special requirements to the form fields can have help text or link to available items see below  mandatory fields fields with  are required without you can leave it empty general fields title or name field is used in later selections for example an ini set name is used in project generation all content types have a share with others button to make it public or not shared content can be seen and used by other users unshared is available only for the owner note that if a shared content is used by another user it can not be make unshared when learning the system or testing some settings temporal data can be made using this option the content will be automatically deleted after 2 weeks please do not forget to use it when testing content types which can be referred have tags field  tags are optional but make search simpler and connect coherent inputs to each other all content types have a description field  it is optional but can be useful for other users ignore about text formats link below it automplete fields select fields can be select list if there are a few options or autocomplete text fields  if field is autocomplete begin to type the name id or the filename if it has of the desired item and select it from appearing options below autocomplete text fields there is a help link where available items are listed eg input files sites tags etc the list can be filtered by any tags words in name description filename or owner these dialog boxes are only for finding items but cannot be used for clicking it after closing the box you have to type the name of selected item into the field  example inputs can be filtered in dialog boxes these are tested inputs recommended to use save save content hit save button at the bottom of the page after saving the content it can be edited later if necessary temporal and example contents temporal content for learning or testing purposes please check temporal data field  see above example content if a content is recommended to use for other users add the tag example in tags field  these contents cannot be deleted and can be filtered in dialog boxes used in autocomplete fields see above  ',0),(28,'en','node_search',' output set output set admin tue 6302020 2033 before adding a new output set read general information  default set is  hhs huhe2 output output set is the output control daily and annual output sections of ini set only the normal phase will write output files with prefix out  outdayout outannout outmonavgout outannavgout  both phases write log file  spinuplog outlog  selection fields writing type of output file output determine which output files to write during normal simulation options none to not write  binary to write in binary output file 1 ascii to write in ascii output file 2 ascii file can easily be read directly by any text editor so it is recommended to use this one daily and annual output fields appear only if at least one output type selected to write using daily annual parameters to add parameter type its index list of all muso6 parameters is available from help link below field or from menu to search in paramater list use ctrl f  ',0),(29,'en','node_search',' add project add project admin wed 7012020 1731 before adding a new project read general information the bbgc carbon executes a simulation run which consists of a so called  spinup  and  normal  simulation phases pipelined for detailed description about simulation requirements see user s guide for biomebgc muso v6 pdf   to create a new project you need previously created inputs mandatory spinup ini set normal ini set output set optional other files mortality conductance groundwater onday offday  below general fields name share description project form contains autocomplete fields for selecting mandatory and optional elements see general information about autocomplete fields it is recommended to select spinup and normal ini sets with the same site and usually with the same meteorology epc and soil file in order to enable more realistic simulation extra files can be added to the project since these files are not included in ini sets you have to add them directly to the project unlimited number of files can be selected the current model version does not take into account the year or day field in the file for the first year day of the simulation the first line is used regardless of the value of the year day field  mortality conductance onday and offday files  spinup transient and normal phase annual data the number of years in file have to be equal or longer than the number of simulation years groundwater file  spinup and normal phase daily data spinup it must contain data exactly for 365 days always 365 lines normal you should check whether the length of the groundwater file is in accordance with the length of the normal simulation  ',0),(30,'en','node_search',' execute project execute project admin thu 7022020 1259 execute after saving a project at the top of the project page a new button appears  execute button  just clicking this button the simulation immediately starts if it finished you can see the results by clicking link to the result directory link this directory contains the ini sets optional input files and all of the results of the simulation these can be downloaded one by one project status each project have a status field which is automatically created and changed the project status can be checked on project page or on the list of projects in menu planned the project saved but not executed in progress the project is running closed the project has finished aborted error occured list of files in the result directory created before simulation spinupini normalini mgm if management txt if mortality conductance etc outputparameters binary file text editors cannot read it created by simulation spinuplog outlog out dayout monavgout annavgout annout results of simulation the results depend on the output set which output types were selected the results can be ascii or binary files also depending on the output set  if simulation failed there are many reasons of project error error in the bbgcdb system result nothing happens or aborted project status incompatible inputs or wrong input files result the project has directory but there is not any results or empty results in it other it is useful in finding the error to check project status and result directory mainly spinuplog or outputlog if you can not find out what happened contact the system maintainer other possibilities in methods menu item there is a list of available methods executable on closed projects methods can be filtered on which project type it is applied click on link to start link select the project and add other parameters if needed and start the method by clicking start button  ',0),(31,'en','node_search',' yearday to start new growth when phenology flag   yearday to start new growth when phenology flag  anonymous fri 1152021 1945 9  ',0),(32,'en','node_search',' yearday to end litterfall when phenology flag   yearday to end litterfall when phenology flag  anonymous fri 1152021 1945 10  ',0),(33,'en','node_search',' transfer growth period as fraction of growing season when transfergddflag   transfer growth period as fraction of growing season when transfergddflag  anonymous fri 1152021 1945 11  ',0),(34,'en','node_search',' litterfall as fraction of growing season when transfergddflag   litterfall as fraction of growing season when transfergddflag  anonymous fri 1152021 1945 12  ',0),(35,'en','node_search',' base temperature base temperature anonymous fri 1152021 1945 13  ',0),(36,'en','node_search',' minimum temperature for growth displayed on current day 9999 no tdependence  minimum temperature for growth displayed on current day 9999 no tdependence anonymous fri 1152021 1945 14  ',0),(37,'en','node_search',' optimal1 temperature for growth displayed on current day 9999 no tdependence  optimal1 temperature for growth displayed on current day 9999 no tdependence anonymous fri 1152021 1945 15  ',0),(38,'en','node_search',' optimal2 temperature for growth displayed on current day 9999 no tdependence  optimal2 temperature for growth displayed on current day 9999 no tdependence anonymous fri 1152021 1945 16  ',0),(39,'en','node_search',' maxmimum temperature for growth displayed on current day 9999 no tdependence  maxmimum temperature for growth displayed on current day 9999 no tdependence anonymous fri 1152021 1945 17  ',0),(40,'en','node_search',' minimum temperature for carbon assimilation on current day 9999 no tdependence  minimum temperature for carbon assimilation on current day 9999 no tdependence anonymous fri 1152021 1945 18  ',0),(41,'en','node_search',' optimal1 temperature for carbon assimilation on current day 9999 no tdependence  optimal1 temperature for carbon assimilation on current day 9999 no tdependence anonymous fri 1152021 1945 19  ',0),(42,'en','node_search',' optimal2 temperature for carbon assimilation on current day 9999 no tdependence  optimal2 temperature for carbon assimilation on current day 9999 no tdependence anonymous fri 1152021 1945 20  ',0),(43,'en','node_search',' maxmimum temperature for carbon assimilation on current day 9999 no tdependence  maxmimum temperature for carbon assimilation on current day 9999 no tdependence anonymous fri 1152021 1945 21  ',0),(44,'en','node_search',' annual leaf and fine root turnover fraction annual leaf and fine root turnover fraction anonymous fri 1152021 1945 22  ',0),(45,'en','node_search',' annual live wood turnover fraction annual live wood turnover fraction anonymous fri 1152021 1945 23  ',0),(46,'en','node_search',' annual fire mortality fraction annual fire mortality fraction anonymous fri 1152021 1945 24  ',0),(47,'en','node_search',' wholeplant mortality fraction in vegetation period wholeplant mortality fraction in vegetation period anonymous fri 1152021 1945 25  ',0),(48,'en','node_search',' c n of leaves c n of leaves anonymous fri 1152021 1945 26  ',0),(49,'en','node_search',' c n of leaf litter c n of leaf litter anonymous fri 1152021 1945 27  ',0),(50,'en','node_search',' c n of fine roots c n of fine roots anonymous fri 1152021 1945 28  ',0),(51,'en','node_search',' c n of fruit c n of fruit anonymous fri 1152021 1945 29  ',0),(52,'en','node_search',' c n of soft stem c n of soft stem anonymous fri 1152021 1945 30  ',0),(53,'en','node_search',' c n of live wood c n of live wood anonymous fri 1152021 1945 31  ',0),(54,'en','node_search',' c n of dead wood c n of dead wood anonymous fri 1152021 1945 32  ',0),(55,'en','node_search',' dry matter carbon content of leaves dry matter carbon content of leaves anonymous fri 1152021 1945 33  ',0),(56,'en','node_search',' dry matter carbon content of leaf litter dry matter carbon content of leaf litter anonymous fri 1152021 1945 34  ',0),(57,'en','node_search',' dry matter carbon content of fine roots dry matter carbon content of fine roots anonymous fri 1152021 1945 35  ',0),(58,'en','node_search',' dry matter carbon content of fruit dry matter carbon content of fruit anonymous fri 1152021 1945 36  ',0),(59,'en','node_search',' dry matter carbon content of soft stem dry matter carbon content of soft stem anonymous fri 1152021 1945 37  ',0),(60,'en','node_search',' dry matter carbon content of live wood dry matter carbon content of live wood anonymous fri 1152021 1945 38  ',0),(61,'en','node_search',' dry matter carbon content of dead wood dry matter carbon content of dead wood anonymous fri 1152021 1945 39  ',0),(62,'en','node_search',' leaf litter labile proportion leaf litter labile proportion anonymous fri 1152021 1945 40  ',0),(63,'en','node_search',' leaf litter cellulose proportion leaf litter cellulose proportion anonymous fri 1152021 1945 41  ',0),(64,'en','node_search',' fine root labile proportion fine root labile proportion anonymous fri 1152021 1945 42  ',0),(65,'en','node_search',' fine root cellulose proportion fine root cellulose proportion anonymous fri 1152021 1945 43  ',0),(66,'en','node_search',' fruit litter labile proportion fruit litter labile proportion anonymous fri 1152021 1945 44  ',0),(67,'en','node_search',' fruit litter cellulose proportion fruit litter cellulose proportion anonymous fri 1152021 1945 45  ',0),(68,'en','node_search',' soft stem litter labile proportion soft stem litter labile proportion anonymous fri 1152021 1945 46  ',0),(69,'en','node_search',' soft stem litter cellulose proportion soft stem litter cellulose proportion anonymous fri 1152021 1945 47  ',0),(70,'en','node_search',' dead wood cellulose proportion dead wood cellulose proportion anonymous fri 1152021 1945 48  ',0),(71,'en','node_search',' canopy water interception coefficient canopy water interception coefficient anonymous fri 1152021 1945 49  ',0),(72,'en','node_search',' canopy light extinction coefficient canopy light extinction coefficient anonymous fri 1152021 1945 50  ',0),(73,'en','node_search',' potential radiation use efficiency potential radiation use efficiency anonymous fri 1152021 1945 51  ',0),(74,'en','node_search',' radiation parameter1 jiang et al2015  radiation parameter1 jiang et al2015 anonymous fri 1152021 1945 52  ',0),(75,'en','node_search',' radiation parameter2 jiang et al2015  radiation parameter2 jiang et al2015 anonymous fri 1152021 1945 53  ',0),(76,'en','node_search',' allsided to projected leaf area ratio allsided to projected leaf area ratio anonymous fri 1152021 1945 54  ',0),(77,'en','node_search',' ratio of shaded sla sunlit sla ratio of shaded sla sunlit sla anonymous fri 1152021 1945 55  ',0),(78,'en','node_search',' fraction of leaf n in rubisco fraction of leaf n in rubisco anonymous fri 1152021 1945 56  ',0),(79,'en','node_search',' fraction of leaf n in pep carboxylase fraction of leaf n in pep carboxylase anonymous fri 1152021 1945 57  ',0),(80,'en','node_search',' maximum stomatal conductance projected area basis  maximum stomatal conductance projected area basis anonymous fri 1152021 1945 58  ',0),(81,'en','node_search',' cuticular conductance projected area basis  cuticular conductance projected area basis anonymous fri 1152021 1945 59  ',0),(82,'en','node_search',' boundary layer conductance projected area basis  boundary layer conductance projected area basis anonymous fri 1152021 1945 60  ',0),(83,'en','node_search',' maximum height of plant maximum height of plant anonymous fri 1152021 1945 61  ',0),(84,'en','node_search',' stem weight corresponding to maximum height stem weight corresponding to maximum height anonymous fri 1152021 1945 62  ',0),(85,'en','node_search',' plant height function shape parameter slope  plant height function shape parameter slope anonymous fri 1152021 1945 63  ',0),(86,'en','node_search',' maximum depth of rooting zone maximum depth of rooting zone anonymous fri 1152021 1945 64  ',0),(87,'en','node_search',' root distribution parameter root distribution parameter anonymous fri 1152021 1945 65  ',0),(88,'en','node_search',' root weight corresponding to max root depth root weight corresponding to max root depth anonymous fri 1152021 1945 66  ',0),(89,'en','node_search',' root depth function shape parameter slope  root depth function shape parameter slope anonymous fri 1152021 1945 67  ',0),(90,'en','node_search',' root weight to rooth length conversion factor root weight to rooth length conversion factor anonymous fri 1152021 1945 68  ',0),(91,'en','node_search',' growth resp per unit of c grown growth resp per unit of c grown anonymous fri 1152021 1945 69  ',0),(92,'en','node_search',' maintenance respiration in kgc day per kg of tissue n maintenance respiration in kgc day per kg of tissue n anonymous fri 1152021 1945 70  ',0),(93,'en','node_search',' theoretical maximum prop of nonstructural and structural carbohydrates theoretical maximum prop of nonstructural and structural carbohydrates anonymous fri 1152021 1945 71  ',0),(94,'en','node_search',' prop of nonstructural carbohydrates available for maintanance respiration prop of nonstructural carbohydrates available for maintanance respiration anonymous fri 1152021 1945 72  ',0),(95,'en','node_search',' symbiotic asymbiotic fixation of n symbiotic asymbiotic fixation of n anonymous fri 1152021 1945 73  ',0),(96,'en','node_search',' time delay for temperature in photosynthesis acclimation time delay for temperature in photosynthesis acclimation anonymous fri 1152021 1945 74  ',0),(97,'en','node_search',' number of phenophase of germination from 1 to 7  no specific  number of phenophase of germination from 1 to 7  no specific anonymous fri 1152021 1945 77  ',0),(98,'en','node_search',' number of phenophase of emergence from 1 to 7  no specific  number of phenophase of emergence from 1 to 7  no specific anonymous fri 1152021 1945 78  ',0),(99,'en','node_search',' critical vwcratio prop to fcwp in germination critical vwcratio prop to fcwp in germination anonymous fri 1152021 1945 79  ',0),(100,'en','node_search',' number of phenophase of photoperiodic slowing effect from 1 to 7  no effect  number of phenophase of photoperiodic slowing effect from 1 to 7  no effect anonymous fri 1152021 1945 80  ',0),(101,'en','node_search',' critical photoslow daylength critical photoslow daylength anonymous fri 1152021 1945 81  ',0),(102,'en','node_search',' slope of relative photoslow development rate slope of relative photoslow development rate anonymous fri 1152021 1945 82  ',0),(103,'en','node_search',' number of phenophase of vernalization from 1 to 7  no effect  number of phenophase of vernalization from 1 to 7  no effect anonymous fri 1152021 1945 83  ',0),(104,'en','node_search',' critical vernalization temperature 1 critical vernalization temperature 1 anonymous fri 1152021 1945 84  ',0),(105,'en','node_search',' critical vernalization temperature 2 critical vernalization temperature 2 anonymous fri 1152021 1945 85  ',0),(106,'en','node_search',' critical vernalization temperature 3 critical vernalization temperature 3 anonymous fri 1152021 1945 86  ',0),(107,'en','node_search',' critical vernalization temperature 4 critical vernalization temperature 4 anonymous fri 1152021 1945 87  ',0),(108,'en','node_search',' slope of relative vernalization development rate slope of relative vernalization development rate anonymous fri 1152021 1945 88  ',0),(109,'en','node_search',' required vernalization days in vernalization development rate  required vernalization days in vernalization development rate anonymous fri 1152021 1945 89  ',0),(110,'en','node_search',' number of flowering phenophase from 1 to 70 no effect  number of flowering phenophase from 1 to 70 no effect anonymous fri 1152021 1945 90  ',0),(111,'en','node_search',' critical flowering heat stress temperature 1 critical flowering heat stress temperature 1 anonymous fri 1152021 1945 91  ',0),(112,'en','node_search',' critical flowering heat stress temperature 2 critical flowering heat stress temperature 2 anonymous fri 1152021 1945 92  ',0),(113,'en','node_search',' theoretical maximum of flowering thermal stress mortality parameter theoretical maximum of flowering thermal stress mortality parameter anonymous fri 1152021 1945 93  ',0),(114,'en','node_search',' vwc ratio to calc soil moisture limit 1 prop to fcwp  vwc ratio to calc soil moisture limit 1 prop to fcwp anonymous fri 1152021 1945 96  ',0),(115,'en','node_search',' vwc ratio to calc soil moisture limit 2 prop to satfc  vwc ratio to calc soil moisture limit 2 prop to satfc anonymous fri 1152021 1945 97  ',0),(116,'en','node_search',' minimum of soil moisture limit2 multiplicator full anoxic stress value  minimum of soil moisture limit2 multiplicator full anoxic stress value anonymous fri 1152021 1945 98  ',0),(117,'en','node_search',' vapor pressure deficit start of conductance reduction vapor pressure deficit start of conductance reduction anonymous fri 1152021 1945 99  ',0),(118,'en','node_search',' vapor pressure deficit complete conductance reduction vapor pressure deficit complete conductance reduction anonymous fri 1152021 1945 100  ',0),(119,'en','node_search',' maximum senescence mortality coefficient of aboveground plant material maximum senescence mortality coefficient of aboveground plant material anonymous fri 1152021 1945 101  ',0),(120,'en','node_search',' maximum senescence mortality coefficient of belowground plant material maximum senescence mortality coefficient of belowground plant material anonymous fri 1152021 1945 102  ',0),(121,'en','node_search',' maximum senescence mortality coefficient of nonstructured plant material maximum senescence mortality coefficient of nonstructured plant material anonymous fri 1152021 1945 103  ',0),(122,'en','node_search',' lower limit extreme high temperature effect on senescence mortality lower limit extreme high temperature effect on senescence mortality anonymous fri 1152021 1945 104  ',0),(123,'en','node_search',' upper limit extreme high temperature effect on senescence mortality upper limit extreme high temperature effect on senescence mortality anonymous fri 1152021 1945 105  ',0),(124,'en','node_search',' turnover rate of wilted standing biomass to litter turnover rate of wilted standing biomass to litter anonymous fri 1152021 1945 106  ',0),(125,'en','node_search',' turnover rate of nonwoody cutdown biomass to litter turnover rate of nonwoody cutdown biomass to litter anonymous fri 1152021 1945 107  ',0),(126,'en','node_search',' turnover rate of woody cutdown biomass to litter turnover rate of woody cutdown biomass to litter anonymous fri 1152021 1945 108  ',0),(127,'en','node_search',' drought tolerance parameter critical value of dsws  drought tolerance parameter critical value of dsws anonymous fri 1152021 1945 109  ',0),(128,'en','node_search',' effect of soilstress factor on photosynthesis 1 full effect  no effect  effect of soilstress factor on photosynthesis 1 full effect  no effect anonymous fri 1152021 1945 110  ',0),(129,'en','node_search',' crit amount of snow limiting photosyn crit amount of snow limiting photosyn anonymous fri 1152021 1945 113  ',0),(130,'en','node_search',' limit1 under full constrained of heatsum index limit1 under full constrained of heatsum index anonymous fri 1152021 1945 114  ',0),(131,'en','node_search',' limit2 above unconstrained of heatsum index limit2 above unconstrained of heatsum index anonymous fri 1152021 1945 115  ',0),(132,'en','node_search',' limit1 under full constrained of tmin index limit1 under full constrained of tmin index anonymous fri 1152021 1945 116  ',0),(133,'en','node_search',' limit2 above unconstrained of tmin index limit2 above unconstrained of tmin index anonymous fri 1152021 1945 117  ',0),(134,'en','node_search',' limit1 above full constrained of vpd index limit1 above full constrained of vpd index anonymous fri 1152021 1945 118  ',0),(135,'en','node_search',' limit2 under unconstrained of vpd index limit2 under unconstrained of vpd index anonymous fri 1152021 1945 119  ',0),(136,'en','node_search',' limit1 under full constrained of daylength index limit1 under full constrained of daylength index anonymous fri 1152021 1945 120  ',0),(137,'en','node_search',' limit2 above unconstrained of daylength index limit2 above unconstrained of daylength index anonymous fri 1152021 1945 121  ',0),(138,'en','node_search',' moving average to avoid the effects of extreme events  moving average to avoid the effects of extreme events anonymous fri 1152021 1945 122  ',0),(139,'en','node_search',' gsi limit1 greater that limit start of vegper  gsi limit1 greater that limit start of vegper anonymous fri 1152021 1945 123  ',0),(140,'en','node_search',' gsi limit2 less that limit end of vegper  gsi limit2 less that limit end of vegper anonymous fri 1152021 1945 127  ',0),(141,'en','node_search',' length of phenophase gdd  length of phenophase gdd anonymous fri 1152021 1945 128  ',0),(142,'en','node_search',' leaf allocation leaf allocation anonymous fri 1152021 1945 129  ',0),(143,'en','node_search',' fine root allocation fine root allocation anonymous fri 1152021 1945 130  ',0),(144,'en','node_search',' fruit allocation fruit allocation anonymous fri 1152021 1945 131  ',0),(145,'en','node_search',' soft stem allocation soft stem allocation anonymous fri 1152021 1945 132  ',0),(146,'en','node_search',' live woody stem allocation live woody stem allocation anonymous fri 1152021 1945 133  ',0),(147,'en','node_search',' dead woody stem allocation dead woody stem allocation anonymous fri 1152021 1945 134  ',0),(148,'en','node_search',' live coarse root allocation live coarse root allocation anonymous fri 1152021 1945 135  ',0),(149,'en','node_search',' dead coarse root allocation dead coarse root allocation anonymous fri 1152021 1945 136  ',0),(150,'en','node_search',' canopy average specific leaf area projected area basis  canopy average specific leaf area projected area basis anonymous fri 1152021 1945 137  ',0),(151,'en','node_search',' current growth proportion current growth proportion anonymous fri 1152021 1945 138  ',0),(152,'en','node_search',' maximal lifetime of plant tissue maximal lifetime of plant tissue anonymous fri 1152021 1945 139  ',0),(153,'en','node_search',' epc parameters epc parameters  bbgcmuso6epcparamsxls on google epc parameters in database admin tue 1192021 1525  ',0),(154,'en','node_search',' mce ini test mce ini test admin tue 1192021 1742 yes no name canopy average specific leaf area projected area basis minimum 30 maximum 50 phenophase s to randomise 2 5 name maximum height of plant minimum 1 maximum 10 name c n of leaves minimum 10 maximum 50 name current growth proportion minimum 1 maximum 7 phenophase s to randomise 1 3 name c n of leaf litter minimum 30 maximum 70  ',0),(155,'en','node_search',' mce project first test mce project first test admin wed 1202021 958 yes no biomebgcmuso6 model in progress 20210202 1850 20210120 1107 huhe2 spinup ini met file name hegyhatsal 19012016 input for bbgcmuso6 number of simulation years 54 first simulation year 1961 maximum number of spinup years 6000 name of the co2 file co2 hegyhatsal 19002018 name of the ndep file ndep hegyhatsal 19002018 site hegyhatsal hu  soil filename hegyhatsal soil epc filename c3 grass muso6 read more about huhe2 spinup ini huhe2 normal ini met file name hegyhatsal 19012016 input for bbgcmuso6 number of simulation years 9 first simulation year 2007 name of the co2 file co2 hegyhatsal 19002018 name of the ndep file ndep hegyhatsal 19002018 site hegyhatsal hu  soil filename hegyhatsal soil epc filename c3 grass muso6 mgm files management mowing read more about huhe2 normal ini mce ini test canopy average specific leaf area projected area basis 30 50 maximum height of plant 1 10 c n of leaves 10 50 current growth proportion 1 7 c n of leaf litter 30 70 read more about mce ini test hhs huhe2 output writing daily output ascii daily output 2520 3009 3014 171 2502 2603 2604 2065 75 2636 2716 671 100 100  ',0);

--
-- Table structure for table `search_index`
--

CREATE TABLE `search_index` (
  `word` varchar(50) NOT NULL DEFAULT '' COMMENT 'The search_total.word that is associated with the search item.',
  `sid` int(10) unsigned NOT NULL DEFAULT '0' COMMENT 'The search_dataset.sid of the searchable item to which the word belongs.',
  `langcode` varchar(12) CHARACTER SET ascii NOT NULL DEFAULT '' COMMENT 'The languages.langcode of the item variant.',
  `type` varchar(64) CHARACTER SET ascii NOT NULL COMMENT 'The search_dataset.type of the searchable item to which the word belongs.',
  `score` float DEFAULT NULL COMMENT 'The numeric score of the word, higher being more important.',
  PRIMARY KEY (`word`,`sid`,`langcode`,`type`),
  KEY `sid_type` (`sid`,`langcode`,`type`)
) ENGINE=InnoDB DEFAULT CHARSET=utf8mb4 COMMENT='Stores the search index, associating words, items and…';

--
-- Dumping data for table `search_index`
--

INSERT INTO `search_index` VALUES ('020dim',8,'en','node_search',1),('1',21,'en','node_search',15),('1',28,'en','node_search',1),('1',97,'en','node_search',27),('1',98,'en','node_search',27),('1',100,'en','node_search',27),('1',103,'en','node_search',27),('1',104,'en','node_search',27),('1',110,'en','node_search',27),('1',111,'en','node_search',27),('1',114,'en','node_search',27),('1',128,'en','node_search',27),('1',154,'en','node_search',3),('1',155,'en','node_search',2),('10',32,'en','node_search',1),('10',154,'en','node_search',2),('10',155,'en','node_search',2),('100',118,'en','node_search',1),('100',155,'en','node_search',2),('101',119,'en','node_search',1),('1015',8,'en','node_search',1),('102',120,'en','node_search',1),('103',121,'en','node_search',1),('1034',20,'en','node_search',0.882818),('104',122,'en','node_search',1),('105',123,'en','node_search',1),('106',124,'en','node_search',1),('107',125,'en','node_search',1),('108',126,'en','node_search',1),('109',127,'en','node_search',1),('11',33,'en','node_search',1),('110',128,'en','node_search',1),('1107',155,'en','node_search',1),('113',129,'en','node_search',1),('114',130,'en','node_search',1),('115',131,'en','node_search',1),('1152021',31,'en','node_search',1),('1152021',32,'en','node_search',1),('1152021',33,'en','node_search',1),('1152021',34,'en','node_search',1),('1152021',35,'en','node_search',1),('1152021',36,'en','node_search',1),('1152021',37,'en','node_search',1),('1152021',38,'en','node_search',1),('1152021',39,'en','node_search',1),('1152021',40,'en','node_search',1),('1152021',41,'en','node_search',1),('1152021',42,'en','node_search',1),('1152021',43,'en','node_search',1),('1152021',44,'en','node_search',1),('1152021',45,'en','node_search',1),('1152021',46,'en','node_search',1),('1152021',47,'en','node_search',1),('1152021',48,'en','node_search',1),('1152021',49,'en','node_search',1),('1152021',50,'en','node_search',1),('1152021',51,'en','node_search',1),('1152021',52,'en','node_search',1),('1152021',53,'en','node_search',1),('1152021',54,'en','node_search',1),('1152021',55,'en','node_search',1),('1152021',56,'en','node_search',1),('1152021',57,'en','node_search',1),('1152021',58,'en','node_search',1),('1152021',59,'en','node_search',1),('1152021',60,'en','node_search',1),('1152021',61,'en','node_search',1),('1152021',62,'en','node_search',1),('1152021',63,'en','node_search',1),('1152021',64,'en','node_search',1),('1152021',65,'en','node_search',1),('1152021',66,'en','node_search',1),('1152021',67,'en','node_search',1),('1152021',68,'en','node_search',1),('1152021',69,'en','node_search',1),('1152021',70,'en','node_search',1),('1152021',71,'en','node_search',1),('1152021',72,'en','node_search',1),('1152021',73,'en','node_search',1),('1152021',74,'en','node_search',1),('1152021',75,'en','node_search',1),('1152021',76,'en','node_search',1),('1152021',77,'en','node_search',1),('1152021',78,'en','node_search',1),('1152021',79,'en','node_search',1),('1152021',80,'en','node_search',1),('1152021',81,'en','node_search',1),('1152021',82,'en','node_search',1),('1152021',83,'en','node_search',1),('1152021',84,'en','node_search',1),('1152021',85,'en','node_search',1),('1152021',86,'en','node_search',1),('1152021',87,'en','node_search',1),('1152021',88,'en','node_search',1),('1152021',89,'en','node_search',1),('1152021',90,'en','node_search',1),('1152021',91,'en','node_search',1),('1152021',92,'en','node_search',1),('1152021',93,'en','node_search',1),('1152021',94,'en','node_search',1),('1152021',95,'en','node_search',1),('1152021',96,'en','node_search',1),('1152021',97,'en','node_search',1),('1152021',98,'en','node_search',1),('1152021',99,'en','node_search',1),('1152021',100,'en','node_search',1),('1152021',101,'en','node_search',1),('1152021',102,'en','node_search',1),('1152021',103,'en','node_search',1),('1152021',104,'en','node_search',1),('1152021',105,'en','node_search',1),('1152021',106,'en','node_search',1),('1152021',107,'en','node_search',1),('1152021',108,'en','node_search',1),('1152021',109,'en','node_search',1),('1152021',110,'en','node_search',1),('1152021',111,'en','node_search',1),('1152021',112,'en','node_search',1),('1152021',113,'en','node_search',1),('1152021',114,'en','node_search',1),('1152021',115,'en','node_search',1),('1152021',116,'en','node_search',1),('1152021',117,'en','node_search',1),('1152021',118,'en','node_search',1),('1152021',119,'en','node_search',1),('1152021',120,'en','node_search',1),('1152021',121,'en','node_search',1),('1152021',122,'en','node_search',1),('1152021',123,'en','node_search',1),('1152021',124,'en','node_search',1),('1152021',125,'en','node_search',1),('1152021',126,'en','node_search',1),('1152021',127,'en','node_search',1),('1152021',128,'en','node_search',1),('1152021',129,'en','node_search',1),('1152021',130,'en','node_search',1),('1152021',131,'en','node_search',1),('1152021',132,'en','node_search',1),('1152021',133,'en','node_search',1),('1152021',134,'en','node_search',1),('1152021',135,'en','node_search',1),('1152021',136,'en','node_search',1),('1152021',137,'en','node_search',1),('1152021',138,'en','node_search',1),('1152021',139,'en','node_search',1),('1152021',140,'en','node_search',1),('1152021',141,'en','node_search',1),('1152021',142,'en','node_search',1),('1152021',143,'en','node_search',1),('1152021',144,'en','node_search',1),('1152021',145,'en','node_search',1),('1152021',146,'en','node_search',1),('1152021',147,'en','node_search',1),('1152021',148,'en','node_search',1),('1152021',149,'en','node_search',1),('1152021',150,'en','node_search',1),('1152021',151,'en','node_search',1),('1152021',152,'en','node_search',1),('116',132,'en','node_search',1),('117',133,'en','node_search',1),('118',134,'en','node_search',1),('119',135,'en','node_search',1),('1192021',153,'en','node_search',1),('1192021',154,'en','node_search',1),('12',34,'en','node_search',1),('120',136,'en','node_search',1),('1201',5,'en','node_search',1),('1202021',155,'en','node_search',1),('1203',6,'en','node_search',1),('121',137,'en','node_search',1),('1213',7,'en','node_search',1),('1219',25,'en','node_search',1),('122',138,'en','node_search',1),('123',139,'en','node_search',1),('1235',15,'en','node_search',1),('1242',16,'en','node_search',1),('1242',17,'en','node_search',1),('1249',26,'en','node_search',1),('1259',30,'en','node_search',1),('127',140,'en','node_search',1),('128',141,'en','node_search',1),('129',142,'en','node_search',1),('13',35,'en','node_search',1),('130',143,'en','node_search',1),('131',144,'en','node_search',1),('132',145,'en','node_search',1),('1321',2,'en','node_search',1),('133',146,'en','node_search',1),('1335',3,'en','node_search',1),('1337',9,'en','node_search',1),('134',147,'en','node_search',1),('1343',8,'en','node_search',1),('135',148,'en','node_search',1),('136',149,'en','node_search',1),('137',150,'en','node_search',1),('138',151,'en','node_search',1),('139',152,'en','node_search',1),('14',36,'en','node_search',1),('1410',10,'en','node_search',1),('1428',19,'en','node_search',1),('15',37,'en','node_search',1),('1525',153,'en','node_search',1),('1542',24,'en','node_search',1),('1546',4,'en','node_search',1),('16',38,'en','node_search',1),('1603',27,'en','node_search',1),('1614',13,'en','node_search',2),('1629',11,'en','node_search',1),('17',39,'en','node_search',1),('171',12,'en','node_search',1),('171',13,'en','node_search',1),('171',155,'en','node_search',1),('1727',21,'en','node_search',1),('1731',29,'en','node_search',1),('1742',154,'en','node_search',1),('1753',22,'en','node_search',1),('1754',23,'en','node_search',1),('18',40,'en','node_search',1),('1830',12,'en','node_search',1),('1850',155,'en','node_search',1),('1851',1,'en','node_search',1),('19',41,'en','node_search',1),('19002018',3,'en','node_search',27),('19002018',4,'en','node_search',27),('19002018',9,'en','node_search',22),('19002018',10,'en','node_search',22),('19002018',13,'en','node_search',44),('19002018',155,'en','node_search',44),('19012016',2,'en','node_search',27),('19012016',9,'en','node_search',11),('19012016',10,'en','node_search',11),('19012016',13,'en','node_search',22),('19012016',155,'en','node_search',22),('1945',31,'en','node_search',1),('1945',32,'en','node_search',1),('1945',33,'en','node_search',1),('1945',34,'en','node_search',1),('1945',35,'en','node_search',1),('1945',36,'en','node_search',1),('1945',37,'en','node_search',1),('1945',38,'en','node_search',1),('1945',39,'en','node_search',1),('1945',40,'en','node_search',1),('1945',41,'en','node_search',1),('1945',42,'en','node_search',1),('1945',43,'en','node_search',1),('1945',44,'en','node_search',1),('1945',45,'en','node_search',1),('1945',46,'en','node_search',1),('1945',47,'en','node_search',1),('1945',48,'en','node_search',1),('1945',49,'en','node_search',1),('1945',50,'en','node_search',1),('1945',51,'en','node_search',1),('1945',52,'en','node_search',1),('1945',53,'en','node_search',1),('1945',54,'en','node_search',1),('1945',55,'en','node_search',1),('1945',56,'en','node_search',1),('1945',57,'en','node_search',1),('1945',58,'en','node_search',1),('1945',59,'en','node_search',1),('1945',60,'en','node_search',1),('1945',61,'en','node_search',1),('1945',62,'en','node_search',1),('1945',63,'en','node_search',1),('1945',64,'en','node_search',1),('1945',65,'en','node_search',1),('1945',66,'en','node_search',1),('1945',67,'en','node_search',1),('1945',68,'en','node_search',1),('1945',69,'en','node_search',1),('1945',70,'en','node_search',1),('1945',71,'en','node_search',1),('1945',72,'en','node_search',1),('1945',73,'en','node_search',1),('1945',74,'en','node_search',1),('1945',75,'en','node_search',1),('1945',76,'en','node_search',1),('1945',77,'en','node_search',1),('1945',78,'en','node_search',1),('1945',79,'en','node_search',1),('1945',80,'en','node_search',1),('1945',81,'en','node_search',1),('1945',82,'en','node_search',1),('1945',83,'en','node_search',1),('1945',84,'en','node_search',1),('1945',85,'en','node_search',1),('1945',86,'en','node_search',1),('1945',87,'en','node_search',1),('1945',88,'en','node_search',1),('1945',89,'en','node_search',1),('1945',90,'en','node_search',1),('1945',91,'en','node_search',1),('1945',92,'en','node_search',1),('1945',93,'en','node_search',1),('1945',94,'en','node_search',1),('1945',95,'en','node_search',1),('1945',96,'en','node_search',1),('1945',97,'en','node_search',1),('1945',98,'en','node_search',1),('1945',99,'en','node_search',1),('1945',100,'en','node_search',1),('1945',101,'en','node_search',1),('1945',102,'en','node_search',1),('1945',103,'en','node_search',1),('1945',104,'en','node_search',1),('1945',105,'en','node_search',1),('1945',106,'en','node_search',1),('1945',107,'en','node_search',1),('1945',108,'en','node_search',1),('1945',109,'en','node_search',1),('1945',110,'en','node_search',1),('1945',111,'en','node_search',1),('1945',112,'en','node_search',1),('1945',113,'en','node_search',1),('1945',114,'en','node_search',1),('1945',115,'en','node_search',1),('1945',116,'en','node_search',1),('1945',117,'en','node_search',1),('1945',118,'en','node_search',1),('1945',119,'en','node_search',1),('1945',120,'en','node_search',1),('1945',121,'en','node_search',1),('1945',122,'en','node_search',1),('1945',123,'en','node_search',1),('1945',124,'en','node_search',1),('1945',125,'en','node_search',1),('1945',126,'en','node_search',1),('1945',127,'en','node_search',1),('1945',128,'en','node_search',1),('1945',129,'en','node_search',1),('1945',130,'en','node_search',1),('1945',131,'en','node_search',1),('1945',132,'en','node_search',1),('1945',133,'en','node_search',1),('1945',134,'en','node_search',1),('1945',135,'en','node_search',1),('1945',136,'en','node_search',1),('1945',137,'en','node_search',1),('1945',138,'en','node_search',1),('1945',139,'en','node_search',1),('1945',140,'en','node_search',1),('1945',141,'en','node_search',1),('1945',142,'en','node_search',1),('1945',143,'en','node_search',1),('1945',144,'en','node_search',1),('1945',145,'en','node_search',1),('1945',146,'en','node_search',1),('1945',147,'en','node_search',1),('1945',148,'en','node_search',1),('1945',149,'en','node_search',1),('1945',150,'en','node_search',1),('1945',151,'en','node_search',1),('1945',152,'en','node_search',1),('1961',9,'en','node_search',1),('1961',13,'en','node_search',1),('1961',155,'en','node_search',1),('2',21,'en','node_search',15),('2',27,'en','node_search',0.869951),('2',28,'en','node_search',1),('2',105,'en','node_search',27),('2',112,'en','node_search',27),('2',115,'en','node_search',27),('2',154,'en','node_search',1),('20',42,'en','node_search',1),('2007',10,'en','node_search',1),('2007',13,'en','node_search',1),('2007',155,'en','node_search',1),('2020',1,'en','node_search',1),('20210120',155,'en','node_search',1),('20210202',13,'en','node_search',2),('20210202',155,'en','node_search',1),('2033',28,'en','node_search',1),('2065',12,'en','node_search',1),('2065',13,'en','node_search',1),('2065',155,'en','node_search',1),('21',43,'en','node_search',1),('2105',14,'en','node_search',1),('22',44,'en','node_search',1),('23',45,'en','node_search',1),('24',46,'en','node_search',1),('2480',8,'en','node_search',1),('25',47,'en','node_search',1),('2502',12,'en','node_search',1),('2502',13,'en','node_search',1),('2502',155,'en','node_search',1),('2520',12,'en','node_search',1),('2520',13,'en','node_search',1),('2520',155,'en','node_search',1),('26',48,'en','node_search',1),('2603',12,'en','node_search',1),('2603',13,'en','node_search',1),('2603',155,'en','node_search',1),('2604',12,'en','node_search',1),('2604',13,'en','node_search',1),('2604',155,'en','node_search',1),('2636',12,'en','node_search',1),('2636',13,'en','node_search',1),('2636',155,'en','node_search',1),('27',49,'en','node_search',1),('2716',12,'en','node_search',1),('2716',13,'en','node_search',1),('2716',155,'en','node_search',1),('28',50,'en','node_search',1),('29',51,'en','node_search',1),('3',21,'en','node_search',15),('3',106,'en','node_search',27),('3',154,'en','node_search',1),('30',52,'en','node_search',1),('30',154,'en','node_search',2),('30',155,'en','node_search',2),('3009',12,'en','node_search',1),('3009',13,'en','node_search',1),('3009',155,'en','node_search',1),('3014',12,'en','node_search',1),('3014',13,'en','node_search',1),('3014',155,'en','node_search',1),('31',23,'en','node_search',1),('31',53,'en','node_search',1),('32',54,'en','node_search',1),('33',55,'en','node_search',1),('34',56,'en','node_search',1),('35',57,'en','node_search',1),('36',58,'en','node_search',1),('365',23,'en','node_search',6.08178),('365',29,'en','node_search',1.85133),('37',59,'en','node_search',1),('38',60,'en','node_search',1),('39',61,'en','node_search',1),('4',107,'en','node_search',27),('40',62,'en','node_search',1),('41',63,'en','node_search',1),('42',64,'en','node_search',1),('43',65,'en','node_search',1),('44',66,'en','node_search',1),('45',67,'en','node_search',1),('46',68,'en','node_search',1),('4695',8,'en','node_search',1),('47',69,'en','node_search',1),('48',70,'en','node_search',1),('49',71,'en','node_search',1),('5',154,'en','node_search',1),('50',8,'en','node_search',1),('50',72,'en','node_search',1),('50',154,'en','node_search',2),('50',155,'en','node_search',2),('51',73,'en','node_search',1),('5182020',1,'en','node_search',1),('52',74,'en','node_search',1),('5202020',2,'en','node_search',1),('5202020',3,'en','node_search',1),('5202020',4,'en','node_search',1),('5222020',5,'en','node_search',1),('5222020',6,'en','node_search',1),('5222020',7,'en','node_search',1),('5252020',8,'en','node_search',1),('5252020',9,'en','node_search',1),('5252020',10,'en','node_search',1),('5262020',11,'en','node_search',1),('5262020',12,'en','node_search',1),('5272020',13,'en','node_search',1),('5272020',14,'en','node_search',1),('53',75,'en','node_search',1),('54',9,'en','node_search',1),('54',13,'en','node_search',1),('54',76,'en','node_search',1),('54',155,'en','node_search',1),('55',77,'en','node_search',1),('56',78,'en','node_search',1),('57',79,'en','node_search',1),('58',80,'en','node_search',1),('59',81,'en','node_search',1),('6',1,'en','node_search',8),('6',21,'en','node_search',4),('60',1,'en','node_search',27),('60',26,'en','node_search',1),('60',82,'en','node_search',1),('6000',9,'en','node_search',1),('6000',13,'en','node_search',1),('6000',155,'en','node_search',1),('6012020',15,'en','node_search',1),('6012020',16,'en','node_search',1),('6012020',17,'en','node_search',1),('61',83,'en','node_search',1),('6172020',19,'en','node_search',1),('61beta33',14,'en','node_search',1),('62',84,'en','node_search',1),('6232020',20,'en','node_search',0.886095),('6232020',21,'en','node_search',1),('6232020',22,'en','node_search',1),('6232020',23,'en','node_search',1),('6262020',24,'en','node_search',1),('63',85,'en','node_search',1),('6302020',25,'en','node_search',1),('6302020',26,'en','node_search',1),('6302020',27,'en','node_search',1),('6302020',28,'en','node_search',1),('64',86,'en','node_search',1),('65',87,'en','node_search',1),('66',88,'en','node_search',1),('67',89,'en','node_search',1),('671',12,'en','node_search',1),('671',13,'en','node_search',1),('671',155,'en','node_search',1),('68',90,'en','node_search',1),('69',91,'en','node_search',1),('7',97,'en','node_search',27),('7',98,'en','node_search',27),('7',100,'en','node_search',27),('7',103,'en','node_search',27),('7',154,'en','node_search',1),('7',155,'en','node_search',1),('70',92,'en','node_search',1),('70',110,'en','node_search',27),('70',154,'en','node_search',1),('70',155,'en','node_search',1),('7012020',29,'en','node_search',1),('7022020',30,'en','node_search',1),('71',93,'en','node_search',1),('72',94,'en','node_search',1),('73',95,'en','node_search',1),('74',96,'en','node_search',1),('75',12,'en','node_search',1),('75',13,'en','node_search',1),('75',155,'en','node_search',1),('77',97,'en','node_search',1),('78',98,'en','node_search',1),('79',99,'en','node_search',1),('80',100,'en','node_search',1),('81',101,'en','node_search',1),('82',102,'en','node_search',1),('83',103,'en','node_search',1),('84',104,'en','node_search',1),('85',105,'en','node_search',1),('86',106,'en','node_search',1),('87',107,'en','node_search',1),('88',108,'en','node_search',1),('89',109,'en','node_search',1),('9',10,'en','node_search',1),('9',13,'en','node_search',1),('9',23,'en','node_search',1),('9',31,'en','node_search',1),('9',155,'en','node_search',1),('90',110,'en','node_search',1),('900',8,'en','node_search',1),('91',111,'en','node_search',1),('913',13,'en','node_search',1),('92',112,'en','node_search',1),('93',113,'en','node_search',1),('958',155,'en','node_search',1),('96',114,'en','node_search',1),('97',115,'en','node_search',1),('98',116,'en','node_search',1),('99',117,'en','node_search',1),('9999',36,'en','node_search',27),('9999',37,'en','node_search',27),('9999',38,'en','node_search',27),('9999',39,'en','node_search',27),('9999',40,'en','node_search',27),('9999',41,'en','node_search',27),('9999',42,'en','node_search',27),('9999',43,'en','node_search',27),('aborted',30,'en','node_search',4.97258),('about',13,'en','node_search',22),('about',20,'en','node_search',1),('about',21,'en','node_search',3),('about',22,'en','node_search',1.94274),('about',26,'en','node_search',0.993146),('about',27,'en','node_search',19.2996),('about',29,'en','node_search',2),('about',155,'en','node_search',33),('above',22,'en','node_search',1),('above',24,'en','node_search',1),('above',27,'en','node_search',1.48139),('above',131,'en','node_search',27),('above',133,'en','node_search',27),('above',134,'en','node_search',27),('above',137,'en','node_search',27),('aboveground',119,'en','node_search',27),('acceptable',26,'en','node_search',0.961087),('access',20,'en','node_search',0.902857),('acclimation',96,'en','node_search',27),('accordance',23,'en','node_search',0.676032),('accordance',29,'en','node_search',0.902857),('account',20,'en','node_search',0.913226),('account',23,'en','node_search',2.11647),('account',29,'en','node_search',1),('acknowledgements',1,'en','node_search',4),('action',25,'en','node_search',1),('activities',25,'en','node_search',1),('add',21,'en','node_search',16),('add',22,'en','node_search',1),('add',27,'en','node_search',28.7407),('add',28,'en','node_search',1),('add',29,'en','node_search',28),('add',30,'en','node_search',0.892724),('added',29,'en','node_search',1),('adding',22,'en','node_search',1),('adding',23,'en','node_search',1),('adding',24,'en','node_search',1),('adding',25,'en','node_search',1),('adding',26,'en','node_search',1),('adding',27,'en','node_search',2),('adding',28,'en','node_search',1),('adding',29,'en','node_search',1),('address',20,'en','node_search',0.934703),('admin',1,'en','node_search',1),('admin',5,'en','node_search',1),('admin',7,'en','node_search',1),('admin',8,'en','node_search',1),('admin',9,'en','node_search',1),('admin',11,'en','node_search',1),('admin',12,'en','node_search',1),('admin',13,'en','node_search',28),('admin',14,'en','node_search',1),('admin',15,'en','node_search',1),('admin',16,'en','node_search',1),('admin',17,'en','node_search',1),('admin',19,'en','node_search',1),('admin',20,'en','node_search',0.892724),('admin',21,'en','node_search',1),('admin',22,'en','node_search',1),('admin',23,'en','node_search',1),('admin',24,'en','node_search',1),('admin',25,'en','node_search',1),('admin',26,'en','node_search',1),('admin',27,'en','node_search',1),('admin',28,'en','node_search',1),('admin',29,'en','node_search',1),('admin',30,'en','node_search',1),('admin',153,'en','node_search',1),('admin',154,'en','node_search',1),('admin',155,'en','node_search',1),('after',25,'en','node_search',2),('after',27,'en','node_search',2.38506),('after',30,'en','node_search',1),('agromo',1,'en','node_search',11),('agromoagrarmtahu',14,'en','node_search',11),('aim',1,'en','node_search',1),('air',24,'en','node_search',2),('al2015',74,'en','node_search',27),('al2015',75,'en','node_search',27),('albedo',24,'en','node_search',1),('all',22,'en','node_search',1.99731),('all',23,'en','node_search',0.882818),('all',24,'en','node_search',1),('all',27,'en','node_search',1.79462),('all',28,'en','node_search',1),('all',30,'en','node_search',1),('allocation',142,'en','node_search',27),('allocation',143,'en','node_search',27),('allocation',144,'en','node_search',27),('allocation',145,'en','node_search',27),('allocation',146,'en','node_search',27),('allocation',147,'en','node_search',27),('allocation',148,'en','node_search',27),('allocation',149,'en','node_search',27),('allow',20,'en','node_search',1),('allowed',20,'en','node_search',0.906287),('allowed',27,'en','node_search',1),('allows',20,'en','node_search',1),('allsided',76,'en','node_search',27),('already',22,'en','node_search',2),('also',20,'en','node_search',0.961087),('also',21,'en','node_search',1),('also',22,'en','node_search',1),('also',30,'en','node_search',1),('always',29,'en','node_search',0.923838),('ammonium',24,'en','node_search',1),('amount',25,'en','node_search',1),('amount',129,'en','node_search',27),('analysis',1,'en','node_search',1),('analytics',20,'en','node_search',6),('and',1,'en','node_search',4),('and',8,'en','node_search',1),('and',19,'en','node_search',1),('and',20,'en','node_search',5.84467),('and',21,'en','node_search',34),('and',22,'en','node_search',11.9572),('and',23,'en','node_search',52.4817),('and',26,'en','node_search',8.93105),('and',27,'en','node_search',19.1943),('and',28,'en','node_search',2),('and',29,'en','node_search',10.8261),('and',30,'en','node_search',4.73277),('and',44,'en','node_search',27),('and',93,'en','node_search',27),('annavgout',19,'en','node_search',1),('annavgout',30,'en','node_search',1),('annout',19,'en','node_search',1),('annout',30,'en','node_search',1),('annual',22,'en','node_search',0.957226),('annual',24,'en','node_search',2),('annual',28,'en','node_search',3),('annual',29,'en','node_search',0.968904),('annual',44,'en','node_search',27),('annual',45,'en','node_search',27),('annual',46,'en','node_search',27),('annually',23,'en','node_search',1.38487),('anonymous',20,'en','node_search',6),('anonymous',31,'en','node_search',1),('anonymous',32,'en','node_search',1),('anonymous',33,'en','node_search',1),('anonymous',34,'en','node_search',1),('anonymous',35,'en','node_search',1),('anonymous',36,'en','node_search',1),('anonymous',37,'en','node_search',1),('anonymous',38,'en','node_search',1),('anonymous',39,'en','node_search',1),('anonymous',40,'en','node_search',1),('anonymous',41,'en','node_search',1),('anonymous',42,'en','node_search',1),('anonymous',43,'en','node_search',1),('anonymous',44,'en','node_search',1),('anonymous',45,'en','node_search',1),('anonymous',46,'en','node_search',1),('anonymous',47,'en','node_search',1),('anonymous',48,'en','node_search',1),('anonymous',49,'en','node_search',1),('anonymous',50,'en','node_search',1),('anonymous',51,'en','node_search',1),('anonymous',52,'en','node_search',1),('anonymous',53,'en','node_search',1),('anonymous',54,'en','node_search',1),('anonymous',55,'en','node_search',1),('anonymous',56,'en','node_search',1),('anonymous',57,'en','node_search',1),('anonymous',58,'en','node_search',1),('anonymous',59,'en','node_search',1),('anonymous',60,'en','node_search',1),('anonymous',61,'en','node_search',1),('anonymous',62,'en','node_search',1),('anonymous',63,'en','node_search',1),('anonymous',64,'en','node_search',1),('anonymous',65,'en','node_search',1),('anonymous',66,'en','node_search',1),('anonymous',67,'en','node_search',1),('anonymous',68,'en','node_search',1),('anonymous',69,'en','node_search',1),('anonymous',70,'en','node_search',1),('anonymous',71,'en','node_search',1),('anonymous',72,'en','node_search',1),('anonymous',73,'en','node_search',1),('anonymous',74,'en','node_search',1),('anonymous',75,'en','node_search',1),('anonymous',76,'en','node_search',1),('anonymous',77,'en','node_search',1),('anonymous',78,'en','node_search',1),('anonymous',79,'en','node_search',1),('anonymous',80,'en','node_search',1),('anonymous',81,'en','node_search',1),('anonymous',82,'en','node_search',1),('anonymous',83,'en','node_search',1),('anonymous',84,'en','node_search',1),('anonymous',85,'en','node_search',1),('anonymous',86,'en','node_search',1),('anonymous',87,'en','node_search',1),('anonymous',88,'en','node_search',1),('anonymous',89,'en','node_search',1),('anonymous',90,'en','node_search',1),('anonymous',91,'en','node_search',1),('anonymous',92,'en','node_search',1),('anonymous',93,'en','node_search',1),('anonymous',94,'en','node_search',1),('anonymous',95,'en','node_search',1),('anonymous',96,'en','node_search',1),('anonymous',97,'en','node_search',1),('anonymous',98,'en','node_search',1),('anonymous',99,'en','node_search',1),('anonymous',100,'en','node_search',1),('anonymous',101,'en','node_search',1),('anonymous',102,'en','node_search',1),('anonymous',103,'en','node_search',1),('anonymous',104,'en','node_search',1),('anonymous',105,'en','node_search',1),('anonymous',106,'en','node_search',1),('anonymous',107,'en','node_search',1),('anonymous',108,'en','node_search',1),('anonymous',109,'en','node_search',1),('anonymous',110,'en','node_search',1),('anonymous',111,'en','node_search',1),('anonymous',112,'en','node_search',1),('anonymous',113,'en','node_search',1),('anonymous',114,'en','node_search',1),('anonymous',115,'en','node_search',1),('anonymous',116,'en','node_search',1),('anonymous',117,'en','node_search',1),('anonymous',118,'en','node_search',1),('anonymous',119,'en','node_search',1),('anonymous',120,'en','node_search',1),('anonymous',121,'en','node_search',1),('anonymous',122,'en','node_search',1),('anonymous',123,'en','node_search',1),('anonymous',124,'en','node_search',1),('anonymous',125,'en','node_search',1),('anonymous',126,'en','node_search',1),('anonymous',127,'en','node_search',1),('anonymous',128,'en','node_search',1),('anonymous',129,'en','node_search',1),('anonymous',130,'en','node_search',1),('anonymous',131,'en','node_search',1),('anonymous',132,'en','node_search',1),('anonymous',133,'en','node_search',1),('anonymous',134,'en','node_search',1),('anonymous',135,'en','node_search',1),('anonymous',136,'en','node_search',1),('anonymous',137,'en','node_search',1),('anonymous',138,'en','node_search',1),('anonymous',139,'en','node_search',1),('anonymous',140,'en','node_search',1),('anonymous',141,'en','node_search',1),('anonymous',142,'en','node_search',1),('anonymous',143,'en','node_search',1),('anonymous',144,'en','node_search',1),('anonymous',145,'en','node_search',1),('anonymous',146,'en','node_search',1),('anonymous',147,'en','node_search',1),('anonymous',148,'en','node_search',1),('anonymous',149,'en','node_search',1),('anonymous',150,'en','node_search',1),('anonymous',151,'en','node_search',1),('anonymous',152,'en','node_search',1),('another',20,'en','node_search',1),('another',23,'en','node_search',0.683725),('another',27,'en','node_search',2.90974),('anoxic',116,'en','node_search',27),('any',22,'en','node_search',1.99315),('any',23,'en','node_search',2),('any',27,'en','node_search',3.77923),('any',28,'en','node_search',1),('any',30,'en','node_search',0.980874),('appear',28,'en','node_search',1),('appearing',27,'en','node_search',0.792123),('appears',30,'en','node_search',1),('applied',30,'en','node_search',0.906287),('appropriate',21,'en','node_search',1),('appropriate',22,'en','node_search',2),('appropriate',23,'en','node_search',1.94583),('appropriate',26,'en','node_search',1),('appropriately',20,'en','node_search',1),('are',1,'en','node_search',12),('are',20,'en','node_search',10.698),('are',21,'en','node_search',1),('are',22,'en','node_search',7.92362),('are',23,'en','node_search',7.80404),('are',24,'en','node_search',1),('are',25,'en','node_search',1),('are',26,'en','node_search',2.96109),('are',27,'en','node_search',10.2893),('are',29,'en','node_search',1),('are',30,'en','node_search',1),('area',25,'en','node_search',1),('area',76,'en','node_search',27),('area',80,'en','node_search',27),('area',81,'en','node_search',27),('area',82,'en','node_search',27),('area',150,'en','node_search',54),('area',154,'en','node_search',2),('area',155,'en','node_search',2),('ascii',12,'en','node_search',1),('ascii',13,'en','node_search',1),('ascii',28,'en','node_search',3),('ascii',30,'en','node_search',1),('ascii',155,'en','node_search',1),('assimilation',40,'en','node_search',27),('assimilation',41,'en','node_search',27),('assimilation',42,'en','node_search',27),('assimilation',43,'en','node_search',27),('asymbiotic',95,'en','node_search',27),('attention',26,'en','node_search',1),('authorized',1,'en','node_search',1),('autocomplete',26,'en','node_search',4),('autocomplete',27,'en','node_search',5.57975),('autocomplete',29,'en','node_search',2),('automatically',27,'en','node_search',0.876337),('automatically',30,'en','node_search',1),('automplete',27,'en','node_search',12.331),('available',24,'en','node_search',1),('available',27,'en','node_search',5.06793),('available',28,'en','node_search',1),('available',30,'en','node_search',0.920273),('available',94,'en','node_search',27),('average',23,'en','node_search',0.687638),('average',138,'en','node_search',27),('average',150,'en','node_search',27),('average',154,'en','node_search',1),('average',155,'en','node_search',1),('avoid',27,'en','node_search',1),('avoid',138,'en','node_search',27),('back',20,'en','node_search',1),('barcza',1,'en','node_search',15),('bare',24,'en','node_search',1),('base',35,'en','node_search',27),('basic',21,'en','node_search',1),('basis',80,'en','node_search',27),('basis',81,'en','node_search',27),('basis',82,'en','node_search',27),('basis',150,'en','node_search',27),('basis',154,'en','node_search',1),('basis',155,'en','node_search',1),('bbgc',14,'en','node_search',11),('bbgc',21,'en','node_search',1),('bbgc',23,'en','node_search',1),('bbgc',29,'en','node_search',1),('bbgcdb',21,'en','node_search',1),('bbgcdb',30,'en','node_search',1),('bbgcmuso6',2,'en','node_search',27),('bbgcmuso6',9,'en','node_search',11),('bbgcmuso6',10,'en','node_search',11),('bbgcmuso6',13,'en','node_search',22),('bbgcmuso6',155,'en','node_search',22),('bbgcmuso6epcparamsxls',153,'en','node_search',11),('before',20,'en','node_search',1),('before',22,'en','node_search',2),('before',23,'en','node_search',1),('before',24,'en','node_search',1),('before',25,'en','node_search',2),('before',26,'en','node_search',2),('before',27,'en','node_search',1),('before',28,'en','node_search',1),('before',29,'en','node_search',1),('before',30,'en','node_search',1),('begin',27,'en','node_search',0.808176),('below',22,'en','node_search',2.94274),('below',25,'en','node_search',1),('below',26,'en','node_search',1),('below',27,'en','node_search',3.61157),('below',28,'en','node_search',1),('below',29,'en','node_search',1),('belowground',120,'en','node_search',27),('between',23,'en','node_search',1),('binary',28,'en','node_search',2),('binary',30,'en','node_search',2),('biomass',124,'en','node_search',27),('biomass',125,'en','node_search',27),('biomass',126,'en','node_search',27),('biomebgc',14,'en','node_search',11),('biomebgc',21,'en','node_search',11),('biomebgc',23,'en','node_search',21.363),('biomebgc',26,'en','node_search',11),('biomebgc',29,'en','node_search',11),('biomebgcmuso',1,'en','node_search',40),('biomebgcmuso',14,'en','node_search',11),('biomebgcmuso',21,'en','node_search',4),('biomebgcmuso',26,'en','node_search',1),('biomebgcmuso6',11,'en','node_search',27),('biomebgcmuso6',13,'en','node_search',11),('biomebgcmuso6',14,'en','node_search',38),('biomebgcmuso6',155,'en','node_search',11),('biomebgcmuso61b33outputsxlsx',11,'en','node_search',22),('both',28,'en','node_search',1),('bottom',27,'en','node_search',1.74762),('boundary',82,'en','node_search',27),('box',26,'en','node_search',1.90877),('box',27,'en','node_search',0.76188),('boxes',27,'en','node_search',4.57988),('browser',20,'en','node_search',2),('but',25,'en','node_search',2),('but',27,'en','node_search',4.74901),('but',30,'en','node_search',1.98087),('button',27,'en','node_search',6.9363),('button',30,'en','node_search',6.87957),('bzoli',1,'en','node_search',1),('calc',114,'en','node_search',27),('calc',115,'en','node_search',27),('calculated',26,'en','node_search',1),('called',20,'en','node_search',1),('called',21,'en','node_search',1),('called',29,'en','node_search',1),('can',20,'en','node_search',4),('can',21,'en','node_search',3),('can',22,'en','node_search',4.97286),('can',23,'en','node_search',9.88003),('can',24,'en','node_search',1),('can',25,'en','node_search',1),('can',26,'en','node_search',2),('can',27,'en','node_search',17.2557),('can',28,'en','node_search',1),('can',29,'en','node_search',2),('can',30,'en','node_search',5.86282),('cannot',20,'en','node_search',0.989021),('cannot',27,'en','node_search',3.80543),('cannot',30,'en','node_search',1),('canopy',71,'en','node_search',27),('canopy',72,'en','node_search',27),('canopy',150,'en','node_search',27),('canopy',154,'en','node_search',1),('canopy',155,'en','node_search',1),('carbohydrates',93,'en','node_search',27),('carbohydrates',94,'en','node_search',27),('carbon',1,'en','node_search',1),('carbon',8,'en','node_search',1),('carbon',13,'en','node_search',27),('carbon',19,'en','node_search',1),('carbon',21,'en','node_search',2),('carbon',29,'en','node_search',1),('carbon',40,'en','node_search',27),('carbon',41,'en','node_search',27),('carbon',42,'en','node_search',27),('carbon',43,'en','node_search',27),('carbon',55,'en','node_search',27),('carbon',56,'en','node_search',27),('carbon',57,'en','node_search',27),('carbon',58,'en','node_search',27),('carbon',59,'en','node_search',27),('carbon',60,'en','node_search',27),('carbon',61,'en','node_search',27),('carboxylase',79,'en','node_search',27),('carlo',1,'en','node_search',1),('case',22,'en','node_search',1),('case',25,'en','node_search',1),('cases',23,'en','node_search',3.34579),('cellulose',63,'en','node_search',27),('cellulose',65,'en','node_search',27),('cellulose',67,'en','node_search',27),('cellulose',69,'en','node_search',27),('cellulose',70,'en','node_search',27),('celsius',8,'en','node_search',2),('celsius',24,'en','node_search',2),('change',27,'en','node_search',1),('changed',26,'en','node_search',0.942091),('changed',30,'en','node_search',1),('characters',23,'en','node_search',1),('check',22,'en','node_search',5.9496),('check',23,'en','node_search',0.681785),('check',27,'en','node_search',17.743),('check',29,'en','node_search',0.913226),('check',30,'en','node_search',0.961087),('checked',30,'en','node_search',1),('click',26,'en','node_search',0.927431),('click',30,'en','node_search',0.902857),('clicking',27,'en','node_search',4.05724),('clicking',30,'en','node_search',2.87957),('closed',13,'en','node_search',11),('closed',30,'en','node_search',1.91323),('closing',27,'en','node_search',0.76431),('co2',3,'en','node_search',28),('co2',9,'en','node_search',11),('co2',10,'en','node_search',11),('co2',13,'en','node_search',24),('co2',22,'en','node_search',1),('co2',23,'en','node_search',29.821),('co2',26,'en','node_search',6),('co2',155,'en','node_search',24),('coarse',148,'en','node_search',27),('coarse',149,'en','node_search',27),('coefficient',71,'en','node_search',27),('coefficient',72,'en','node_search',27),('coefficient',119,'en','node_search',27),('coefficient',120,'en','node_search',27),('coefficient',121,'en','node_search',27),('coherent',27,'en','node_search',0.839384),('column',23,'en','node_search',0.697623),('combined',21,'en','node_search',1),('combined',22,'en','node_search',1),('come',20,'en','node_search',1),('complete',14,'en','node_search',11),('complete',118,'en','node_search',27),('computer',20,'en','node_search',1),('concentration',23,'en','node_search',0.953396),('condition',25,'en','node_search',1),('conditional',22,'en','node_search',9),('conditional',25,'en','node_search',32),('conditional',26,'en','node_search',4),('conductance',22,'en','node_search',1),('conductance',23,'en','node_search',8.59864),('conductance',29,'en','node_search',7.9074),('conductance',30,'en','node_search',1),('conductance',80,'en','node_search',27),('conductance',81,'en','node_search',27),('conductance',82,'en','node_search',27),('conductance',117,'en','node_search',27),('conductance',118,'en','node_search',27),('conductancenormaltxt',23,'en','node_search',0.813674),('conductancespinuptxt',23,'en','node_search',0.819249),('conductancetransienttxt',23,'en','node_search',0.816452),('conductancetxt',23,'en','node_search',0.759465),('connect',27,'en','node_search',0.842342),('consists',21,'en','node_search',1),('consists',29,'en','node_search',1),('constant',23,'en','node_search',1.38702),('constants',26,'en','node_search',1),('constrained',130,'en','node_search',27),('constrained',132,'en','node_search',27),('constrained',134,'en','node_search',27),('constrained',136,'en','node_search',27),('contact',1,'en','node_search',1),('contact',30,'en','node_search',0.938382),('contain',23,'en','node_search',6.68073),('contain',29,'en','node_search',0.938382),('contains',24,'en','node_search',1),('contains',27,'en','node_search',1),('contains',29,'en','node_search',1),('contains',30,'en','node_search',1),('content',21,'en','node_search',1),('content',25,'en','node_search',3),('content',26,'en','node_search',1),('content',27,'en','node_search',99.0918),('content',55,'en','node_search',27),('content',56,'en','node_search',27),('content',57,'en','node_search',27),('content',58,'en','node_search',27),('content',59,'en','node_search',27),('content',60,'en','node_search',27),('content',61,'en','node_search',27),('contents',21,'en','node_search',1),('contents',27,'en','node_search',14.6262),('contrary',23,'en','node_search',0.934703),('control',20,'en','node_search',1),('control',22,'en','node_search',0.96498),('control',28,'en','node_search',1),('conversion',90,'en','node_search',27),('cookie',20,'en','node_search',3),('cookies',20,'en','node_search',35.5568),('corresponding',84,'en','node_search',27),('corresponding',88,'en','node_search',27),('correspondingly',26,'en','node_search',0.980874),('covering',23,'en','node_search',1.94583),('covering',26,'en','node_search',1),('create',21,'en','node_search',32),('create',22,'en','node_search',6.94274),('create',26,'en','node_search',1),('create',29,'en','node_search',1),('created',21,'en','node_search',4),('created',22,'en','node_search',4),('created',27,'en','node_search',2),('created',29,'en','node_search',1),('created',30,'en','node_search',3),('creating',22,'en','node_search',1),('creating',27,'en','node_search',1),('creation',21,'en','node_search',16),('creation',22,'en','node_search',0.968904),('creation',23,'en','node_search',1),('crit',129,'en','node_search',27),('critical',25,'en','node_search',2),('critical',99,'en','node_search',27),('critical',101,'en','node_search',27),('critical',104,'en','node_search',27),('critical',105,'en','node_search',27),('critical',106,'en','node_search',27),('critical',107,'en','node_search',27),('critical',111,'en','node_search',27),('critical',112,'en','node_search',27),('critical',127,'en','node_search',27),('csv',19,'en','node_search',27),('csvfiles',19,'en','node_search',1),('csvgenerate',19,'en','node_search',11),('ctrl',28,'en','node_search',1),('current',14,'en','node_search',1),('current',23,'en','node_search',2.12887),('current',29,'en','node_search',1),('current',36,'en','node_search',27),('current',37,'en','node_search',27),('current',38,'en','node_search',27),('current',39,'en','node_search',27),('current',40,'en','node_search',27),('current',41,'en','node_search',27),('current',42,'en','node_search',27),('current',43,'en','node_search',27),('current',151,'en','node_search',27),('current',154,'en','node_search',1),('current',155,'en','node_search',1),('customise',20,'en','node_search',1),('cutdown',125,'en','node_search',27),('cutdown',126,'en','node_search',27),('cuticular',81,'en','node_search',27),('daily',13,'en','node_search',2),('daily',22,'en','node_search',0.961087),('daily',23,'en','node_search',1.37334),('daily',28,'en','node_search',3),('daily',29,'en','node_search',0.945829),('daily',155,'en','node_search',2),('data',2,'en','node_search',1),('data',3,'en','node_search',1),('data',4,'en','node_search',1),('data',5,'en','node_search',1),('data',6,'en','node_search',1),('data',7,'en','node_search',1),('data',8,'en','node_search',1),('data',15,'en','node_search',1),('data',16,'en','node_search',1),('data',17,'en','node_search',1),('data',20,'en','node_search',27),('data',22,'en','node_search',9),('data',23,'en','node_search',93.6628),('data',24,'en','node_search',31),('data',26,'en','node_search',6),('data',27,'en','node_search',9.54283),('data',29,'en','node_search',2.84177),('database',1,'en','node_search',36),('database',21,'en','node_search',6),('database',22,'en','node_search',6.9496),('database',27,'en','node_search',18),('database',153,'en','node_search',11),('day',23,'en','node_search',6.84058),('day',25,'en','node_search',1),('day',29,'en','node_search',2.97),('day',36,'en','node_search',27),('day',37,'en','node_search',27),('day',38,'en','node_search',27),('day',39,'en','node_search',27),('day',40,'en','node_search',27),('day',41,'en','node_search',27),('day',42,'en','node_search',27),('day',43,'en','node_search',27),('day',92,'en','node_search',27),('daylen',23,'en','node_search',1),('daylength',101,'en','node_search',27),('daylength',136,'en','node_search',27),('daylength',137,'en','node_search',27),('dayout',19,'en','node_search',1),('dayout',30,'en','node_search',1),('days',23,'en','node_search',4.72392),('days',29,'en','node_search',0.927431),('days',109,'en','node_search',27),('dead',54,'en','node_search',27),('dead',61,'en','node_search',27),('dead',70,'en','node_search',27),('dead',147,'en','node_search',27),('dead',149,'en','node_search',27),('december',23,'en','node_search',1),('decimal',24,'en','node_search',1),('decreases',25,'en','node_search',1),('default',23,'en','node_search',1),('default',24,'en','node_search',1),('default',26,'en','node_search',2.89603),('default',28,'en','node_search',1),('deficit',117,'en','node_search',27),('deficit',118,'en','node_search',27),('defined',23,'en','node_search',2.74807),('defined',25,'en','node_search',1),('degrees',8,'en','node_search',1),('degrees',24,'en','node_search',1),('delay',96,'en','node_search',27),('delete',27,'en','node_search',25),('deleted',27,'en','node_search',2.61154),('deleting',27,'en','node_search',1),('depend',30,'en','node_search',1),('depending',30,'en','node_search',1),('deposition',24,'en','node_search',1),('depth',23,'en','node_search',0.705825),('depth',86,'en','node_search',27),('depth',88,'en','node_search',27),('depth',89,'en','node_search',27),('description',21,'en','node_search',1),('description',27,'en','node_search',4.11082),('description',29,'en','node_search',2),('desired',27,'en','node_search',0.800068),('detailed',21,'en','node_search',1),('detailed',22,'en','node_search',2.94274),('detailed',23,'en','node_search',1),('detailed',26,'en','node_search',1),('detailed',29,'en','node_search',1),('details',20,'en','node_search',0.953396),('determine',28,'en','node_search',1),('determined',25,'en','node_search',2),('determined',26,'en','node_search',4),('determines',22,'en','node_search',1),('development',1,'en','node_search',2),('development',102,'en','node_search',27),('development',108,'en','node_search',27),('development',109,'en','node_search',27),('dialog',27,'en','node_search',4.58986),('different',25,'en','node_search',1),('dioxide',8,'en','node_search',1),('directly',22,'en','node_search',0.972861),('directly',28,'en','node_search',1),('directly',29,'en','node_search',1),('directory',19,'en','node_search',1),('directory',30,'en','node_search',24.9381),('display',26,'en','node_search',0.934703),('displayed',36,'en','node_search',27),('displayed',37,'en','node_search',27),('displayed',38,'en','node_search',27),('displayed',39,'en','node_search',27),('distribution',87,'en','node_search',27),('does',20,'en','node_search',4),('does',23,'en','node_search',2.12386),('does',29,'en','node_search',1),('don',20,'en','node_search',2),('dora',1,'en','node_search',15),('dorakra',1,'en','node_search',1),('downloaded',30,'en','node_search',1),('dr8',19,'en','node_search',11),('drought',127,'en','node_search',27),('dry',55,'en','node_search',27),('dry',56,'en','node_search',27),('dry',57,'en','node_search',27),('dry',58,'en','node_search',27),('dry',59,'en','node_search',27),('dry',60,'en','node_search',27),('dry',61,'en','node_search',27),('dsws',127,'en','node_search',27),('during',23,'en','node_search',2.7735),('during',28,'en','node_search',1),('each',20,'en','node_search',1),('each',23,'en','node_search',5.16381),('each',27,'en','node_search',0.836446),('each',30,'en','node_search',1),('easily',28,'en','node_search',1),('ecosystem',1,'en','node_search',4),('edit',21,'en','node_search',1),('edit',27,'en','node_search',24),('editable',26,'en','node_search',0.931053),('edited',27,'en','node_search',1.74529),('editing',27,'en','node_search',2),('editor',28,'en','node_search',1),('editors',30,'en','node_search',1),('effect',100,'en','node_search',54),('effect',103,'en','node_search',27),('effect',110,'en','node_search',27),('effect',122,'en','node_search',27),('effect',123,'en','node_search',27),('effect',128,'en','node_search',81),('effects',138,'en','node_search',27),('efficiency',73,'en','node_search',27),('either',23,'en','node_search',1.38917),('elements',29,'en','node_search',1),('elevation',24,'en','node_search',1),('eliminating',23,'en','node_search',1),('eltehu',1,'en','node_search',1),('email',20,'en','node_search',0.938382),('emergence',98,'en','node_search',27),('empty',27,'en','node_search',0.993146),('empty',30,'en','node_search',0.976851),('enable',23,'en','node_search',3.39329),('enable',29,'en','node_search',1),('end',32,'en','node_search',27),('end',140,'en','node_search',27),('enough',26,'en','node_search',0.957226),('epc',6,'en','node_search',1),('epc',13,'en','node_search',2),('epc',14,'en','node_search',11),('epc',22,'en','node_search',4),('epc',23,'en','node_search',30.6188),('epc',26,'en','node_search',4),('epc',29,'en','node_search',1),('epc',153,'en','node_search',38),('epc',155,'en','node_search',2),('equal',26,'en','node_search',4),('equal',29,'en','node_search',0.957226),('error',30,'en','node_search',3.96109),('especially',27,'en','node_search',1),('etc',23,'en','node_search',1.4341),('etc',27,'en','node_search',2.78177),('etc',30,'en','node_search',1),('european',1,'en','node_search',1),('even',21,'en','node_search',1),('even',22,'en','node_search',1),('events',138,'en','node_search',27),('every',20,'en','node_search',1),('exactly',23,'en','node_search',3.7349),('exactly',29,'en','node_search',0.934703),('example',2,'en','node_search',11),('example',3,'en','node_search',11),('example',4,'en','node_search',11),('example',5,'en','node_search',11),('example',6,'en','node_search',11),('example',7,'en','node_search',11),('example',8,'en','node_search',11),('example',9,'en','node_search',11),('example',10,'en','node_search',11),('example',12,'en','node_search',11),('example',20,'en','node_search',1.9689),('example',27,'en','node_search',17.3057),('excel',14,'en','node_search',11),('except',23,'en','node_search',1),('executable',30,'en','node_search',0.916736),('execute',21,'en','node_search',15),('execute',30,'en','node_search',46),('executed',30,'en','node_search',1),('executes',21,'en','node_search',1),('executes',29,'en','node_search',1),('existing',27,'en','node_search',16),('experience',20,'en','node_search',1),('experiments',1,'en','node_search',1),('explorer',20,'en','node_search',1),('extension',23,'en','node_search',2.70187),('extensions',23,'en','node_search',1.78973),('extent',25,'en','node_search',1),('external',23,'en','node_search',2.12937),('extinction',72,'en','node_search',27),('extra',29,'en','node_search',1),('extreme',122,'en','node_search',27),('extreme',123,'en','node_search',27),('extreme',138,'en','node_search',27),('factor',90,'en','node_search',27),('factor',128,'en','node_search',27),('failed',30,'en','node_search',15),('fcwp',99,'en','node_search',27),('fcwp',114,'en','node_search',27),('ferenc',1,'en','node_search',15),('fertilizing',23,'en','node_search',0.889397),('few',27,'en','node_search',0.816452),('field',23,'en','node_search',12.4935),('field',27,'en','node_search',18.152),('field',28,'en','node_search',1),('field',29,'en','node_search',1.97685),('field',30,'en','node_search',4),('fields',24,'en','node_search',1),('fields',26,'en','node_search',10.8458),('fields',27,'en','node_search',49.7011),('fields',28,'en','node_search',2),('fields',29,'en','node_search',3),('file',13,'en','node_search',6),('file',14,'en','node_search',11),('file',22,'en','node_search',1),('file',23,'en','node_search',44.4593),('file',24,'en','node_search',1),('file',25,'en','node_search',2),('file',26,'en','node_search',36.9689),('file',27,'en','node_search',3),('file',28,'en','node_search',8),('file',29,'en','node_search',7.6407),('file',30,'en','node_search',1),('file',155,'en','node_search',6),('filename',13,'en','node_search',4),('filename',27,'en','node_search',1.58216),('filename',155,'en','node_search',4),('filenames',23,'en','node_search',3.33412),('files',1,'en','node_search',1),('files',13,'en','node_search',1),('files',20,'en','node_search',2),('files',22,'en','node_search',9.98087),('files',23,'en','node_search',38.7607),('files',26,'en','node_search',17),('files',27,'en','node_search',1.78434),('files',28,'en','node_search',2),('files',29,'en','node_search',10.9074),('files',30,'en','node_search',17.9809),('files',155,'en','node_search',1),('fill',24,'en','node_search',1),('filling',27,'en','node_search',1),('filtered',27,'en','node_search',2.27486),('filtered',30,'en','node_search',0.913226),('find',20,'en','node_search',1),('find',21,'en','node_search',1),('find',22,'en','node_search',1),('find',27,'en','node_search',1),('find',30,'en','node_search',0.949597),('finding',27,'en','node_search',3.07688),('finding',30,'en','node_search',0.96498),('fine',44,'en','node_search',27),('fine',50,'en','node_search',27),('fine',57,'en','node_search',27),('fine',64,'en','node_search',27),('fine',65,'en','node_search',27),('fine',143,'en','node_search',27),('finished',30,'en','node_search',2),('fire',46,'en','node_search',27),('first',13,'en','node_search',29),('first',23,'en','node_search',7.03123),('first',26,'en','node_search',7),('first',29,'en','node_search',1.99045),('first',155,'en','node_search',29),('fit',26,'en','node_search',4),('fix',24,'en','node_search',1),('fixation',95,'en','node_search',27),('fixed',23,'en','node_search',3.32253),('fixed',25,'en','node_search',2),('flag',31,'en','node_search',27),('flag',32,'en','node_search',27),('flowering',110,'en','node_search',27),('flowering',111,'en','node_search',27),('flowering',112,'en','node_search',27),('flowering',113,'en','node_search',27),('flux',8,'en','node_search',1),('flux',24,'en','node_search',1),('follow',22,'en','node_search',1),('followed',23,'en','node_search',1),('following',20,'en','node_search',1),('follows',26,'en','node_search',1),('for',1,'en','node_search',12),('for',2,'en','node_search',27),('for',9,'en','node_search',11),('for',10,'en','node_search',11),('for',13,'en','node_search',22),('for',14,'en','node_search',22),('for',20,'en','node_search',4.91473),('for',21,'en','node_search',13),('for',22,'en','node_search',1.96498),('for',23,'en','node_search',43.0344),('for',24,'en','node_search',1),('for',26,'en','node_search',15.9068),('for',27,'en','node_search',11.3312),('for',29,'en','node_search',14.9284),('for',36,'en','node_search',27),('for',37,'en','node_search',27),('for',38,'en','node_search',27),('for',39,'en','node_search',27),('for',40,'en','node_search',27),('for',41,'en','node_search',27),('for',42,'en','node_search',27),('for',43,'en','node_search',27),('for',94,'en','node_search',27),('for',96,'en','node_search',27),('for',155,'en','node_search',22),('forget',27,'en','node_search',0.860547),('form',26,'en','node_search',2),('form',27,'en','node_search',2),('form',29,'en','node_search',1),('format',23,'en','node_search',0.691597),('formats',27,'en','node_search',3.2996),('forms',21,'en','node_search',1),('forms',27,'en','node_search',17),('found',20,'en','node_search',1),('found',22,'en','node_search',2.94274),('fraction',33,'en','node_search',27),('fraction',34,'en','node_search',27),('fraction',44,'en','node_search',27),('fraction',45,'en','node_search',27),('fraction',46,'en','node_search',27),('fraction',47,'en','node_search',27),('fraction',78,'en','node_search',27),('fraction',79,'en','node_search',27),('fri',5,'en','node_search',1),('fri',6,'en','node_search',1),('fri',7,'en','node_search',1),('fri',24,'en','node_search',1),('fri',31,'en','node_search',1),('fri',32,'en','node_search',1),('fri',33,'en','node_search',1),('fri',34,'en','node_search',1),('fri',35,'en','node_search',1),('fri',36,'en','node_search',1),('fri',37,'en','node_search',1),('fri',38,'en','node_search',1),('fri',39,'en','node_search',1),('fri',40,'en','node_search',1),('fri',41,'en','node_search',1),('fri',42,'en','node_search',1),('fri',43,'en','node_search',1),('fri',44,'en','node_search',1),('fri',45,'en','node_search',1),('fri',46,'en','node_search',1),('fri',47,'en','node_search',1),('fri',48,'en','node_search',1),('fri',49,'en','node_search',1),('fri',50,'en','node_search',1),('fri',51,'en','node_search',1),('fri',52,'en','node_search',1),('fri',53,'en','node_search',1),('fri',54,'en','node_search',1),('fri',55,'en','node_search',1),('fri',56,'en','node_search',1),('fri',57,'en','node_search',1),('fri',58,'en','node_search',1),('fri',59,'en','node_search',1),('fri',60,'en','node_search',1),('fri',61,'en','node_search',1),('fri',62,'en','node_search',1),('fri',63,'en','node_search',1),('fri',64,'en','node_search',1),('fri',65,'en','node_search',1),('fri',66,'en','node_search',1),('fri',67,'en','node_search',1),('fri',68,'en','node_search',1),('fri',69,'en','node_search',1),('fri',70,'en','node_search',1),('fri',71,'en','node_search',1),('fri',72,'en','node_search',1),('fri',73,'en','node_search',1),('fri',74,'en','node_search',1),('fri',75,'en','node_search',1),('fri',76,'en','node_search',1),('fri',77,'en','node_search',1),('fri',78,'en','node_search',1),('fri',79,'en','node_search',1),('fri',80,'en','node_search',1),('fri',81,'en','node_search',1),('fri',82,'en','node_search',1),('fri',83,'en','node_search',1),('fri',84,'en','node_search',1),('fri',85,'en','node_search',1),('fri',86,'en','node_search',1),('fri',87,'en','node_search',1),('fri',88,'en','node_search',1),('fri',89,'en','node_search',1),('fri',90,'en','node_search',1),('fri',91,'en','node_search',1),('fri',92,'en','node_search',1),('fri',93,'en','node_search',1),('fri',94,'en','node_search',1),('fri',95,'en','node_search',1),('fri',96,'en','node_search',1),('fri',97,'en','node_search',1),('fri',98,'en','node_search',1),('fri',99,'en','node_search',1),('fri',100,'en','node_search',1),('fri',101,'en','node_search',1),('fri',102,'en','node_search',1),('fri',103,'en','node_search',1),('fri',104,'en','node_search',1),('fri',105,'en','node_search',1),('fri',106,'en','node_search',1),('fri',107,'en','node_search',1),('fri',108,'en','node_search',1),('fri',109,'en','node_search',1),('fri',110,'en','node_search',1),('fri',111,'en','node_search',1),('fri',112,'en','node_search',1),('fri',113,'en','node_search',1),('fri',114,'en','node_search',1),('fri',115,'en','node_search',1),('fri',116,'en','node_search',1),('fri',117,'en','node_search',1),('fri',118,'en','node_search',1),('fri',119,'en','node_search',1),('fri',120,'en','node_search',1),('fri',121,'en','node_search',1),('fri',122,'en','node_search',1),('fri',123,'en','node_search',1),('fri',124,'en','node_search',1),('fri',125,'en','node_search',1),('fri',126,'en','node_search',1),('fri',127,'en','node_search',1),('fri',128,'en','node_search',1),('fri',129,'en','node_search',1),('fri',130,'en','node_search',1),('fri',131,'en','node_search',1),('fri',132,'en','node_search',1),('fri',133,'en','node_search',1),('fri',134,'en','node_search',1),('fri',135,'en','node_search',1),('fri',136,'en','node_search',1),('fri',137,'en','node_search',1),('fri',138,'en','node_search',1),('fri',139,'en','node_search',1),('fri',140,'en','node_search',1),('fri',141,'en','node_search',1),('fri',142,'en','node_search',1),('fri',143,'en','node_search',1),('fri',144,'en','node_search',1),('fri',145,'en','node_search',1),('fri',146,'en','node_search',1),('fri',147,'en','node_search',1),('fri',148,'en','node_search',1),('fri',149,'en','node_search',1),('fri',150,'en','node_search',1),('fri',151,'en','node_search',1),('fri',152,'en','node_search',1),('from',1,'en','node_search',1),('from',19,'en','node_search',28),('from',21,'en','node_search',3),('from',22,'en','node_search',3),('from',26,'en','node_search',1),('from',27,'en','node_search',0.794753),('from',28,'en','node_search',2),('from',97,'en','node_search',27),('from',98,'en','node_search',27),('from',100,'en','node_search',27),('from',103,'en','node_search',27),('from',110,'en','node_search',27),('fruit',51,'en','node_search',27),('fruit',58,'en','node_search',27),('fruit',66,'en','node_search',27),('fruit',67,'en','node_search',27),('fruit',144,'en','node_search',27),('frz',23,'en','node_search',3.42983),('full',116,'en','node_search',27),('full',128,'en','node_search',27),('full',130,'en','node_search',27),('full',132,'en','node_search',27),('full',134,'en','node_search',27),('full',136,'en','node_search',27),('function',85,'en','node_search',27),('function',89,'en','node_search',27),('fund',1,'en','node_search',1),('funded',1,'en','node_search',1),('gather',20,'en','node_search',0.976851),('gave',20,'en','node_search',0.949597),('gdd',141,'en','node_search',27),('general',21,'en','node_search',16),('general',23,'en','node_search',1),('general',24,'en','node_search',1),('general',25,'en','node_search',1),('general',26,'en','node_search',8.95608),('general',27,'en','node_search',45.8353),('general',28,'en','node_search',4),('general',29,'en','node_search',3),('generate',19,'en','node_search',1),('generate',20,'en','node_search',2.92743),('generates',20,'en','node_search',1),('generating',19,'en','node_search',27),('generation',27,'en','node_search',0.96498),('geographical',24,'en','node_search',1),('germination',97,'en','node_search',27),('germination',99,'en','node_search',27),('ginop23215201600028',1,'en','node_search',1),('given',23,'en','node_search',0.699655),('gmailcom',1,'en','node_search',1),('google',11,'en','node_search',11),('google',153,'en','node_search',11),('government',1,'en','node_search',1),('grass',6,'en','node_search',27),('grass',9,'en','node_search',11),('grass',10,'en','node_search',11),('grass',13,'en','node_search',22),('grass',25,'en','node_search',1),('grass',155,'en','node_search',22),('grasslands',25,'en','node_search',1),('grazing',23,'en','node_search',0.899454),('greater',139,'en','node_search',27),('groundwater',22,'en','node_search',1),('groundwater',23,'en','node_search',6.73074),('groundwater',29,'en','node_search',8.68617),('groundwaternormaltxt',23,'en','node_search',1.48996),('groundwaterspinuptxt',23,'en','node_search',1.49464),('growing',33,'en','node_search',27),('growing',34,'en','node_search',27),('grown',91,'en','node_search',27),('growth',31,'en','node_search',27),('growth',33,'en','node_search',27),('growth',36,'en','node_search',27),('growth',37,'en','node_search',27),('growth',38,'en','node_search',27),('growth',39,'en','node_search',27),('growth',91,'en','node_search',27),('growth',151,'en','node_search',27),('growth',154,'en','node_search',1),('growth',155,'en','node_search',1),('grz',23,'en','node_search',3.46717),('gsi',139,'en','node_search',27),('gsi',140,'en','node_search',27),('guide',14,'en','node_search',11),('guide',21,'en','node_search',11),('guide',23,'en','node_search',24.6971),('guide',26,'en','node_search',11),('guide',29,'en','node_search',11),('happened',30,'en','node_search',0.942091),('happens',25,'en','node_search',2),('happens',30,'en','node_search',0.997306),('harvesting',23,'en','node_search',0.896076),('has',27,'en','node_search',0.802752),('has',30,'en','node_search',1.98087),('have',20,'en','node_search',4),('have',22,'en','node_search',2.94274),('have',23,'en','node_search',11.3407),('have',26,'en','node_search',1.94209),('have',27,'en','node_search',4.40385),('have',29,'en','node_search',1.95723),('have',30,'en','node_search',1),('header',23,'en','node_search',1),('heat',111,'en','node_search',27),('heat',112,'en','node_search',27),('heatsum',130,'en','node_search',27),('heatsum',131,'en','node_search',27),('hegyhatsal',2,'en','node_search',38),('hegyhatsal',3,'en','node_search',38),('hegyhatsal',4,'en','node_search',38),('hegyhatsal',5,'en','node_search',38),('hegyhatsal',6,'en','node_search',11),('hegyhatsal',7,'en','node_search',11),('hegyhatsal',8,'en','node_search',39),('hegyhatsal',9,'en','node_search',66),('hegyhatsal',10,'en','node_search',66),('hegyhatsal',12,'en','node_search',11),('hegyhatsal',13,'en','node_search',110),('hegyhatsal',24,'en','node_search',11),('hegyhatsal',155,'en','node_search',110),('height',83,'en','node_search',27),('height',84,'en','node_search',27),('height',85,'en','node_search',27),('height',154,'en','node_search',1),('height',155,'en','node_search',1),('help',20,'en','node_search',1),('help',27,'en','node_search',24.7895),('help',28,'en','node_search',1),('hhs',12,'en','node_search',27),('hhs',13,'en','node_search',29),('hhs',28,'en','node_search',11),('hhs',155,'en','node_search',29),('high',122,'en','node_search',27),('high',123,'en','node_search',27),('hit',27,'en','node_search',0.749958),('homepage',1,'en','node_search',1),('horvath',1,'en','node_search',15),('horvathferenc',1,'en','node_search',1),('how',20,'en','node_search',7),('how',21,'en','node_search',29),('how',22,'en','node_search',1),('hrv',23,'en','node_search',3.45463),('http',14,'en','node_search',11),('huhe2',2,'en','node_search',11),('huhe2',3,'en','node_search',11),('huhe2',4,'en','node_search',11),('huhe2',5,'en','node_search',11),('huhe2',6,'en','node_search',11),('huhe2',7,'en','node_search',11),('huhe2',8,'en','node_search',11),('huhe2',9,'en','node_search',38),('huhe2',10,'en','node_search',38),('huhe2',12,'en','node_search',38),('huhe2',13,'en','node_search',136),('huhe2',26,'en','node_search',22),('huhe2',28,'en','node_search',11),('huhe2',155,'en','node_search',109),('hungarian',1,'en','node_search',1),('hungary',8,'en','node_search',2),('identify',20,'en','node_search',0.98493),('ignore',26,'en','node_search',1.90729),('ignore',27,'en','node_search',0.827757),('ignored',23,'en','node_search',0.733888),('immediately',30,'en','node_search',1),('implementation',25,'en','node_search',1),('included',22,'en','node_search',0.976851),('included',25,'en','node_search',1),('included',29,'en','node_search',1),('incompatible',30,'en','node_search',0.993146),('incomplete',26,'en','node_search',1),('index',25,'en','node_search',1),('index',28,'en','node_search',1),('index',130,'en','node_search',27),('index',131,'en','node_search',27),('index',132,'en','node_search',27),('index',133,'en','node_search',27),('index',134,'en','node_search',27),('index',135,'en','node_search',27),('index',136,'en','node_search',27),('index',137,'en','node_search',27),('individual',20,'en','node_search',1),('individuals',20,'en','node_search',0.980874),('information',1,'en','node_search',1),('information',21,'en','node_search',17),('information',23,'en','node_search',1.68372),('information',24,'en','node_search',1),('information',25,'en','node_search',1),('information',26,'en','node_search',8.95608),('information',27,'en','node_search',31),('information',28,'en','node_search',4),('information',29,'en','node_search',2),('ini',9,'en','node_search',27),('ini',10,'en','node_search',27),('ini',13,'en','node_search',80),('ini',21,'en','node_search',10),('ini',22,'en','node_search',32.895),('ini',24,'en','node_search',1),('ini',25,'en','node_search',1),('ini',26,'en','node_search',52.9689),('ini',27,'en','node_search',19.965),('ini',28,'en','node_search',1),('ini',29,'en','node_search',10),('ini',30,'en','node_search',1),('ini',154,'en','node_search',27),('ini',155,'en','node_search',120),('initialisation',22,'en','node_search',1),('initialization',26,'en','node_search',27),('initiated',23,'en','node_search',1.94583),('initiated',26,'en','node_search',1),('input',2,'en','node_search',27),('input',9,'en','node_search',11),('input',10,'en','node_search',11),('input',13,'en','node_search',22),('input',15,'en','node_search',1),('input',16,'en','node_search',1),('input',17,'en','node_search',1),('input',19,'en','node_search',1),('input',21,'en','node_search',1),('input',22,'en','node_search',19.9931),('input',23,'en','node_search',52.1321),('input',26,'en','node_search',15),('input',27,'en','node_search',5.78434),('input',30,'en','node_search',1.98087),('input',155,'en','node_search',22),('inputs',21,'en','node_search',1),('inputs',22,'en','node_search',2.99731),('inputs',27,'en','node_search',14.3434),('inputs',29,'en','node_search',1),('inputs',30,'en','node_search',0.989021),('inquiries',1,'en','node_search',1),('instead',23,'en','node_search',1.80309),('instead',25,'en','node_search',1),('instructions',22,'en','node_search',2.94274),('interception',71,'en','node_search',27),('internet',20,'en','node_search',1),('interval',26,'en','node_search',4),('into',23,'en','node_search',2.11892),('into',27,'en','node_search',0.757065),('into',29,'en','node_search',1),('investigations',1,'en','node_search',4),('irr',23,'en','node_search',3.41756),('irrigated',25,'en','node_search',1),('irrigating',23,'en','node_search',0.886095),('irrigation',25,'en','node_search',2),('item',22,'en','node_search',4.94274),('item',27,'en','node_search',1.55447),('item',30,'en','node_search',0.923838),('items',21,'en','node_search',1),('items',22,'en','node_search',1),('items',27,'en','node_search',7.21468),('its',27,'en','node_search',2),('its',28,'en','node_search',1),('ittzes',1,'en','node_search',15),('jiang',74,'en','node_search',27),('jiang',75,'en','node_search',27),('just',30,'en','node_search',1),('kgc',92,'en','node_search',27),('know',20,'en','node_search',1.88106),('labile',62,'en','node_search',27),('labile',64,'en','node_search',27),('labile',66,'en','node_search',27),('labile',68,'en','node_search',27),('lai',25,'en','node_search',2),('last',23,'en','node_search',1.99731),('later',27,'en','node_search',1.72214),('latitude',24,'en','node_search',1),('layer',82,'en','node_search',27),('leaf',25,'en','node_search',1),('leaf',44,'en','node_search',27),('leaf',49,'en','node_search',27),('leaf',56,'en','node_search',27),('leaf',62,'en','node_search',27),('leaf',63,'en','node_search',27),('leaf',76,'en','node_search',27),('leaf',78,'en','node_search',27),('leaf',79,'en','node_search',27),('leaf',142,'en','node_search',27),('leaf',150,'en','node_search',27),('leaf',154,'en','node_search',2),('leaf',155,'en','node_search',2),('leap',23,'en','node_search',1),('learning',27,'en','node_search',1.64927),('least',28,'en','node_search',1),('leave',27,'en','node_search',0.997306),('leaves',48,'en','node_search',27),('leaves',55,'en','node_search',27),('leaves',154,'en','node_search',1),('leaves',155,'en','node_search',1),('length',23,'en','node_search',2.02621),('length',29,'en','node_search',1.80574),('length',90,'en','node_search',27),('length',141,'en','node_search',27),('less',140,'en','node_search',27),('let',20,'en','node_search',0.927431),('lifetime',152,'en','node_search',27),('light',72,'en','node_search',27),('like',1,'en','node_search',1),('like',20,'en','node_search',2),('like',21,'en','node_search',1),('like',22,'en','node_search',1),('like',23,'en','node_search',0.945829),('like',27,'en','node_search',3),('limit',114,'en','node_search',27),('limit',115,'en','node_search',27),('limit',122,'en','node_search',27),('limit',123,'en','node_search',27),('limit',139,'en','node_search',27),('limit',140,'en','node_search',27),('limit1',130,'en','node_search',27),('limit1',132,'en','node_search',27),('limit1',134,'en','node_search',27),('limit1',136,'en','node_search',27),('limit1',139,'en','node_search',27),('limit2',116,'en','node_search',27),('limit2',131,'en','node_search',27),('limit2',133,'en','node_search',27),('limit2',135,'en','node_search',27),('limit2',137,'en','node_search',27),('limit2',140,'en','node_search',27),('limiting',129,'en','node_search',27),('line',23,'en','node_search',8.7809),('line',29,'en','node_search',0.993146),('lines',23,'en','node_search',1.68372),('lines',29,'en','node_search',0.920273),('link',27,'en','node_search',7.61158),('link',28,'en','node_search',1),('link',30,'en','node_search',15.1923),('list',14,'en','node_search',11),('list',27,'en','node_search',5.59823),('list',28,'en','node_search',2),('list',30,'en','node_search',16.9203),('listed',27,'en','node_search',0.786915),('litter',49,'en','node_search',27),('litter',56,'en','node_search',27),('litter',62,'en','node_search',27),('litter',63,'en','node_search',27),('litter',66,'en','node_search',27),('litter',67,'en','node_search',27),('litter',68,'en','node_search',27),('litter',69,'en','node_search',27),('litter',124,'en','node_search',27),('litter',125,'en','node_search',27),('litter',126,'en','node_search',27),('litter',154,'en','node_search',1),('litter',155,'en','node_search',1),('litterfall',32,'en','node_search',27),('litterfall',34,'en','node_search',27),('live',45,'en','node_search',27),('live',53,'en','node_search',27),('live',60,'en','node_search',27),('live',146,'en','node_search',27),('live',148,'en','node_search',27),('location',24,'en','node_search',1),('log',28,'en','node_search',1),('logged',20,'en','node_search',0.96498),('long',8,'en','node_search',1),('long',23,'en','node_search',1.94583),('long',26,'en','node_search',1),('longer',29,'en','node_search',0.953396),('lower',122,'en','node_search',27),('made',27,'en','node_search',0.892724),('main',1,'en','node_search',1),('main',27,'en','node_search',7),('mainly',30,'en','node_search',0.957226),('maintainer',30,'en','node_search',0.934703),('maintanance',94,'en','node_search',27),('maintenance',92,'en','node_search',27),('make',27,'en','node_search',2.70044),('manage',1,'en','node_search',1),('manage',22,'en','node_search',1),('management',1,'en','node_search',35),('management',7,'en','node_search',28),('management',10,'en','node_search',11),('management',13,'en','node_search',11),('management',21,'en','node_search',4),('management',22,'en','node_search',10),('management',23,'en','node_search',30.4314),('management',25,'en','node_search',33),('management',26,'en','node_search',8),('management',30,'en','node_search',1),('management',155,'en','node_search',11),('managment',23,'en','node_search',0.913226),('mandatory',22,'en','node_search',4),('mandatory',26,'en','node_search',4),('mandatory',27,'en','node_search',15),('mandatory',29,'en','node_search',5),('many',20,'en','node_search',2),('many',23,'en','node_search',1.94583),('many',26,'en','node_search',1),('many',30,'en','node_search',1),('material',119,'en','node_search',27),('material',120,'en','node_search',27),('material',121,'en','node_search',27),('matter',55,'en','node_search',27),('matter',56,'en','node_search',27),('matter',57,'en','node_search',27),('matter',58,'en','node_search',27),('matter',59,'en','node_search',27),('matter',60,'en','node_search',27),('matter',61,'en','node_search',27),('max',88,'en','node_search',27),('maximal',152,'en','node_search',27),('maximum',13,'en','node_search',1),('maximum',23,'en','node_search',0.738408),('maximum',80,'en','node_search',27),('maximum',83,'en','node_search',27),('maximum',84,'en','node_search',27),('maximum',86,'en','node_search',27),('maximum',93,'en','node_search',27),('maximum',113,'en','node_search',27),('maximum',119,'en','node_search',27),('maximum',120,'en','node_search',27),('maximum',121,'en','node_search',27),('maximum',154,'en','node_search',6),('maximum',155,'en','node_search',2),('maxmimum',39,'en','node_search',27),('maxmimum',43,'en','node_search',27),('may',20,'en','node_search',1),('mce',1,'en','node_search',1),('mce',154,'en','node_search',27),('mce',155,'en','node_search',67),('mean',24,'en','node_search',2),('means',25,'en','node_search',1),('means',26,'en','node_search',1),('means',27,'en','node_search',1),('measurement',8,'en','node_search',1),('memory',20,'en','node_search',1),('menu',22,'en','node_search',4.94274),('menu',27,'en','node_search',7),('menu',28,'en','node_search',1),('menu',30,'en','node_search',1.92384),('met',13,'en','node_search',2),('met',25,'en','node_search',1),('met',155,'en','node_search',2),('meteorological',2,'en','node_search',1),('meteorological',22,'en','node_search',4),('meteorological',23,'en','node_search',18.9421),('meteorological',26,'en','node_search',6),('meteorology',23,'en','node_search',11),('meteorology',29,'en','node_search',1),('meters',23,'en','node_search',0.703756),('method',30,'en','node_search',0.882818),('methods',30,'en','node_search',8.32198),('mgm',13,'en','node_search',1),('mgm',23,'en','node_search',3.69535),('mgm',30,'en','node_search',1),('mgm',155,'en','node_search',1),('minimum',36,'en','node_search',27),('minimum',40,'en','node_search',27),('minimum',116,'en','node_search',27),('minimum',154,'en','node_search',5),('missing',22,'en','node_search',2.94274),('missing',26,'en','node_search',2),('mixing',8,'en','node_search',1),('mobile',20,'en','node_search',1),('model',13,'en','node_search',11),('model',14,'en','node_search',27),('model',23,'en','node_search',9.51217),('model',26,'en','node_search',3),('model',29,'en','node_search',1),('model',155,'en','node_search',11),('modelling',1,'en','node_search',4),('moisture',25,'en','node_search',2),('moisture',114,'en','node_search',27),('moisture',115,'en','node_search',27),('moisture',116,'en','node_search',27),('mon',1,'en','node_search',1),('mon',8,'en','node_search',1),('mon',9,'en','node_search',1),('mon',10,'en','node_search',1),('mon',15,'en','node_search',1),('mon',16,'en','node_search',1),('mon',17,'en','node_search',1),('monavgout',19,'en','node_search',1),('monavgout',30,'en','node_search',1),('monitoring',8,'en','node_search',1),('monte',1,'en','node_search',1),('more',13,'en','node_search',22),('more',20,'en','node_search',1),('more',23,'en','node_search',3.38129),('more',29,'en','node_search',1),('more',155,'en','node_search',33),('mortality',15,'en','node_search',27),('mortality',16,'en','node_search',27),('mortality',22,'en','node_search',1),('mortality',23,'en','node_search',8.60349),('mortality',29,'en','node_search',7.9074),('mortality',30,'en','node_search',1),('mortality',46,'en','node_search',27),('mortality',47,'en','node_search',27),('mortality',113,'en','node_search',27),('mortality',119,'en','node_search',27),('mortality',120,'en','node_search',27),('mortality',121,'en','node_search',27),('mortality',122,'en','node_search',27),('mortality',123,'en','node_search',27),('mortalitynormaltxt',23,'en','node_search',0.822065),('mortalityspinuptxt',23,'en','node_search',0.827757),('mortalitytransienttxt',23,'en','node_search',0.824901),('mortalitytxt',23,'en','node_search',0.76188),('moving',138,'en','node_search',27),('mow',23,'en','node_search',3.4798),('mowing',7,'en','node_search',27),('mowing',10,'en','node_search',11),('mowing',13,'en','node_search',11),('mowing',23,'en','node_search',0.902857),('mowing',25,'en','node_search',4),('mowing',155,'en','node_search',11),('mtc43',23,'en','node_search',3.9235),('multiple',1,'en','node_search',1),('multiplicator',116,'en','node_search',27),('muso',14,'en','node_search',11),('muso',21,'en','node_search',11),('muso',23,'en','node_search',21.363),('muso',26,'en','node_search',11),('muso',29,'en','node_search',11),('muso6',6,'en','node_search',27),('muso6',9,'en','node_search',11),('muso6',10,'en','node_search',11),('muso6',13,'en','node_search',22),('muso6',19,'en','node_search',11),('muso6',28,'en','node_search',1),('muso6',155,'en','node_search',22),('must',23,'en','node_search',6.86494),('must',26,'en','node_search',4),('must',29,'en','node_search',0.942091),('name',13,'en','node_search',6),('name',23,'en','node_search',4.48396),('name',27,'en','node_search',7.24632),('name',29,'en','node_search',1),('name',154,'en','node_search',5),('name',155,'en','node_search',6),('named',26,'en','node_search',0.976851),('natural',24,'en','node_search',1),('navigation',27,'en','node_search',7),('ndep',4,'en','node_search',28),('ndep',9,'en','node_search',11),('ndep',10,'en','node_search',11),('ndep',13,'en','node_search',24),('ndep',22,'en','node_search',1),('ndep',23,'en','node_search',28.8676),('ndep',26,'en','node_search',6),('ndep',155,'en','node_search',24),('ndeposition',23,'en','node_search',0.949597),('necessary',22,'en','node_search',1.99731),('necessary',27,'en','node_search',0.745294),('nee',8,'en','node_search',1),('need',21,'en','node_search',4),('need',22,'en','node_search',5.9496),('need',26,'en','node_search',1),('need',29,'en','node_search',1),('needed',30,'en','node_search',0.886095),('new',20,'en','node_search',1),('new',21,'en','node_search',2),('new',22,'en','node_search',5.94274),('new',23,'en','node_search',1),('new',24,'en','node_search',1),('new',25,'en','node_search',1),('new',26,'en','node_search',1.9534),('new',27,'en','node_search',19),('new',28,'en','node_search',1),('new',29,'en','node_search',2),('new',30,'en','node_search',1),('new',31,'en','node_search',27),('next',22,'en','node_search',1),('nitrogen',24,'en','node_search',1),('nonascii',23,'en','node_search',1),('none',21,'en','node_search',1),('none',22,'en','node_search',1),('none',28,'en','node_search',1),('nonstructural',93,'en','node_search',27),('nonstructural',94,'en','node_search',27),('nonstructured',121,'en','node_search',27),('nonwoody',125,'en','node_search',27),('normal',10,'en','node_search',28),('normal',13,'en','node_search',40),('normal',21,'en','node_search',8),('normal',22,'en','node_search',5),('normal',23,'en','node_search',2.75139),('normal',26,'en','node_search',11),('normal',28,'en','node_search',2),('normal',29,'en','node_search',12.7349),('normal',155,'en','node_search',40),('normalini',30,'en','node_search',1),('not',20,'en','node_search',1.92384),('not',22,'en','node_search',0.980874),('not',23,'en','node_search',10.3624),('not',25,'en','node_search',1),('not',27,'en','node_search',4.70522),('not',28,'en','node_search',1),('not',29,'en','node_search',2),('not',30,'en','node_search',2.93047),('note',22,'en','node_search',0.989021),('note',23,'en','node_search',2.83412),('note',27,'en','node_search',0.916736),('notes',23,'en','node_search',1),('notes',26,'en','node_search',1),('notes',27,'en','node_search',15),('nothing',30,'en','node_search',1),('number',13,'en','node_search',3),('number',20,'en','node_search',0.968904),('number',23,'en','node_search',2.67414),('number',26,'en','node_search',9),('number',29,'en','node_search',2.90692),('number',97,'en','node_search',27),('number',98,'en','node_search',27),('number',100,'en','node_search',27),('number',103,'en','node_search',27),('number',110,'en','node_search',27),('number',155,'en','node_search',3),('numeric',23,'en','node_search',1),('occured',30,'en','node_search',1),('occurs',25,'en','node_search',1),('offday',22,'en','node_search',1),('offday',23,'en','node_search',5.8671),('offday',29,'en','node_search',4.9074),('offdaynormaltxt',23,'en','node_search',0.792123),('offdayspinup',23,'en','node_search',0.797402),('offdaytransienttxt',23,'en','node_search',0.794753),('official',14,'en','node_search',1),('often',20,'en','node_search',1),('okologiamtahu',1,'en','node_search',1),('onday',17,'en','node_search',27),('onday',22,'en','node_search',1),('onday',23,'en','node_search',5.8671),('onday',29,'en','node_search',4.9074),('ondaynormaltxt',23,'en','node_search',0.800068),('ondayspinup',23,'en','node_search',0.805455),('ondaytransienttxt',23,'en','node_search',0.802752),('one',23,'en','node_search',6.61811),('one',28,'en','node_search',2),('one',30,'en','node_search',2),('ones',20,'en','node_search',1),('ones',21,'en','node_search',2),('ones',22,'en','node_search',2),('online',1,'en','node_search',4),('only',23,'en','node_search',1.47912),('only',27,'en','node_search',3.99715),('only',28,'en','node_search',2),('optimal1',37,'en','node_search',27),('optimal1',41,'en','node_search',27),('optimal2',38,'en','node_search',27),('optimal2',42,'en','node_search',27),('option',27,'en','node_search',0.882818),('optional',22,'en','node_search',1),('optional',26,'en','node_search',4),('optional',27,'en','node_search',1.68502),('optional',29,'en','node_search',5),('optional',30,'en','node_search',1),('options',27,'en','node_search',1.60318),('options',28,'en','node_search',1),('order',23,'en','node_search',3.40538),('order',29,'en','node_search',1),('organisation',20,'en','node_search',1),('other',15,'en','node_search',1),('other',16,'en','node_search',1),('other',17,'en','node_search',1),('other',21,'en','node_search',1),('other',22,'en','node_search',2.98087),('other',23,'en','node_search',24.0747),('other',27,'en','node_search',3.33303),('other',29,'en','node_search',4),('other',30,'en','node_search',15.828),('others',20,'en','node_search',1),('others',26,'en','node_search',0.938382),('others',27,'en','node_search',3.79839),('our',20,'en','node_search',1.92384),('out',20,'en','node_search',1.91674),('out',28,'en','node_search',1),('out',30,'en','node_search',1.94583),('outannavgout',28,'en','node_search',4),('outannout',28,'en','node_search',4),('outdayout',28,'en','node_search',4),('outlog',28,'en','node_search',4),('outlog',30,'en','node_search',1),('outmonavgout',28,'en','node_search',4),('output',11,'en','node_search',27),('output',12,'en','node_search',27),('output',13,'en','node_search',31),('output',14,'en','node_search',22),('output',19,'en','node_search',1),('output',21,'en','node_search',4),('output',22,'en','node_search',28.0556),('output',27,'en','node_search',2),('output',28,'en','node_search',56),('output',29,'en','node_search',4),('output',30,'en','node_search',3),('output',155,'en','node_search',31),('outputlog',30,'en','node_search',0.953396),('outputparameters',30,'en','node_search',1),('outputs',19,'en','node_search',28),('own',21,'en','node_search',1),('own',22,'en','node_search',1),('owner',27,'en','node_search',3.69344),('page',20,'en','node_search',1.96498),('page',27,'en','node_search',1.74762),('page',30,'en','node_search',2),('pages',27,'en','node_search',4),('paramater',28,'en','node_search',1),('parameter',19,'en','node_search',1),('parameter',25,'en','node_search',3),('parameter',28,'en','node_search',1),('parameter',85,'en','node_search',27),('parameter',87,'en','node_search',27),('parameter',89,'en','node_search',27),('parameter',113,'en','node_search',27),('parameter',127,'en','node_search',27),('parameter1',74,'en','node_search',27),('parameter2',75,'en','node_search',27),('parameters',14,'en','node_search',11),('parameters',19,'en','node_search',1),('parameters',22,'en','node_search',1),('parameters',24,'en','node_search',1),('parameters',26,'en','node_search',1),('parameters',28,'en','node_search',2),('parameters',30,'en','node_search',0.889397),('parameters',153,'en','node_search',38),('particular',20,'en','node_search',0.899454),('particular',25,'en','node_search',1),('pay',26,'en','node_search',1),('pdf',14,'en','node_search',11),('pdf',21,'en','node_search',11),('pdf',23,'en','node_search',21.363),('pdf',26,'en','node_search',11),('pdf',29,'en','node_search',11),('pep',79,'en','node_search',27),('per',23,'en','node_search',1.78691),('per',91,'en','node_search',27),('per',92,'en','node_search',27),('performance',20,'en','node_search',5),('period',33,'en','node_search',27),('period',47,'en','node_search',27),('phase',23,'en','node_search',4.83352),('phase',28,'en','node_search',1),('phase',29,'en','node_search',1.91869),('phases',21,'en','node_search',1),('phases',28,'en','node_search',1),('phases',29,'en','node_search',1),('phenology',31,'en','node_search',27),('phenology',32,'en','node_search',27),('phenophase',97,'en','node_search',27),('phenophase',98,'en','node_search',27),('phenophase',100,'en','node_search',27),('phenophase',103,'en','node_search',27),('phenophase',110,'en','node_search',27),('phenophase',141,'en','node_search',27),('phenophase',154,'en','node_search',2),('phone',20,'en','node_search',1),('photoperiodic',100,'en','node_search',27),('photoslow',101,'en','node_search',27),('photoslow',102,'en','node_search',27),('photosyn',129,'en','node_search',27),('photosynthesis',96,'en','node_search',27),('photosynthesis',128,'en','node_search',27),('pipelined',21,'en','node_search',1),('pipelined',29,'en','node_search',1),('planned',30,'en','node_search',1),('plant',23,'en','node_search',0.740689),('plant',83,'en','node_search',27),('plant',85,'en','node_search',27),('plant',119,'en','node_search',27),('plant',120,'en','node_search',27),('plant',121,'en','node_search',27),('plant',152,'en','node_search',27),('plant',154,'en','node_search',1),('plant',155,'en','node_search',1),('planting',23,'en','node_search',0.909743),('please',1,'en','node_search',1),('please',26,'en','node_search',1),('please',27,'en','node_search',1.60664),('plg',23,'en','node_search',3.44219),('ploughing',23,'en','node_search',0.892724),('plt',23,'en','node_search',3.50535),('positive',23,'en','node_search',0.7017),('possibilities',30,'en','node_search',13.9658),('possible',22,'en','node_search',1),('potential',73,'en','node_search',27),('prcp',23,'en','node_search',1),('predefined',25,'en','node_search',1),('preferences',20,'en','node_search',2),('prefix',28,'en','node_search',1),('preparation',21,'en','node_search',15),('preparation',22,'en','node_search',27),('pressure',117,'en','node_search',27),('pressure',118,'en','node_search',27),('previously',21,'en','node_search',5),('previously',22,'en','node_search',6.99315),('previously',26,'en','node_search',1),('previously',27,'en','node_search',1),('previously',29,'en','node_search',1),('proba',2,'en','node_search',1),('proba',6,'en','node_search',1),('proba',10,'en','node_search',1),('programme',1,'en','node_search',1),('progress',30,'en','node_search',1),('progress',155,'en','node_search',1),('project',1,'en','node_search',11),('project',19,'en','node_search',31),('project',21,'en','node_search',48),('project',22,'en','node_search',3.9689),('project',23,'en','node_search',1),('project',27,'en','node_search',1.96498),('project',29,'en','node_search',32),('project',30,'en','node_search',55.7337),('project',155,'en','node_search',27),('projected',76,'en','node_search',27),('projected',80,'en','node_search',27),('projected',81,'en','node_search',27),('projected',82,'en','node_search',27),('projected',150,'en','node_search',27),('projected',154,'en','node_search',1),('projected',155,'en','node_search',1),('projects',1,'en','node_search',36),('projects',21,'en','node_search',37),('projects',22,'en','node_search',1),('projects',27,'en','node_search',1),('projects',30,'en','node_search',1.91323),('prop',8,'en','node_search',1),('prop',93,'en','node_search',27),('prop',94,'en','node_search',27),('prop',99,'en','node_search',27),('prop',114,'en','node_search',27),('prop',115,'en','node_search',27),('proportion',24,'en','node_search',1),('proportion',62,'en','node_search',27),('proportion',63,'en','node_search',27),('proportion',64,'en','node_search',27),('proportion',65,'en','node_search',27),('proportion',66,'en','node_search',27),('proportion',67,'en','node_search',27),('proportion',68,'en','node_search',27),('proportion',69,'en','node_search',27),('proportion',70,'en','node_search',27),('proportion',151,'en','node_search',27),('proportion',154,'en','node_search',1),('proportion',155,'en','node_search',1),('protection',20,'en','node_search',27),('provide',23,'en','node_search',0.916736),('provided',20,'en','node_search',1),('provided',23,'en','node_search',0.747619),('providing',20,'en','node_search',1),('public',27,'en','node_search',0.942091),('purposes',27,'en','node_search',1.74298),('radiation',73,'en','node_search',27),('radiation',74,'en','node_search',27),('radiation',75,'en','node_search',27),('randomise',154,'en','node_search',2),('range',24,'en','node_search',1),('range',26,'en','node_search',4),('rate',102,'en','node_search',27),('rate',108,'en','node_search',27),('rate',109,'en','node_search',27),('rate',124,'en','node_search',27),('rate',125,'en','node_search',27),('rate',126,'en','node_search',27),('ratio',8,'en','node_search',1),('ratio',25,'en','node_search',2),('ratio',76,'en','node_search',27),('ratio',77,'en','node_search',27),('ratio',114,'en','node_search',27),('ratio',115,'en','node_search',27),('reaches',25,'en','node_search',1),('reactive',24,'en','node_search',1),('read',13,'en','node_search',22),('read',23,'en','node_search',3.0686),('read',24,'en','node_search',1),('read',25,'en','node_search',1),('read',26,'en','node_search',1.99315),('read',28,'en','node_search',2),('read',29,'en','node_search',1),('read',30,'en','node_search',1),('read',155,'en','node_search',33),('realistic',23,'en','node_search',3.36937),('realistic',29,'en','node_search',1),('reasons',30,'en','node_search',1),('recognise',20,'en','node_search',1),('recommended',22,'en','node_search',1),('recommended',24,'en','node_search',1),('recommended',27,'en','node_search',2.493),('recommended',28,'en','node_search',1),('recommended',29,'en','node_search',1),('reduction',117,'en','node_search',27),('reduction',118,'en','node_search',27),('redundant',27,'en','node_search',1),('refer',26,'en','node_search',1),('referred',27,'en','node_search',2.85746),('refers',27,'en','node_search',1),('regardless',23,'en','node_search',1.43647),('regardless',29,'en','node_search',0.98493),('regional',1,'en','node_search',1),('regionally',8,'en','node_search',1),('register',20,'en','node_search',0.931053),('registered',1,'en','node_search',1),('registration',1,'en','node_search',1),('registration',20,'en','node_search',4.72421),('relative',102,'en','node_search',27),('relative',108,'en','node_search',27),('remembers',20,'en','node_search',1),('representative',8,'en','node_search',1),('required',23,'en','node_search',2.87957),('required',24,'en','node_search',1),('required',27,'en','node_search',1),('required',109,'en','node_search',27),('requirements',21,'en','node_search',1),('requirements',23,'en','node_search',16),('requirements',27,'en','node_search',1),('requirements',29,'en','node_search',1),('reset',20,'en','node_search',1),('resp',91,'en','node_search',27),('respiration',92,'en','node_search',27),('respiration',94,'en','node_search',27),('respond',20,'en','node_search',1),('restricted',27,'en','node_search',1),('result',30,'en','node_search',24.9381),('results',30,'en','node_search',6.94971),('retrieve',1,'en','node_search',1),('root',25,'en','node_search',1),('root',44,'en','node_search',27),('root',64,'en','node_search',27),('root',65,'en','node_search',27),('root',87,'en','node_search',27),('root',88,'en','node_search',54),('root',89,'en','node_search',27),('root',90,'en','node_search',27),('root',143,'en','node_search',27),('root',148,'en','node_search',27),('root',149,'en','node_search',27),('rooth',90,'en','node_search',27),('rooting',86,'en','node_search',27),('roots',50,'en','node_search',27),('roots',57,'en','node_search',27),('rubisco',78,'en','node_search',27),('run',1,'en','node_search',2),('run',9,'en','node_search',1),('run',10,'en','node_search',1),('run',21,'en','node_search',29),('run',23,'en','node_search',1.94583),('run',26,'en','node_search',1),('run',29,'en','node_search',1),('running',30,'en','node_search',1),('safari',20,'en','node_search',1),('same',23,'en','node_search',0.672252),('same',29,'en','node_search',2),('satfc',115,'en','node_search',27),('save',27,'en','node_search',15.0251),('saved',30,'en','node_search',1),('saving',27,'en','node_search',0.747619),('saving',30,'en','node_search',1),('search',27,'en','node_search',0.848323),('search',28,'en','node_search',1),('season',33,'en','node_search',27),('season',34,'en','node_search',27),('second',23,'en','node_search',4.61233),('section',22,'en','node_search',1),('section',24,'en','node_search',1),('section',25,'en','node_search',2),('section',26,'en','node_search',0.972861),('sections',22,'en','node_search',0.953396),('sections',26,'en','node_search',2),('sections',28,'en','node_search',1),('see',21,'en','node_search',1),('see',23,'en','node_search',5.27621),('see',26,'en','node_search',1),('see',27,'en','node_search',3.48139),('see',29,'en','node_search',2),('see',30,'en','node_search',1),('seen',27,'en','node_search',0.934703),('select',21,'en','node_search',1),('select',22,'en','node_search',1),('select',27,'en','node_search',2.43045),('select',29,'en','node_search',1),('select',30,'en','node_search',0.896076),('selected',27,'en','node_search',0.759465),('selected',28,'en','node_search',1),('selected',29,'en','node_search',1),('selected',30,'en','node_search',1),('selecting',29,'en','node_search',1),('selection',28,'en','node_search',1),('selections',27,'en','node_search',0.972861),('senescence',119,'en','node_search',27),('senescence',120,'en','node_search',27),('senescence',121,'en','node_search',27),('senescence',122,'en','node_search',27),('senescence',123,'en','node_search',27),('sensitivity',1,'en','node_search',1),('separate',25,'en','node_search',1),('separations',23,'en','node_search',1),('servers',20,'en','node_search',0.923838),('service',20,'en','node_search',0.896076),('set',21,'en','node_search',12),('set',22,'en','node_search',17.8573),('set',25,'en','node_search',1),('set',26,'en','node_search',30.9534),('set',27,'en','node_search',7.96498),('set',28,'en','node_search',31),('set',29,'en','node_search',12),('set',30,'en','node_search',2),('sets',21,'en','node_search',5),('sets',22,'en','node_search',46.1681),('sets',26,'en','node_search',1),('sets',27,'en','node_search',13),('sets',29,'en','node_search',2),('sets',30,'en','node_search',1),('settings',22,'en','node_search',1),('settings',23,'en','node_search',0.745294),('settings',26,'en','node_search',1.89603),('settings',27,'en','node_search',0.896076),('shaded',77,'en','node_search',27),('shape',85,'en','node_search',27),('shape',89,'en','node_search',27),('share',1,'en','node_search',1),('share',27,'en','node_search',3.81358),('share',29,'en','node_search',1),('shared',21,'en','node_search',2),('shared',22,'en','node_search',2),('shared',27,'en','node_search',1.84812),('shorter',23,'en','node_search',0.997306),('shorter',26,'en','node_search',4),('shortwave',24,'en','node_search',1),('should',23,'en','node_search',4.406),('should',29,'en','node_search',0.916736),('signed',20,'en','node_search',2.82673),('similar',23,'en','node_search',0.670377),('simpler',27,'en','node_search',0.845322),('simulated',25,'en','node_search',1),('simulation',13,'en','node_search',4),('simulation',21,'en','node_search',4),('simulation',22,'en','node_search',1.9496),('simulation',23,'en','node_search',14.0468),('simulation',26,'en','node_search',16),('simulation',28,'en','node_search',1),('simulation',29,'en','node_search',6.83843),('simulation',30,'en','node_search',20),('simulation',155,'en','node_search',4),('simulationcontrol',26,'en','node_search',0.989021),('since',29,'en','node_search',1),('single',1,'en','node_search',1),('single',21,'en','node_search',1),('site',8,'en','node_search',1),('site',13,'en','node_search',2),('site',20,'en','node_search',7.99731),('site',22,'en','node_search',6),('site',24,'en','node_search',31),('site',26,'en','node_search',5),('site',27,'en','node_search',1),('site',29,'en','node_search',1),('site',155,'en','node_search',2),('sites',22,'en','node_search',4),('sites',27,'en','node_search',0.784336),('sla',77,'en','node_search',54),('slope',85,'en','node_search',27),('slope',89,'en','node_search',27),('slope',102,'en','node_search',27),('slope',108,'en','node_search',27),('slowing',100,'en','node_search',27),('small',20,'en','node_search',2),('snow',129,'en','node_search',27),('soft',52,'en','node_search',27),('soft',59,'en','node_search',27),('soft',68,'en','node_search',27),('soft',69,'en','node_search',27),('soft',145,'en','node_search',27),('software',20,'en','node_search',1),('soi',23,'en','node_search',3.76836),('soil',5,'en','node_search',28),('soil',9,'en','node_search',11),('soil',10,'en','node_search',11),('soil',13,'en','node_search',24),('soil',22,'en','node_search',4),('soil',23,'en','node_search',26.1314),('soil',24,'en','node_search',1),('soil',25,'en','node_search',5),('soil',26,'en','node_search',4),('soil',29,'en','node_search',1),('soil',114,'en','node_search',27),('soil',115,'en','node_search',27),('soil',116,'en','node_search',27),('soil',155,'en','node_search',24),('soilstress',128,'en','node_search',27),('some',26,'en','node_search',1),('some',27,'en','node_search',0.899454),('someone',20,'en','node_search',1),('special',23,'en','node_search',4.04715),('special',27,'en','node_search',1),('specific',97,'en','node_search',27),('specific',98,'en','node_search',27),('specific',150,'en','node_search',27),('specific',154,'en','node_search',1),('specific',155,'en','node_search',1),('spinup',9,'en','node_search',28),('spinup',13,'en','node_search',41),('spinup',21,'en','node_search',8),('spinup',22,'en','node_search',5),('spinup',23,'en','node_search',4.15638),('spinup',26,'en','node_search',11),('spinup',29,'en','node_search',11.8648),('spinup',155,'en','node_search',41),('spinupini',30,'en','node_search',1),('spinuplog',28,'en','node_search',4),('spinuplog',30,'en','node_search',1.9534),('srad',23,'en','node_search',1),('standing',124,'en','node_search',27),('start',30,'en','node_search',13.3359),('start',31,'en','node_search',27),('start',117,'en','node_search',27),('start',139,'en','node_search',27),('starting',26,'en','node_search',1),('starts',30,'en','node_search',1),('statistics',20,'en','node_search',0.972861),('status',30,'en','node_search',21.9504),('stem',52,'en','node_search',27),('stem',59,'en','node_search',27),('stem',68,'en','node_search',27),('stem',69,'en','node_search',27),('stem',84,'en','node_search',27),('stem',145,'en','node_search',27),('stem',146,'en','node_search',27),('stem',147,'en','node_search',27),('steps',22,'en','node_search',1),('stomatal',23,'en','node_search',2.23941),('stomatal',80,'en','node_search',27),('store',20,'en','node_search',1),('stored',20,'en','node_search',1),('strategies',22,'en','node_search',9),('strategies',25,'en','node_search',30),('strategies',26,'en','node_search',1),('stress',25,'en','node_search',1),('stress',111,'en','node_search',27),('stress',112,'en','node_search',27),('stress',113,'en','node_search',27),('stress',116,'en','node_search',27),('structural',93,'en','node_search',27),('structure',23,'en','node_search',1.34451),('subset',23,'en','node_search',1.94583),('subset',26,'en','node_search',1),('such',20,'en','node_search',0.945829),('suggest',23,'en','node_search',1),('sunlit',77,'en','node_search',27),('support',1,'en','node_search',1),('support',25,'en','node_search',1),('symbiotic',95,'en','node_search',27),('system',1,'en','node_search',35),('system',21,'en','node_search',5),('system',27,'en','node_search',0.902857),('system',30,'en','node_search',1.9347),('szechenyi',1,'en','node_search',1),('tab',22,'en','node_search',1),('tab',27,'en','node_search',1),('tag',27,'en','node_search',0.740689),('tags',27,'en','node_search',8.79886),('take',23,'en','node_search',2.12138),('take',29,'en','node_search',1),('tall',8,'en','node_search',1),('tday',23,'en','node_search',1),('tdependence',36,'en','node_search',27),('tdependence',37,'en','node_search',27),('tdependence',38,'en','node_search',27),('tdependence',39,'en','node_search',27),('tdependence',40,'en','node_search',27),('tdependence',41,'en','node_search',27),('tdependence',42,'en','node_search',27),('tdependence',43,'en','node_search',27),('tell',20,'en','node_search',2),('temperature',24,'en','node_search',2),('temperature',35,'en','node_search',27),('temperature',36,'en','node_search',27),('temperature',37,'en','node_search',27),('temperature',38,'en','node_search',27),('temperature',39,'en','node_search',27),('temperature',40,'en','node_search',27),('temperature',41,'en','node_search',27),('temperature',42,'en','node_search',27),('temperature',43,'en','node_search',27),('temperature',96,'en','node_search',27),('temperature',104,'en','node_search',27),('temperature',105,'en','node_search',27),('temperature',106,'en','node_search',27),('temperature',107,'en','node_search',27),('temperature',111,'en','node_search',27),('temperature',112,'en','node_search',27),('temperature',122,'en','node_search',27),('temperature',123,'en','node_search',27),('temporal',27,'en','node_search',20.1736),('term',8,'en','node_search',1),('test',13,'en','node_search',27),('test',15,'en','node_search',27),('test',17,'en','node_search',27),('test',154,'en','node_search',27),('test',155,'en','node_search',67),('test2',16,'en','node_search',27),('tested',27,'en','node_search',0.754681),('testing',27,'en','node_search',3.4999),('text',20,'en','node_search',1),('text',23,'en','node_search',2.74402),('text',26,'en','node_search',3.98922),('text',27,'en','node_search',11.3218),('text',28,'en','node_search',1),('text',30,'en','node_search',1),('than',23,'en','node_search',0.993146),('than',29,'en','node_search',0.949597),('that',20,'en','node_search',2.92743),('that',22,'en','node_search',0.98493),('that',23,'en','node_search',2.83156),('that',25,'en','node_search',1),('that',26,'en','node_search',1),('that',27,'en','node_search',0.913226),('that',139,'en','node_search',27),('that',140,'en','node_search',27),('the',1,'en','node_search',44),('the',13,'en','node_search',4),('the',20,'en','node_search',8.91961),('the',21,'en','node_search',3),('the',22,'en','node_search',10.8965),('the',23,'en','node_search',65.5064),('the',24,'en','node_search',3),('the',25,'en','node_search',16),('the',26,'en','node_search',29.7741),('the',27,'en','node_search',21.1492),('the',28,'en','node_search',2),('the',29,'en','node_search',18.4536),('the',30,'en','node_search',43.6522),('the',138,'en','node_search',27),('the',155,'en','node_search',4),('them',20,'en','node_search',2.97685),('them',22,'en','node_search',2.96601),('them',26,'en','node_search',1),('them',29,'en','node_search',1),('then',23,'en','node_search',0.707906),('theoretical',93,'en','node_search',27),('theoretical',113,'en','node_search',27),('there',27,'en','node_search',2.60596),('there',30,'en','node_search',2.90115),('thermal',113,'en','node_search',27),('these',20,'en','node_search',3.9052),('these',23,'en','node_search',4.07788),('these',26,'en','node_search',1),('these',27,'en','node_search',4.5999),('these',29,'en','node_search',1),('these',30,'en','node_search',1),('they',20,'en','node_search',1.99731),('things',20,'en','node_search',1),('think',20,'en','node_search',1),('thinning',23,'en','node_search',0.906287),('this',20,'en','node_search',11.9458),('this',23,'en','node_search',0.693594),('this',25,'en','node_search',2),('this',26,'en','node_search',1),('this',27,'en','node_search',0.886095),('this',28,'en','node_search',1),('this',30,'en','node_search',2),('thn',23,'en','node_search',3.49253),('those',26,'en','node_search',0.949597),('threshold',25,'en','node_search',2),('through',26,'en','node_search',1),('thu',30,'en','node_search',1),('time',20,'en','node_search',2),('time',96,'en','node_search',27),('times',27,'en','node_search',1),('tissue',92,'en','node_search',27),('tissue',152,'en','node_search',27),('title',19,'en','node_search',1),('title',26,'en','node_search',0.923838),('title',27,'en','node_search',3.95608),('tmax',23,'en','node_search',1),('tmin',23,'en','node_search',1),('tmin',132,'en','node_search',27),('tmin',133,'en','node_search',27),('together',23,'en','node_search',0.879565),('tolerance',127,'en','node_search',27),('tools',20,'en','node_search',1),('top',27,'en','node_search',3),('top',30,'en','node_search',1),('tower',8,'en','node_search',1),('track',20,'en','node_search',1),('transfer',33,'en','node_search',27),('transfergddflag',33,'en','node_search',27),('transfergddflag',34,'en','node_search',27),('transient',23,'en','node_search',4.15417),('transient',29,'en','node_search',0.976851),('truncated',23,'en','node_search',0.989021),('tue',11,'en','node_search',1),('tue',12,'en','node_search',1),('tue',20,'en','node_search',0.889397),('tue',21,'en','node_search',1),('tue',22,'en','node_search',1),('tue',23,'en','node_search',1),('tue',25,'en','node_search',1),('tue',26,'en','node_search',1),('tue',27,'en','node_search',1),('tue',28,'en','node_search',1),('tue',153,'en','node_search',1),('tue',154,'en','node_search',1),('turnover',44,'en','node_search',27),('turnover',45,'en','node_search',27),('turnover',124,'en','node_search',27),('turnover',125,'en','node_search',27),('turnover',126,'en','node_search',27),('txt',23,'en','node_search',9.50163),('txt',30,'en','node_search',1),('type',20,'en','node_search',1),('type',26,'en','node_search',1),('type',27,'en','node_search',9.56492),('type',28,'en','node_search',6),('type',30,'en','node_search',0.909743),('types',20,'en','node_search',1),('types',21,'en','node_search',1),('types',23,'en','node_search',1),('types',27,'en','node_search',2.64821),('types',30,'en','node_search',1),('typical',23,'en','node_search',0.685676),('typically',23,'en','node_search',0.695602),('unconstrained',131,'en','node_search',27),('unconstrained',133,'en','node_search',27),('unconstrained',135,'en','node_search',27),('unconstrained',137,'en','node_search',27),('under',130,'en','node_search',27),('under',132,'en','node_search',27),('under',135,'en','node_search',27),('under',136,'en','node_search',27),('unit',91,'en','node_search',27),('units',14,'en','node_search',11),('unless',20,'en','node_search',0.997306),('unlike',23,'en','node_search',0.779231),('unlimited',29,'en','node_search',1),('unshared',21,'en','node_search',1),('unshared',22,'en','node_search',1),('unshared',27,'en','node_search',1.83012),('upload',1,'en','node_search',1),('upload',23,'en','node_search',6.26487),('uploaded',21,'en','node_search',2),('uploaded',22,'en','node_search',4.99315),('uploaded',26,'en','node_search',2),('uploaded',27,'en','node_search',3),('upper',123,'en','node_search',27),('use',20,'en','node_search',6.88205),('use',21,'en','node_search',2),('use',22,'en','node_search',7.9156),('use',23,'en','node_search',17.6133),('use',26,'en','node_search',2),('use',27,'en','node_search',7.35046),('use',28,'en','node_search',2),('use',73,'en','node_search',27),('used',23,'en','node_search',2.87295),('used',27,'en','node_search',8.57828),('used',29,'en','node_search',0.989021),('useful',27,'en','node_search',0.830633),('useful',30,'en','node_search',0.968904),('user',14,'en','node_search',11),('user',20,'en','node_search',1),('user',21,'en','node_search',11),('user',23,'en','node_search',25.4424),('user',26,'en','node_search',11),('user',27,'en','node_search',0.909743),('user',29,'en','node_search',11),('username',20,'en','node_search',0.942091),('users',1,'en','node_search',2),('users',20,'en','node_search',1),('users',21,'en','node_search',1),('users',22,'en','node_search',1),('users',27,'en','node_search',2.49588),('uses',20,'en','node_search',1),('uses',26,'en','node_search',1),('using',21,'en','node_search',1),('using',27,'en','node_search',0.889397),('using',28,'en','node_search',1),('usual',25,'en','node_search',2),('usually',29,'en','node_search',1),('value',23,'en','node_search',6.32997),('value',25,'en','node_search',5),('value',26,'en','node_search',0.953396),('value',29,'en','node_search',0.980874),('value',116,'en','node_search',27),('value',127,'en','node_search',27),('values',23,'en','node_search',2),('vapor',117,'en','node_search',27),('vapor',118,'en','node_search',27),('variables',11,'en','node_search',27),('variables',14,'en','node_search',22),('various',1,'en','node_search',1),('varying',23,'en','node_search',1.38274),('vegetation',47,'en','node_search',27),('vegper',139,'en','node_search',27),('vegper',140,'en','node_search',27),('vernalization',103,'en','node_search',27),('vernalization',104,'en','node_search',27),('vernalization',105,'en','node_search',27),('vernalization',106,'en','node_search',27),('vernalization',107,'en','node_search',27),('vernalization',108,'en','node_search',27),('vernalization',109,'en','node_search',54),('version',14,'en','node_search',1),('version',23,'en','node_search',2.12635),('version',29,'en','node_search',1),('visit',20,'en','node_search',2.99731),('visited',20,'en','node_search',1),('visits',20,'en','node_search',1.96498),('vpd',23,'en','node_search',1),('vpd',134,'en','node_search',27),('vpd',135,'en','node_search',27),('vwc',114,'en','node_search',27),('vwc',115,'en','node_search',27),('vwcratio',99,'en','node_search',27),('want',22,'en','node_search',2.9496),('was',1,'en','node_search',1),('water',25,'en','node_search',3),('water',71,'en','node_search',27),('way',25,'en','node_search',1),('web',19,'en','node_search',11),('website',14,'en','node_search',1),('website',20,'en','node_search',12),('websites',20,'en','node_search',1),('wed',2,'en','node_search',1),('wed',3,'en','node_search',1),('wed',4,'en','node_search',1),('wed',13,'en','node_search',1),('wed',14,'en','node_search',1),('wed',19,'en','node_search',1),('wed',29,'en','node_search',1),('wed',155,'en','node_search',1),('weeks',27,'en','node_search',0.866793),('weight',84,'en','node_search',27),('weight',88,'en','node_search',27),('weight',90,'en','node_search',27),('were',22,'en','node_search',0.997306),('were',30,'en','node_search',1),('western',8,'en','node_search',1),('what',20,'en','node_search',4),('what',30,'en','node_search',0.945829),('when',20,'en','node_search',1.93105),('when',21,'en','node_search',1),('when',27,'en','node_search',2.76374),('when',31,'en','node_search',27),('when',32,'en','node_search',27),('when',33,'en','node_search',27),('when',34,'en','node_search',27),('where',27,'en','node_search',0.78951),('whether',20,'en','node_search',1.92384),('whether',23,'en','node_search',0.679856),('whether',29,'en','node_search',0.909743),('which',20,'en','node_search',0.916736),('which',21,'en','node_search',1),('which',22,'en','node_search',1),('which',25,'en','node_search',1),('which',26,'en','node_search',0.945829),('which',27,'en','node_search',1.85746),('which',28,'en','node_search',1),('which',29,'en','node_search',1),('which',30,'en','node_search',2.90974),('whole',23,'en','node_search',0.742984),('wholeplant',47,'en','node_search',27),('will',20,'en','node_search',1.96109),('will',23,'en','node_search',1.94583),('will',26,'en','node_search',1),('will',27,'en','node_search',0.879565),('will',28,'en','node_search',1),('wilted',124,'en','node_search',27),('with',14,'en','node_search',11),('with',20,'en','node_search',0.909743),('with',22,'en','node_search',1),('with',23,'en','node_search',1.67414),('with',24,'en','node_search',1),('with',27,'en','node_search',8.79839),('with',28,'en','node_search',1),('with',29,'en','node_search',2.89945),('within',23,'en','node_search',0.736141),('without',27,'en','node_search',1),('wood',45,'en','node_search',27),('wood',53,'en','node_search',27),('wood',54,'en','node_search',27),('wood',60,'en','node_search',27),('wood',61,'en','node_search',27),('wood',70,'en','node_search',27),('woody',126,'en','node_search',27),('woody',146,'en','node_search',27),('woody',147,'en','node_search',27),('words',27,'en','node_search',0.779231),('work',20,'en','node_search',0.920273),('working',1,'en','node_search',11),('write',28,'en','node_search',7),('writing',13,'en','node_search',1),('writing',28,'en','node_search',4),('writing',155,'en','node_search',1),('wrong',30,'en','node_search',0.98493),('wwwdata',3,'en','node_search',1),('wwwdata',4,'en','node_search',1),('yday',23,'en','node_search',1),('year',13,'en','node_search',2),('year',23,'en','node_search',16.6405),('year',26,'en','node_search',12),('year',29,'en','node_search',2.97),('year',155,'en','node_search',2),('yearday',31,'en','node_search',27),('yearday',32,'en','node_search',27),('years',13,'en','node_search',3),('years',23,'en','node_search',8.51162),('years',26,'en','node_search',12),('years',29,'en','node_search',1.90692),('years',155,'en','node_search',3),('yes',2,'en','node_search',1),('yes',3,'en','node_search',1),('yes',4,'en','node_search',1),('yes',5,'en','node_search',1),('yes',6,'en','node_search',1),('yes',7,'en','node_search',1),('yes',8,'en','node_search',1),('yes',9,'en','node_search',1),('yes',10,'en','node_search',1),('yes',12,'en','node_search',1),('yes',13,'en','node_search',1),('yes',15,'en','node_search',1),('yes',16,'en','node_search',1),('yes',17,'en','node_search',1),('yes',154,'en','node_search',1),('yes',155,'en','node_search',1),('you',20,'en','node_search',15.5786),('you',21,'en','node_search',9),('you',22,'en','node_search',17.8148),('you',23,'en','node_search',12.4102),('you',24,'en','node_search',1),('you',26,'en','node_search',3.95723),('you',27,'en','node_search',3.75677),('you',29,'en','node_search',2.91674),('you',30,'en','node_search',1.9496),('your',20,'en','node_search',4.94209),('your',21,'en','node_search',1),('your',22,'en','node_search',3.9496),('your',23,'en','node_search',1),('zoltan',1,'en','node_search',15),('zone',25,'en','node_search',1),('zone',86,'en','node_search',27);

--
-- Table structure for table `search_total`
--

CREATE TABLE `search_total` (
  `word` varchar(50) NOT NULL DEFAULT '' COMMENT 'Primary Key: Unique word in the search index.',
  `count` float DEFAULT NULL COMMENT 'The count of the word in the index using Zipf''s law to equalize the probability distribution.',
  PRIMARY KEY (`word`)
) ENGINE=InnoDB DEFAULT CHARSET=utf8mb4 COMMENT='Stores search totals for words.';

--
-- Dumping data for table `search_total`
--

INSERT INTO `search_total` VALUES ('020dim',0.30103),('1',0.00164195),('10',0.0791812),('100',0.124939),('101',0.30103),('1015',0.30103),('102',0.30103),('103',0.30103),('1034',0.30103),('104',0.30103),('105',0.30103),('106',0.30103),('107',0.30103),('108',0.30103),('109',0.30103),('11',0.30103),('110',0.30103),('1107',0.30103),('113',0.30103),('114',0.30103),('115',0.30103),('1152021',0.00354528),('116',0.30103),('117',0.30103),('118',0.30103),('119',0.30103),('1192021',0.176091),('12',0.30103),('120',0.30103),('1201',0.30103),('1202021',0.30103),('1203',0.30103),('121',0.30103),('1213',0.30103),('1219',0.30103),('122',0.30103),('123',0.30103),('1235',0.30103),('1242',0.176091),('1249',0.30103),('1259',0.30103),('127',0.30103),('128',0.30103),('129',0.30103),('13',0.30103),('130',0.30103),('131',0.30103),('132',0.30103),('1321',0.30103),('133',0.30103),('1335',0.30103),('1337',0.30103),('134',0.30103),('1343',0.30103),('135',0.30103),('136',0.30103),('137',0.30103),('138',0.30103),('139',0.30103),('14',0.30103),('1410',0.30103),('1428',0.30103),('15',0.30103),('1525',0.30103),('1542',0.30103),('1546',0.30103),('16',0.30103),('1603',0.30103),('1614',0.176091),('1629',0.30103),('17',0.30103),('171',0.124939),('1727',0.30103),('1731',0.30103),('1742',0.30103),('1753',0.30103),('1754',0.30103),('18',0.30103),('1830',0.30103),('1850',0.30103),('1851',0.30103),('19',0.30103),('19002018',0.00232866),('19012016',0.00464491),('1945',0.00354528),('1961',0.124939),('2',0.00437052),('20',0.30103),('2007',0.124939),('2020',0.30103),('20210120',0.30103),('20210202',0.124939),('2033',0.30103),('2065',0.124939),('21',0.30103),('2105',0.30103),('22',0.30103),('23',0.30103),('24',0.30103),('2480',0.30103),('25',0.30103),('2502',0.124939),('2520',0.124939),('26',0.30103),('2603',0.124939),('2604',0.124939),('2636',0.124939),('27',0.30103),('2716',0.124939),('28',0.30103),('29',0.30103),('3',0.00998422),('30',0.0791812),('3009',0.124939),('3014',0.124939),('31',0.176091),('32',0.30103),('33',0.30103),('34',0.30103),('35',0.30103),('36',0.30103),('365',0.0515592),('37',0.30103),('38',0.30103),('39',0.30103),('4',0.0157943),('40',0.30103),('41',0.30103),('42',0.30103),('43',0.30103),('44',0.30103),('45',0.30103),('46',0.30103),('4695',0.30103),('47',0.30103),('48',0.30103),('49',0.30103),('5',0.30103),('50',0.0669468),('51',0.30103),('5182020',0.30103),('52',0.30103),('5202020',0.124939),('5222020',0.124939),('5252020',0.124939),('5262020',0.176091),('5272020',0.176091),('53',0.30103),('54',0.09691),('55',0.30103),('56',0.30103),('57',0.30103),('58',0.30103),('59',0.30103),('6',0.0347621),('60',0.0147233),('6000',0.124939),('6012020',0.124939),('61',0.30103),('6172020',0.30103),('61beta33',0.30103),('62',0.30103),('6232020',0.0994485),('6262020',0.30103),('63',0.30103),('6302020',0.09691),('64',0.30103),('65',0.30103),('66',0.30103),('67',0.30103),('671',0.124939),('68',0.30103),('69',0.30103),('7',0.00393029),('70',0.0142404),('7012020',0.30103),('7022020',0.30103),('71',0.30103),('72',0.30103),('73',0.30103),('74',0.30103),('75',0.124939),('77',0.30103),('78',0.30103),('79',0.30103),('80',0.30103),('81',0.30103),('82',0.30103),('83',0.30103),('84',0.30103),('85',0.30103),('86',0.30103),('87',0.30103),('88',0.30103),('89',0.30103),('9',0.0791812),('90',0.30103),('900',0.30103),('91',0.30103),('913',0.30103),('92',0.30103),('93',0.30103),('958',0.30103),('96',0.30103),('97',0.30103),('98',0.30103),('99',0.30103),('9999',0.00200598),('aborted',0.0795801),('about',0.00518657),('above',0.0038783),('aboveground',0.0157943),('acceptable',0.30103),('access',0.30103),('acclimation',0.0157943),('accordance',0.213081),('account',0.0962694),('acknowledgements',0.09691),('action',0.30103),('activities',0.30103),('add',0.00570447),('added',0.30103),('adding',0.0457575),('address',0.30103),('admin',0.00798465),('after',0.0739744),('agromo',0.0377886),('agromoagrarmtahu',0.0377886),('aim',0.30103),('air',0.176091),('al2015',0.00796893),('albedo',0.30103),('all',0.0531928),('allocation',0.00200598),('allow',0.30103),('allowed',0.18315),('allows',0.30103),('allsided',0.0157943),('already',0.176091),('also',0.0977625),('always',0.30103),('ammonium',0.30103),('amount',0.01524),('analysis',0.30103),('analytics',0.0669468),('and',0.00206348),('annavgout',0.176091),('annout',0.176091),('annual',0.00491143),('annually',0.236056),('anonymous',0.00337974),('another',0.0855405),('anoxic',0.0157943),('any',0.0423904),('appear',0.30103),('appearing',0.30103),('appears',0.30103),('applied',0.30103),('appropriate',0.0675117),('appropriately',0.30103),('are',0.00759593),('area',0.00259281),('ascii',0.0579919),('assimilation',0.00400274),('asymbiotic',0.0157943),('attention',0.30103),('authorized',0.30103),('autocomplete',0.0359728),('automatically',0.185529),('automplete',0.0338645),('available',0.0122385),('average',0.0075944),('avoid',0.01524),('back',0.30103),('barcza',0.0280287),('bare',0.30103),('base',0.0157943),('basic',0.30103),('basis',0.00393029),('bbgc',0.0299632),('bbgcdb',0.176091),('bbgcmuso6',0.00464491),('bbgcmuso6epcparamsxls',0.0377886),('before',0.0321847),('begin',0.30103),('below',0.0393141),('belowground',0.0157943),('between',0.30103),('binary',0.09691),('biomass',0.00532883),('biomebgc',0.00659403),('biomebgcmuso',0.00768683),('biomebgcmuso6',0.00496342),('biomebgcmuso61b33outputsxlsx',0.0193052),('both',0.30103),('bottom',0.19651),('boundary',0.0157943),('box',0.138126),('boxes',0.0857708),('browser',0.176091),('but',0.0470992),('button',0.0303489),('bzoli',0.30103),('calc',0.00796893),('calculated',0.30103),('called',0.124939),('can',0.00827703),('cannot',0.069142),('canopy',0.00520119),('carbohydrates',0.00796893),('carbon',0.00131405),('carboxylase',0.0157943),('carlo',0.30103),('case',0.176091),('cases',0.11357),('cellulose',0.00320514),('celsius',0.09691),('change',0.30103),('changed',0.180387),('characters',0.30103),('check',0.016238),('checked',0.30103),('click',0.189311),('clicking',0.0584862),('closed',0.0323931),('closing',0.30103),('co2',0.00320938),('coarse',0.00796893),('coefficient',0.00320514),('coherent',0.30103),('column',0.30103),('combined',0.176091),('come',0.30103),('complete',0.011281),('computer',0.30103),('concentration',0.30103),('condition',0.30103),('conditional',0.00954532),('conductance',0.00281999),('conductancenormaltxt',0.30103),('conductancespinuptxt',0.30103),('conductancetransienttxt',0.30103),('conductancetxt',0.30103),('connect',0.30103),('consists',0.176091),('constant',0.235774),('constants',0.30103),('constrained',0.00400274),('contact',0.180669),('contain',0.0535582),('contains',0.09691),('content',0.00147925),('contents',0.0269397),('contrary',0.30103),('control',0.126219),('conversion',0.0157943),('cookie',0.124939),('cookies',0.0120455),('corresponding',0.00796893),('correspondingly',0.30103),('covering',0.126931),('create',0.0104799),('created',0.0299632),('creating',0.176091),('creation',0.0235207),('crit',0.0157943),('critical',0.00176902),('csv',0.0157943),('csvfiles',0.30103),('csvgenerate',0.0377886),('ctrl',0.30103),('current',0.00173976),('customise',0.30103),('cutdown',0.00796893),('cuticular',0.0157943),('daily',0.040315),('data',0.00229122),('database',0.00553604),('day',0.00170773),('daylen',0.30103),('daylength',0.00532883),('dayout',0.176091),('days',0.0131013),('dead',0.00320514),('december',0.30103),('decimal',0.30103),('decreases',0.30103),('default',0.0680394),('deficit',0.00796893),('defined',0.102709),('degrees',0.176091),('delay',0.0157943),('delete',0.0170333),('deleted',0.140796),('deleting',0.30103),('depend',0.30103),('depending',0.30103),('deposition',0.30103),('depth',0.00528308),('description',0.0571451),('desired',0.30103),('detailed',0.0584394),('details',0.30103),('determine',0.30103),('determined',0.0669468),('determines',0.30103),('development',0.00520119),('dialog',0.0856015),('different',0.30103),('dioxide',0.30103),('directly',0.125929),('directory',0.0164288),('display',0.30103),('displayed',0.00400274),('distribution',0.0157943),('does',0.0570471),('don',0.176091),('dora',0.0280287),('dorakra',0.30103),('downloaded',0.30103),('dr8',0.0377886),('drought',0.0157943),('dry',0.0022918),('dsws',0.0157943),('during',0.102093),('each',0.051151),('easily',0.30103),('ecosystem',0.09691),('edit',0.0170333),('editable',0.30103),('edited',0.19672),('editing',0.176091),('editor',0.30103),('editors',0.30103),('effect',0.00178355),('effects',0.0157943),('efficiency',0.0157943),('either',0.235491),('elements',0.30103),('elevation',0.30103),('eliminating',0.30103),('eltehu',0.30103),('email',0.30103),('emergence',0.0157943),('empty',0.17829),('enable',0.0890638),('end',0.00796893),('enough',0.30103),('epc',0.00461437),('equal',0.0798054),('error',0.0977625),('especially',0.30103),('etc',0.0761751),('european',0.30103),('even',0.176091),('events',0.0157943),('every',0.30103),('exactly',0.0842727),('example',0.00334655),('excel',0.0377886),('except',0.30103),('executable',0.30103),('execute',0.00706185),('executed',0.30103),('executes',0.176091),('existing',0.0263289),('experience',0.30103),('experiments',0.30103),('explorer',0.30103),('extension',0.136757),('extensions',0.192775),('extent',0.30103),('external',0.167206),('extinction',0.0157943),('extra',0.30103),('extreme',0.00532883),('factor',0.00796893),('failed',0.0280287),('fcwp',0.00796893),('ferenc',0.0280287),('fertilizing',0.30103),('few',0.30103),('field',0.0113928),('fields',0.00647759),('file',0.00337793),('filename',0.0431109),('filenames',0.11392),('files',0.00417939),('fill',0.30103),('filling',0.30103),('filtered',0.118485),('find',0.0799177),('finding',0.0960096),('fine',0.00267259),('finished',0.176091),('fire',0.0157943),('first',0.00582785),('fit',0.09691),('fix',0.30103),('fixation',0.0157943),('fixed',0.0747728),('flag',0.00796893),('flowering',0.00400274),('flux',0.176091),('follow',0.30103),('followed',0.30103),('following',0.30103),('follows',0.30103),('for',0.000862413),('forget',0.30103),('form',0.0791812),('format',0.30103),('formats',0.114967),('forms',0.0234811),('found',0.0981696),('fraction',0.00200598),('fri',0.00343318),('from',0.00249173),('fruit',0.00320514),('frz',0.111114),('full',0.00267259),('function',0.00796893),('fund',0.30103),('funded',0.30103),('gather',0.30103),('gave',0.30103),('gdd',0.0157943),('general',0.00534251),('generate',0.098512),('generates',0.30103),('generating',0.0157943),('generation',0.30103),('geographical',0.30103),('germination',0.00796893),('ginop23215201600028',0.30103),('given',0.30103),('gmailcom',0.30103),('google',0.0193052),('government',0.30103),('grass',0.00459575),('grasslands',0.30103),('grazing',0.30103),('greater',0.0157943),('groundwater',0.0256797),('groundwaternormaltxt',0.223018),('groundwaterspinuptxt',0.222471),('growing',0.00796893),('grown',0.0157943),('growth',0.00198762),('grz',0.110057),('gsi',0.00796893),('guide',0.0062763),('happened',0.30103),('happens',0.125036),('harvesting',0.30103),('has',0.133297),('have',0.0154643),('header',0.30103),('heat',0.00796893),('heatsum',0.00796893),('hegyhatsal',0.000739225),('height',0.00520119),('help',0.0159161),('hhs',0.0045005),('high',0.00796893),('hit',0.30103),('homepage',0.30103),('horvath',0.0280287),('horvathferenc',0.30103),('how',0.0115819),('hrv',0.11041),('http',0.0377886),('huhe2',0.000925015),('hungarian',0.30103),('hungary',0.176091),('identify',0.30103),('ignore',0.135331),('ignored',0.30103),('immediately',0.30103),('implementation',0.30103),('included',0.125782),('incompatible',0.30103),('incomplete',0.30103),('index',0.00198762),('individual',0.30103),('individuals',0.30103),('information',0.00637369),('ini',0.00105583),('initialisation',0.30103),('initialization',0.0157943),('initiated',0.126931),('input',0.00224569),('inputs',0.0208537),('inquiries',0.30103),('instead',0.1325),('instructions',0.127046),('interception',0.0157943),('internet',0.30103),('interval',0.09691),('into',0.0996803),('investigations',0.09691),('irr',0.111466),('irrigated',0.30103),('irrigating',0.30103),('irrigation',0.176091),('item',0.0549009),('items',0.0447445),('its',0.124939),('ittzes',0.0280287),('jiang',0.00796893),('just',0.30103),('kgc',0.0157943),('know',0.185149),('labile',0.00400274),('lai',0.176091),('last',0.176286),('later',0.198842),('latitude',0.30103),('layer',0.0157943),('leaf',0.00157639),('leap',0.30103),('learning',0.205834),('least',0.30103),('leave',0.30103),('leaves',0.00768683),('length',0.00744541),('less',0.0157943),('let',0.30103),('lifetime',0.0157943),('light',0.0157943),('like',0.0460204),('limit',0.00267259),('limit1',0.00320514),('limit2',0.00267259),('limiting',0.0157943),('line',0.0423044),('lines',0.141144),('link',0.0178719),('list',0.0120583),('listed',0.30103),('litter',0.00145007),('litterfall',0.00796893),('live',0.00320514),('location',0.30103),('log',0.30103),('logged',0.30103),('long',0.0981008),('longer',0.30103),('lower',0.0157943),('made',0.30103),('main',0.0511525),('mainly',0.30103),('maintainer',0.30103),('maintanance',0.0157943),('maintenance',0.0157943),('make',0.136819),('manage',0.176091),('management',0.00237409),('managment',0.30103),('mandatory',0.01524),('many',0.0675117),('material',0.00532883),('matter',0.0022918),('max',0.0157943),('maximal',0.0157943),('maximum',0.00171497),('maxmimum',0.00796893),('may',0.30103),('mce',0.00454763),('mean',0.176091),('means',0.124939),('measurement',0.30103),('memory',0.30103),('menu',0.0282723),('met',0.0791812),('meteorological',0.0142675),('meteorology',0.0347621),('meters',0.30103),('method',0.30103),('methods',0.0492815),('mgm',0.0604551),('minimum',0.0050208),('missing',0.0800189),('mixing',0.30103),('mobile',0.30103),('model',0.00689238),('modelling',0.09691),('moisture',0.00520119),('mon',0.0579919),('monavgout',0.176091),('monitoring',0.30103),('monte',0.30103),('more',0.00713362),('mortality',0.00150269),('mortalitynormaltxt',0.30103),('mortalityspinuptxt',0.30103),('mortalitytransienttxt',0.30103),('mortalitytxt',0.30103),('moving',0.0157943),('mow',0.109704),('mowing',0.00664043),('mtc43',0.0986004),('multiple',0.30103),('multiplicator',0.0157943),('muso',0.00659403),('muso6',0.00411657),('must',0.0353078),('name',0.0143675),('named',0.30103),('natural',0.30103),('navigation',0.0579919),('ndep',0.00323215),('ndeposition',0.30103),('necessary',0.135011),('nee',0.30103),('need',0.034903),('needed',0.30103),('new',0.00674424),('next',0.30103),('nitrogen',0.30103),('nonascii',0.30103),('none',0.124939),('nonstructural',0.00796893),('nonstructured',0.0157943),('nonwoody',0.0157943),('normal',0.00289557),('normalini',0.30103),('not',0.0170985),('note',0.0831355),('notes',0.0248236),('nothing',0.30103),('number',0.00276534),('numeric',0.30103),('occured',0.30103),('occurs',0.30103),('offday',0.0354014),('offdaynormaltxt',0.30103),('offdayspinup',0.30103),('offdaytransienttxt',0.30103),('official',0.30103),('often',0.30103),('okologiamtahu',0.30103),('onday',0.0110585),('ondaynormaltxt',0.30103),('ondayspinup',0.30103),('ondaytransienttxt',0.30103),('one',0.0390883),('ones',0.0791812),('online',0.09691),('only',0.0545198),('optimal1',0.00796893),('optimal2',0.00796893),('option',0.30103),('optional',0.0329543),('options',0.141182),('order',0.0888428),('organisation',0.30103),('other',0.00793738),('others',0.0697843),('our',0.181785),('out',0.0812223),('outannavgout',0.09691),('outannout',0.09691),('outdayout',0.09691),('outlog',0.0791812),('outmonavgout',0.09691),('output',0.00183591),('outputlog',0.30103),('outputparameters',0.30103),('outputs',0.01524),('own',0.176091),('owner',0.10406),('page',0.070057),('pages',0.09691),('paramater',0.30103),('parameter',0.00309108),('parameter1',0.0157943),('parameter2',0.0157943),('parameters',0.00770191),('particular',0.183687),('pay',0.30103),('pdf',0.00659403),('pep',0.0157943),('per',0.00771593),('performance',0.0791812),('period',0.00796893),('phase',0.0526922),('phases',0.124939),('phenology',0.00796893),('phenophase',0.0026401),('phone',0.30103),('photoperiodic',0.0157943),('photoslow',0.00796893),('photosyn',0.0157943),('photosynthesis',0.00796893),('pipelined',0.176091),('planned',0.176091),('plant',0.00262826),('planting',0.30103),('please',0.106281),('plg',0.110762),('ploughing',0.30103),('plt',0.108997),('positive',0.30103),('possibilities',0.0300341),('possible',0.30103),('potential',0.0157943),('prcp',0.30103),('predefined',0.30103),('preferences',0.176091),('prefix',0.30103),('preparation',0.0102192),('pressure',0.00796893),('previously',0.0280411),('proba',0.124939),('programme',0.30103),('progress',0.176091),('project',0.00204694),('projected',0.00315852),('projects',0.00561016),('prop',0.00318166),('proportion',0.00158792),('protection',0.0157943),('provide',0.30103),('provided',0.19651),('providing',0.30103),('public',0.30103),('purposes',0.19693),('radiation',0.00532883),('randomise',0.176091),('range',0.0791812),('rate',0.00267259),('ratio',0.00389504),('reaches',0.30103),('reactive',0.30103),('read',0.00652481),('realistic',0.0895045),('reasons',0.30103),('recognise',0.30103),('recommended',0.0622103),('reduction',0.00796893),('redundant',0.30103),('refer',0.30103),('referred',0.130321),('refers',0.30103),('regardless',0.150138),('regional',0.30103),('regionally',0.30103),('register',0.30103),('registered',0.30103),('registration',0.0699257),('relative',0.00796893),('remembers',0.30103),('representative',0.30103),('required',0.0134137),('requirements',0.0222764),('reset',0.30103),('resp',0.0157943),('respiration',0.00796893),('respond',0.30103),('restricted',0.30103),('result',0.0170748),('results',0.0583846),('retrieve',0.30103),('root',0.00145492),('rooth',0.0157943),('rooting',0.0157943),('roots',0.00796893),('rubisco',0.0157943),('run',0.0115986),('running',0.30103),('safari',0.30103),('same',0.138055),('satfc',0.0157943),('save',0.0279834),('saved',0.30103),('saving',0.19651),('search',0.187811),('season',0.00796893),('second',0.0852228),('section',0.0795761),('sections',0.0979327),('see',0.0304731),('seen',0.30103),('select',0.0637328),('selected',0.102432),('selecting',0.30103),('selection',0.30103),('selections',0.30103),('senescence',0.00320514),('sensitivity',0.30103),('separate',0.30103),('separations',0.30103),('servers',0.30103),('service',0.30103),('set',0.00376747),('sets',0.00632465),('settings',0.0864988),('shaded',0.0157943),('shape',0.00796893),('share',0.0689317),('shared',0.068555),('shorter',0.0792203),('shortwave',0.30103),('should',0.0747702),('signed',0.131544),('similar',0.30103),('simpler',0.30103),('simulated',0.30103),('simulation',0.00600404),('simulationcontrol',0.30103),('since',0.30103),('single',0.176091),('site',0.00755349),('sites',0.0824318),('sla',0.00796893),('slope',0.00400274),('slowing',0.0157943),('small',0.176091),('snow',0.0157943),('soft',0.00320514),('software',0.30103),('soi',0.102217),('soil',0.00196842),('soilstress',0.0157943),('some',0.183687),('someone',0.30103),('special',0.0785046),('specific',0.00520119),('spinup',0.00288528),('spinupini',0.30103),('spinuplog',0.0674322),('srad',0.30103),('standing',0.0157943),('start',0.00457947),('starting',0.30103),('starts',0.30103),('statistics',0.30103),('status',0.0193478),('stem',0.00200598),('steps',0.30103),('stomatal',0.0146047),('store',0.30103),('stored',0.30103),('strategies',0.0107239),('stress',0.00396619),('structural',0.0157943),('structure',0.241488),('subset',0.126931),('such',0.30103),('suggest',0.30103),('sunlit',0.0157943),('support',0.176091),('symbiotic',0.0157943),('system',0.0100216),('szechenyi',0.30103),('tab',0.176091),('tag',0.30103),('tags',0.0467492),('take',0.120696),('tall',0.30103),('tday',0.30103),('tdependence',0.00200598),('tell',0.176091),('temperature',0.000889037),('temporal',0.0210113),('term',0.30103),('test',0.00247462),('test2',0.0157943),('tested',0.30103),('testing',0.109147),('text',0.0201518),('than',0.180337),('that',0.00676937),('the',0.00143877),('them',0.0514995),('then',0.30103),('theoretical',0.00796893),('there',0.0724644),('thermal',0.0157943),('these',0.0270121),('they',0.176286),('things',0.30103),('think',0.30103),('thinning',0.30103),('this',0.0216916),('thn',0.109351),('those',0.30103),('threshold',0.176091),('through',0.30103),('thu',0.30103),('time',0.0147233),('times',0.30103),('tissue',0.00796893),('title',0.068212),('tmax',0.30103),('tmin',0.00782534),('together',0.30103),('tolerance',0.0157943),('tools',0.30103),('top',0.09691),('tower',0.30103),('track',0.30103),('transfer',0.0157943),('transfergddflag',0.00796893),('transient',0.077329),('truncated',0.30103),('tue',0.0350728),('turnover',0.00320514),('txt',0.0395027),('type',0.0228934),('types',0.060855),('typical',0.30103),('typically',0.30103),('unconstrained',0.00400274),('under',0.00400274),('unit',0.0157943),('units',0.0377886),('unless',0.30103),('unlike',0.30103),('unlimited',0.30103),('unshared',0.100745),('upload',0.0560082),('uploaded',0.0347812),('upper',0.0157943),('use',0.0059281),('used',0.0335783),('useful',0.191925),('user',0.00604438),('username',0.30103),('users',0.0543858),('uses',0.176091),('using',0.129075),('usual',0.176091),('usually',0.30103),('value',0.00640902),('values',0.176091),('vapor',0.00796893),('variables',0.00877392),('various',0.30103),('varying',0.236336),('vegetation',0.0157943),('vegper',0.00796893),('vernalization',0.00200598),('version',0.0942421),('visit',0.125036),('visited',0.30103),('visits',0.178664),('vpd',0.00782534),('vwc',0.00796893),('vwcratio',0.0157943),('want',0.12679),('was',0.30103),('water',0.0142404),('way',0.30103),('web',0.0377886),('website',0.0321847),('websites',0.30103),('wed',0.0511525),('weeks',0.30103),('weight',0.00532883),('were',0.176286),('western',0.30103),('what',0.0799733),('when',0.00380313),('where',0.30103),('whether',0.108775),('which',0.0358243),('whole',0.30103),('wholeplant',0.0157943),('will',0.0596966),('wilted',0.0157943),('with',0.0150908),('within',0.30103),('without',0.30103),('wood',0.00267259),('woody',0.00532883),('words',0.30103),('work',0.30103),('working',0.0377886),('write',0.0579919),('writing',0.0669468),('wrong',0.30103),('wwwdata',0.176091),('yday',0.30103),('year',0.0120276),('yearday',0.00796893),('years',0.0150194),('yes',0.0263289),('you',0.00630483),('your',0.0381483),('zoltan',0.0280287),('zone',0.01524);

--
-- Table structure for table `semaphore`
--

CREATE TABLE `semaphore` (
  `name` varchar(255) CHARACTER SET ascii NOT NULL DEFAULT '' COMMENT 'Primary Key: Unique name.',
  `value` varchar(255) CHARACTER SET ascii NOT NULL DEFAULT '' COMMENT 'A value for the semaphore.',
  `expire` double NOT NULL COMMENT 'A Unix timestamp with microseconds indicating when the semaphore should expire.',
  PRIMARY KEY (`name`),
  KEY `value` (`value`),
  KEY `expire` (`expire`)
) ENGINE=InnoDB DEFAULT CHARSET=utf8mb4 COMMENT='Table for holding semaphores, locks, flags, etc. that…';

--
-- Dumping data for table `semaphore`
--


--
-- Table structure for table `sequences`
--

CREATE TABLE `sequences` (
  `value` int(10) unsigned NOT NULL AUTO_INCREMENT COMMENT 'The value of the sequence.',
  PRIMARY KEY (`value`)
) ENGINE=InnoDB AUTO_INCREMENT=16 DEFAULT CHARSET=utf8mb4 COMMENT='Stores IDs.';

--
-- Dumping data for table `sequences`
--

INSERT INTO `sequences` VALUES (15);

--
-- Table structure for table `sessions`
--

CREATE TABLE `sessions` (
  `uid` int(10) unsigned NOT NULL COMMENT 'The users.uid corresponding to a session, or 0 for anonymous user.',
  `sid` varchar(128) CHARACTER SET ascii NOT NULL COMMENT 'A session ID (hashed). The value is generated by Drupal''s session handlers.',
  `hostname` varchar(128) CHARACTER SET ascii NOT NULL DEFAULT '' COMMENT 'The IP address that last used this session ID (sid).',
  `timestamp` int(11) NOT NULL DEFAULT '0' COMMENT 'The Unix timestamp when this session last requested a page. Old records are purged by PHP automatically.',
  `session` longblob COMMENT 'The serialized contents of $_SESSION, an array of name/value pairs that persists across page requests by this session ID. Drupal loads $_SESSION from here at the start of each request and saves it at the end.',
  PRIMARY KEY (`sid`),
  KEY `timestamp` (`timestamp`),
  KEY `uid` (`uid`)
) ENGINE=InnoDB DEFAULT CHARSET=utf8mb4 COMMENT='Drupal''s session handlers read and write into the sessions…';

--
-- Dumping data for table `sessions`
--

INSERT INTO `sessions` VALUES (1,'d-21nFpNB6POG12KWfqwm1IdfqYGith2EOVahoexKqU','176.63.12.212',1612365219,'_sf2_attributes|a:1:{s:3:\"uid\";s:1:\"1\";}_sf2_meta|a:4:{s:1:\"u\";i:1612365184;s:1:\"c\";i:1608037719;s:1:\"l\";s:7:\"2000000\";s:1:\"s\";s:43:\"bGxMOzbWXwKPqqFzrdjp0Si5Hn44SXokhW1cpa0AdKo\";}autologout_last|i:1612365219;views|a:1:{s:10:\"input_data\";a:1:{s:6:\"page_2\";a:1:{s:4:\"name\";s:3:\"All\";}}}'),(6,'d_M6YhshRu6B7frPUoJsXS81T2NpKSic6X2iMvK6Tdc','10.50.0.10',1612288251,'_sf2_attributes|a:1:{s:3:\"uid\";s:1:\"6\";}_sf2_meta|a:4:{s:1:\"u\";i:1612288235;s:1:\"c\";i:1611740987;s:1:\"l\";s:7:\"2000000\";s:1:\"s\";s:43:\"w_qXfqxHvZ8JlX9alnSsdMFhTaECyptyqjceiKr2ZuY\";}autologout_last|i:1612288251;');

--
-- Table structure for table `shortcut`
--

CREATE TABLE `shortcut` (
  `id` int(10) unsigned NOT NULL AUTO_INCREMENT,
  `shortcut_set` varchar(32) CHARACTER SET ascii NOT NULL COMMENT 'The ID of the target entity.',
  `uuid` varchar(128) CHARACTER SET ascii NOT NULL,
  `langcode` varchar(12) CHARACTER SET ascii NOT NULL,
  PRIMARY KEY (`id`),
  UNIQUE KEY `shortcut_field__uuid__value` (`uuid`),
  KEY `shortcut_field__shortcut_set__target_id` (`shortcut_set`)
) ENGINE=InnoDB AUTO_INCREMENT=3 DEFAULT CHARSET=utf8mb4 COMMENT='The base table for shortcut entities.';

--
-- Dumping data for table `shortcut`
--

INSERT INTO `shortcut` VALUES (1,'default','10e4fdd2-e9a7-4bc6-9cf0-b473754f08ce','en'),(2,'default','a9cc6676-b7b0-4c7f-a048-cb5ab3e9f446','en');

--
-- Table structure for table `shortcut_field_data`
--

CREATE TABLE `shortcut_field_data` (
  `id` int(10) unsigned NOT NULL,
  `shortcut_set` varchar(32) CHARACTER SET ascii NOT NULL COMMENT 'The ID of the target entity.',
  `langcode` varchar(12) CHARACTER SET ascii NOT NULL,
  `title` varchar(255) DEFAULT NULL,
  `weight` int(11) DEFAULT NULL,
  `link__uri` varchar(2048) DEFAULT NULL COMMENT 'The URI of the link.',
  `link__title` varchar(255) DEFAULT NULL COMMENT 'The link text.',
  `link__options` longblob COMMENT 'Serialized array of options for the link.',
  `default_langcode` tinyint(4) NOT NULL,
  PRIMARY KEY (`id`,`langcode`),
  KEY `shortcut__id__default_langcode__langcode` (`id`,`default_langcode`,`langcode`),
  KEY `shortcut_field__shortcut_set__target_id` (`shortcut_set`),
  KEY `shortcut_field__link__uri` (`link__uri`(30))
) ENGINE=InnoDB DEFAULT CHARSET=utf8mb4 COMMENT='The data table for shortcut entities.';

--
-- Dumping data for table `shortcut_field_data`
--

INSERT INTO `shortcut_field_data` VALUES (1,'default','en','Add content',-20,'internal:/node/add',NULL,'a:0:{}',1),(2,'default','en','All content',-19,'internal:/admin/content',NULL,'a:0:{}',1);

--
-- Table structure for table `shortcut_set_users`
--

CREATE TABLE `shortcut_set_users` (
  `uid` int(10) unsigned NOT NULL DEFAULT '0' COMMENT 'The users.uid for this set.',
  `set_name` varchar(32) CHARACTER SET ascii NOT NULL DEFAULT '' COMMENT 'The shortcut_set.set_name that will be displayed for this user.',
  PRIMARY KEY (`uid`),
  KEY `set_name` (`set_name`)
) ENGINE=InnoDB DEFAULT CHARSET=utf8mb4 COMMENT='Maps users to shortcut sets.';

--
-- Dumping data for table `shortcut_set_users`
--


--
-- Table structure for table `taxonomy_entity_index`
--

CREATE TABLE `taxonomy_entity_index` (
  `entity_type` varchar(32) NOT NULL COMMENT 'The entity type this term is attached to.',
  `bundle` varchar(128) NOT NULL DEFAULT '' COMMENT 'The entity bundle this term is attached to.',
  `entity_id` int(10) unsigned NOT NULL COMMENT 'The entity ID this term is attached to.',
  `revision_id` int(10) unsigned NOT NULL DEFAULT '0' COMMENT 'The entity revision ID this term is attached to.',
  `field_name` varchar(32) NOT NULL DEFAULT '' COMMENT 'The field name the term is attached to.',
  `delta` int(10) unsigned NOT NULL DEFAULT '0' COMMENT 'The delta order of the term in the field.',
  `tid` int(10) unsigned NOT NULL DEFAULT '0' COMMENT 'The term ID.',
  PRIMARY KEY (`entity_type`,`entity_id`,`revision_id`,`field_name`,`delta`),
  KEY `field_instance` (`field_name`,`entity_type`,`bundle`),
  KEY `tid` (`tid`),
  KEY `revision_id` (`revision_id`)
) ENGINE=InnoDB DEFAULT CHARSET=utf8mb4 COMMENT='Maintains denormalized information about entity/term…';

--
-- Dumping data for table `taxonomy_entity_index`
--

INSERT INTO `taxonomy_entity_index` VALUES ('node','dataset',2,2,'field_ds_input_type',0,1),('node','dataset',3,3,'field_ds_input_type',0,2),('node','dataset',4,4,'field_ds_input_type',0,3),('node','dataset',5,5,'field_ds_input_type',0,4),('node','dataset',5,5,'field_tags',0,20),('node','dataset',5,5,'field_tags',1,21),('node','dataset',5,5,'field_tags',2,22),('node','dataset',6,6,'field_ds_input_type',0,5),('node','dataset',6,6,'field_tags',0,20),('node','dataset',6,6,'field_tags',1,21),('node','dataset',6,6,'field_tags',2,22),('node','dataset',7,7,'field_ds_input_type',0,6),('node','dataset',7,7,'field_tags',0,20),('node','dataset',7,7,'field_tags',1,21),('node','dataset',7,7,'field_tags',2,22),('node','output',12,14,'field_tags',0,20),('node','output',12,14,'field_tags',1,21),('node','output',12,14,'field_tags',2,22),('node','project4',13,15,'field_pr_status',0,14),('node','dataset',15,17,'field_ds_input_type',0,7),('node','dataset',16,18,'field_ds_input_type',0,7),('node','dataset',17,19,'field_ds_input_type',0,7),('node','project2',155,157,'field_pr_status',0,13),('taxonomy_term','input_data_types',1,1,'parent',0,0),('taxonomy_term','input_data_types',2,2,'parent',0,0),('taxonomy_term','input_data_types',3,3,'parent',0,0),('taxonomy_term','input_data_types',4,4,'parent',0,0),('taxonomy_term','input_data_types',5,5,'parent',0,0),('taxonomy_term','input_data_types',6,6,'parent',0,0),('taxonomy_term','input_data_types',7,7,'parent',0,0),('taxonomy_term','input_data_types',8,8,'parent',0,0),('taxonomy_term','input_data_types',9,9,'parent',0,0),('taxonomy_term','input_data_types',10,10,'parent',0,0),('taxonomy_term','input_data_types',11,11,'parent',0,0),('taxonomy_term','project_status',12,12,'parent',0,0),('taxonomy_term','project_status',13,13,'parent',0,0),('taxonomy_term','project_status',14,14,'parent',0,0),('taxonomy_term','project_status',15,15,'parent',0,0),('taxonomy_term','project_status',16,16,'parent',0,0),('taxonomy_term','project_status',17,17,'parent',0,0),('taxonomy_term','project_status',18,18,'parent',0,0),('taxonomy_term','project_status',19,19,'parent',0,0),('taxonomy_term','tags',20,20,'parent',0,0),('taxonomy_term','tags',21,21,'parent',0,0),('taxonomy_term','tags',22,22,'parent',0,0);

--
-- Table structure for table `taxonomy_index`
--

CREATE TABLE `taxonomy_index` (
  `nid` int(10) unsigned NOT NULL DEFAULT '0' COMMENT 'The node.nid this record tracks.',
  `tid` int(10) unsigned NOT NULL DEFAULT '0' COMMENT 'The term ID.',
  `status` int(11) NOT NULL DEFAULT '1' COMMENT 'Boolean indicating whether the node is published (visible to non-administrators).',
  `sticky` tinyint(4) DEFAULT '0' COMMENT 'Boolean indicating whether the node is sticky.',
  `created` int(11) NOT NULL DEFAULT '0' COMMENT 'The Unix timestamp when the node was created.',
  PRIMARY KEY (`nid`,`tid`),
  KEY `term_node` (`tid`,`status`,`sticky`,`created`)
) ENGINE=InnoDB DEFAULT CHARSET=utf8mb4 COMMENT='Maintains denormalized information about node/term…';

--
-- Dumping data for table `taxonomy_index`
--

INSERT INTO `taxonomy_index` VALUES (2,1,1,0,1589973677),(3,2,1,0,1589974525),(4,3,1,0,1589982374),(5,4,1,0,1590141665),(6,5,1,0,1590141801),(7,6,1,0,1590142392),(155,13,1,0,1611133098),(13,14,1,0,1590563592),(2,20,1,0,1589973677),(3,20,1,0,1589974525),(4,20,1,0,1589982374),(5,20,1,0,1590141665),(6,20,1,0,1590141801),(7,20,1,0,1590142392),(9,20,1,0,1590406652),(8,20,1,0,1590406986),(10,20,1,0,1590408648),(12,20,1,0,1590510637),(2,21,1,0,1589973677),(3,21,1,0,1589974525),(4,21,1,0,1589982374),(5,21,1,0,1590141665),(6,21,1,0,1590141801),(7,21,1,0,1590142392),(9,21,1,0,1590406652),(8,21,1,0,1590406986),(10,21,1,0,1590408648),(12,21,1,0,1590510637),(2,22,1,0,1589973677),(3,22,1,0,1589974525),(4,22,1,0,1589982374),(5,22,1,0,1590141665),(6,22,1,0,1590141801),(7,22,1,0,1590142392),(9,22,1,0,1590406652),(8,22,1,0,1590406986),(10,22,1,0,1590408648),(12,22,1,0,1590510637);

--
-- Table structure for table `taxonomy_term__parent`
--

CREATE TABLE `taxonomy_term__parent` (
  `bundle` varchar(128) CHARACTER SET ascii NOT NULL DEFAULT '' COMMENT 'The field instance bundle to which this row belongs, used when deleting a field instance',
  `deleted` tinyint(4) NOT NULL DEFAULT '0' COMMENT 'A boolean indicating whether this data item has been deleted',
  `entity_id` int(10) unsigned NOT NULL COMMENT 'The entity id this data is attached to',
  `revision_id` int(10) unsigned NOT NULL COMMENT 'The entity revision id this data is attached to',
  `langcode` varchar(32) CHARACTER SET ascii NOT NULL DEFAULT '' COMMENT 'The language code for this data item.',
  `delta` int(10) unsigned NOT NULL COMMENT 'The sequence number for this data item, used for multi-value fields',
  `parent_target_id` int(10) unsigned NOT NULL COMMENT 'The ID of the target entity.',
  PRIMARY KEY (`entity_id`,`deleted`,`delta`,`langcode`),
  KEY `revision_id` (`revision_id`),
  KEY `parent_target_id` (`parent_target_id`),
  KEY `bundle_delta_target_id` (`bundle`,`delta`,`parent_target_id`)
) ENGINE=InnoDB DEFAULT CHARSET=utf8mb4 COMMENT='Data storage for taxonomy_term field parent.';

--
-- Dumping data for table `taxonomy_term__parent`
--

INSERT INTO `taxonomy_term__parent` VALUES ('input_data_types',0,1,1,'en',0,0),('input_data_types',0,2,2,'en',0,0),('input_data_types',0,3,3,'en',0,0),('input_data_types',0,4,4,'en',0,0),('input_data_types',0,5,5,'en',0,0),('input_data_types',0,6,6,'en',0,0),('input_data_types',0,7,7,'en',0,0),('input_data_types',0,8,8,'en',0,0),('input_data_types',0,9,9,'en',0,0),('input_data_types',0,10,10,'en',0,0),('input_data_types',0,11,11,'en',0,0),('project_status',0,12,12,'en',0,0),('project_status',0,13,13,'en',0,0),('project_status',0,14,14,'en',0,0),('project_status',0,15,15,'en',0,0),('project_status',0,16,16,'en',0,0),('project_status',0,17,17,'en',0,0),('project_status',0,18,18,'en',0,0),('project_status',0,19,19,'en',0,0),('tags',0,20,20,'en',0,0),('tags',0,21,21,'en',0,0),('tags',0,22,22,'en',0,0);

--
-- Table structure for table `taxonomy_term_data`
--

CREATE TABLE `taxonomy_term_data` (
  `tid` int(10) unsigned NOT NULL AUTO_INCREMENT,
  `revision_id` int(10) unsigned DEFAULT NULL,
  `vid` varchar(32) CHARACTER SET ascii NOT NULL COMMENT 'The ID of the target entity.',
  `uuid` varchar(128) CHARACTER SET ascii NOT NULL,
  `langcode` varchar(12) CHARACTER SET ascii NOT NULL,
  PRIMARY KEY (`tid`),
  UNIQUE KEY `taxonomy_term_field__uuid__value` (`uuid`),
  UNIQUE KEY `taxonomy_term__revision_id` (`revision_id`),
  KEY `taxonomy_term_field__vid__target_id` (`vid`)
) ENGINE=InnoDB AUTO_INCREMENT=23 DEFAULT CHARSET=utf8mb4 COMMENT='The base table for taxonomy_term entities.';

--
-- Dumping data for table `taxonomy_term_data`
--

INSERT INTO `taxonomy_term_data` VALUES (1,1,'input_data_types','33d67812-a72d-4eae-9974-b3d0d9da16d8','en'),(2,2,'input_data_types','fbe5cf1d-7ce2-4e64-b198-45a003bf6179','en'),(3,3,'input_data_types','399d4847-b7fe-4f5a-8b81-3c6187f79b18','en'),(4,4,'input_data_types','bfe8119b-bb27-4bcb-8d08-26132a296ea1','en'),(5,5,'input_data_types','6b8ca3ee-f389-4b2e-8ed7-51a7f8a0fc38','en'),(6,6,'input_data_types','ce8e79f0-fa89-4a39-ba87-6b3b4c5be578','en'),(7,7,'input_data_types','ccbff430-8f8b-419c-8625-b3c9fefd9bc5','en'),(8,8,'input_data_types','b5cce12d-8e7c-49fc-b8b9-a951a69d7c5f','en'),(9,9,'input_data_types','21695d17-a904-4130-8a79-908fd6d39928','en'),(10,10,'input_data_types','fa589b7b-a83e-4ebf-aa90-6de9fb1d96ab','en'),(11,11,'input_data_types','13f789cc-54b7-4c9a-a0a3-2686703e01ab','en'),(12,12,'project_status','a44635e2-f12d-4b8f-b70c-bde32c89e9f9','en'),(13,13,'project_status','d2be3548-3464-407a-9116-cbc8a963e952','en'),(14,14,'project_status','17c77a4f-303e-4f84-84ef-7ae36683610a','en'),(15,15,'project_status','c44f5671-2834-4961-b503-cf0228032496','en'),(16,16,'project_status','27dd7c10-1cb1-46b1-9f1a-504bc578ae30','en'),(17,17,'project_status','8f75f09a-7734-470a-afbb-16a28ed7f944','en'),(18,18,'project_status','5e99dda3-93bc-4474-9640-069139404120','en'),(19,19,'project_status','e6950691-c2b5-4a5b-be47-cb01f1ddf7a7','en'),(20,20,'tags','8238f980-2c94-4575-bcd9-6fe22d43b540','en'),(21,21,'tags','42a48ee6-7ed5-434e-b2cb-47bbf7479a6b','en'),(22,22,'tags','dd08a4ea-d334-42aa-b52a-b085cdc9ad21','en');

--
-- Table structure for table `taxonomy_term_field_data`
--

CREATE TABLE `taxonomy_term_field_data` (
  `tid` int(10) unsigned NOT NULL,
  `revision_id` int(10) unsigned NOT NULL,
  `vid` varchar(32) CHARACTER SET ascii NOT NULL COMMENT 'The ID of the target entity.',
  `langcode` varchar(12) CHARACTER SET ascii NOT NULL,
  `status` tinyint(4) NOT NULL,
  `name` varchar(255) NOT NULL,
  `description__value` longtext,
  `description__format` varchar(255) CHARACTER SET ascii DEFAULT NULL,
  `weight` int(11) NOT NULL,
  `changed` int(11) DEFAULT NULL,
  `default_langcode` tinyint(4) NOT NULL,
  `revision_translation_affected` tinyint(4) DEFAULT NULL,
  PRIMARY KEY (`tid`,`langcode`),
  KEY `taxonomy_term__id__default_langcode__langcode` (`tid`,`default_langcode`,`langcode`),
  KEY `taxonomy_term__revision_id` (`revision_id`),
  KEY `taxonomy_term_field__name` (`name`(191)),
  KEY `taxonomy_term__status_vid` (`status`,`vid`,`tid`),
  KEY `taxonomy_term__tree` (`vid`,`weight`,`name`(191)),
  KEY `taxonomy_term__vid_name` (`vid`,`name`(191))
) ENGINE=InnoDB DEFAULT CHARSET=utf8mb4 COMMENT='The data table for taxonomy_term entities.';

--
-- Dumping data for table `taxonomy_term_field_data`
--

INSERT INTO `taxonomy_term_field_data` VALUES (1,1,'input_data_types','en',1,'Meteorological data',NULL,NULL,0,1589992238,1,1),(2,2,'input_data_types','en',1,'CO2 data',NULL,NULL,1,1589992385,1,1),(3,3,'input_data_types','en',1,'NDEP data',NULL,NULL,2,1589992385,1,1),(4,4,'input_data_types','en',1,'Soil data',NULL,NULL,3,1589992385,1,1),(5,5,'input_data_types','en',1,'EPC data',NULL,NULL,4,1589992385,1,1),(6,6,'input_data_types','en',1,'Management data',NULL,NULL,5,1589992385,1,1),(7,7,'input_data_types','en',1,'Other input data','<p>mortality, conductance, groundwater, onday and offday data</p>\r\n','basic_html',6,1592155227,1,1),(8,8,'input_data_types','en',0,'Conductance data',NULL,NULL,7,1592155243,1,1),(9,9,'input_data_types','en',0,'Groundwater data',NULL,NULL,8,1592155261,1,1),(10,10,'input_data_types','en',0,'Onday data',NULL,NULL,9,1592155268,1,1),(11,11,'input_data_types','en',0,'Offday data',NULL,NULL,10,1592155274,1,1),(12,12,'project_status','en',1,'planned',NULL,NULL,0,1590515999,1,1),(13,13,'project_status','en',1,'in progress',NULL,NULL,1,1590516344,1,1),(14,14,'project_status','en',1,'closed',NULL,NULL,2,1590516344,1,1),(15,15,'project_status','en',1,'in use',NULL,NULL,3,1590516344,1,1),(16,16,'project_status','en',1,'data removed',NULL,NULL,4,1590516344,1,1),(17,17,'project_status','en',1,'interrupted because of low quota',NULL,NULL,6,1590516344,1,1),(18,18,'project_status','en',1,'aborted',NULL,NULL,5,1590516344,1,1),(19,19,'project_status','en',1,'waiting',NULL,NULL,7,1590516344,1,1),(20,20,'tags','en',1,'HuHe2',NULL,NULL,0,1593723682,1,1),(21,21,'tags','en',1,'Hegyhatsal',NULL,NULL,0,1593723682,1,1),(22,22,'tags','en',1,'example',NULL,NULL,0,1593723682,1,1);

--
-- Table structure for table `taxonomy_term_field_revision`
--

CREATE TABLE `taxonomy_term_field_revision` (
  `tid` int(10) unsigned NOT NULL,
  `revision_id` int(10) unsigned NOT NULL,
  `langcode` varchar(12) CHARACTER SET ascii NOT NULL,
  `status` tinyint(4) NOT NULL,
  `name` varchar(255) DEFAULT NULL,
  `description__value` longtext,
  `description__format` varchar(255) CHARACTER SET ascii DEFAULT NULL,
  `changed` int(11) DEFAULT NULL,
  `default_langcode` tinyint(4) NOT NULL,
  `revision_translation_affected` tinyint(4) DEFAULT NULL,
  PRIMARY KEY (`revision_id`,`langcode`),
  KEY `taxonomy_term__id__default_langcode__langcode` (`tid`,`default_langcode`,`langcode`),
  KEY `taxonomy_term_field__description__format` (`description__format`)
) ENGINE=InnoDB DEFAULT CHARSET=utf8mb4 COMMENT='The revision data table for taxonomy_term entities.';

--
-- Dumping data for table `taxonomy_term_field_revision`
--

INSERT INTO `taxonomy_term_field_revision` VALUES (1,1,'en',1,'Meteorological data',NULL,NULL,1589992238,1,1),(2,2,'en',1,'CO2 data',NULL,NULL,1589992385,1,1),(3,3,'en',1,'NDEP data',NULL,NULL,1589992385,1,1),(4,4,'en',1,'Soil data',NULL,NULL,1589992385,1,1),(5,5,'en',1,'EPC data',NULL,NULL,1589992385,1,1),(6,6,'en',1,'Management data',NULL,NULL,1589992385,1,1),(7,7,'en',1,'Other input data','<p>mortality, conductance, groundwater, onday and offday data</p>\r\n','basic_html',1592155227,1,1),(8,8,'en',0,'Conductance data',NULL,NULL,1592155243,1,1),(9,9,'en',0,'Groundwater data',NULL,NULL,1592155261,1,1),(10,10,'en',0,'Onday data',NULL,NULL,1592155268,1,1),(11,11,'en',0,'Offday data',NULL,NULL,1592155274,1,1),(12,12,'en',1,'planned',NULL,NULL,1590515999,1,1),(13,13,'en',1,'in progress',NULL,NULL,1590516344,1,1),(14,14,'en',1,'closed',NULL,NULL,1590516344,1,1),(15,15,'en',1,'in use',NULL,NULL,1590516344,1,1),(16,16,'en',1,'data removed',NULL,NULL,1590516344,1,1),(17,17,'en',1,'interrupted because of low quota',NULL,NULL,1590516344,1,1),(18,18,'en',1,'aborted',NULL,NULL,1590516344,1,1),(19,19,'en',1,'waiting',NULL,NULL,1590516344,1,1),(20,20,'en',1,'HuHe2',NULL,NULL,1593723682,1,1),(21,21,'en',1,'Hegyhatsal',NULL,NULL,1593723682,1,1),(22,22,'en',1,'example',NULL,NULL,1593723682,1,1);

--
-- Table structure for table `taxonomy_term_revision`
--

CREATE TABLE `taxonomy_term_revision` (
  `tid` int(10) unsigned NOT NULL,
  `revision_id` int(10) unsigned NOT NULL AUTO_INCREMENT,
  `langcode` varchar(12) CHARACTER SET ascii NOT NULL,
  `revision_user` int(10) unsigned DEFAULT NULL COMMENT 'The ID of the target entity.',
  `revision_created` int(11) DEFAULT NULL,
  `revision_log_message` longtext,
  `revision_default` tinyint(4) DEFAULT NULL,
  PRIMARY KEY (`revision_id`),
  KEY `taxonomy_term__tid` (`tid`),
  KEY `taxonomy_term_field__revision_user__target_id` (`revision_user`)
) ENGINE=InnoDB AUTO_INCREMENT=23 DEFAULT CHARSET=utf8mb4 COMMENT='The revision table for taxonomy_term entities.';

--
-- Dumping data for table `taxonomy_term_revision`
--

INSERT INTO `taxonomy_term_revision` VALUES (1,1,'en',NULL,1589992238,NULL,1),(2,2,'en',NULL,1589992248,NULL,1),(3,3,'en',NULL,1589992259,NULL,1),(4,4,'en',NULL,1589992269,NULL,1),(5,5,'en',NULL,1589992277,NULL,1),(6,6,'en',NULL,1589992287,NULL,1),(7,7,'en',NULL,1589992297,NULL,1),(8,8,'en',NULL,1589992307,NULL,1),(9,9,'en',NULL,1589992315,NULL,1),(10,10,'en',NULL,1589992325,NULL,1),(11,11,'en',NULL,1589992336,NULL,1),(12,12,'en',NULL,1590515999,NULL,1),(13,13,'en',NULL,1590516009,NULL,1),(14,14,'en',NULL,1590516019,NULL,1),(15,15,'en',NULL,1590516037,NULL,1),(16,16,'en',NULL,1590516048,NULL,1),(17,17,'en',NULL,1590516059,NULL,1),(18,18,'en',NULL,1590516071,NULL,1),(19,19,'en',NULL,1590516081,NULL,1),(20,20,'en',NULL,1593723682,NULL,1),(21,21,'en',NULL,1593723682,NULL,1),(22,22,'en',NULL,1593723682,NULL,1);

--
-- Table structure for table `taxonomy_term_revision__parent`
--

CREATE TABLE `taxonomy_term_revision__parent` (
  `bundle` varchar(128) CHARACTER SET ascii NOT NULL DEFAULT '' COMMENT 'The field instance bundle to which this row belongs, used when deleting a field instance',
  `deleted` tinyint(4) NOT NULL DEFAULT '0' COMMENT 'A boolean indicating whether this data item has been deleted',
  `entity_id` int(10) unsigned NOT NULL COMMENT 'The entity id this data is attached to',
  `revision_id` int(10) unsigned NOT NULL COMMENT 'The entity revision id this data is attached to',
  `langcode` varchar(32) CHARACTER SET ascii NOT NULL DEFAULT '' COMMENT 'The language code for this data item.',
  `delta` int(10) unsigned NOT NULL COMMENT 'The sequence number for this data item, used for multi-value fields',
  `parent_target_id` int(10) unsigned NOT NULL COMMENT 'The ID of the target entity.',
  PRIMARY KEY (`entity_id`,`revision_id`,`deleted`,`delta`,`langcode`),
  KEY `bundle` (`bundle`),
  KEY `revision_id` (`revision_id`),
  KEY `parent_target_id` (`parent_target_id`)
) ENGINE=InnoDB DEFAULT CHARSET=utf8mb4 COMMENT='Revision archive storage for taxonomy_term field parent.';

--
-- Dumping data for table `taxonomy_term_revision__parent`
--

INSERT INTO `taxonomy_term_revision__parent` VALUES ('input_data_types',0,1,1,'en',0,0),('input_data_types',0,2,2,'en',0,0),('input_data_types',0,3,3,'en',0,0),('input_data_types',0,4,4,'en',0,0),('input_data_types',0,5,5,'en',0,0),('input_data_types',0,6,6,'en',0,0),('input_data_types',0,7,7,'en',0,0),('input_data_types',0,8,8,'en',0,0),('input_data_types',0,9,9,'en',0,0),('input_data_types',0,10,10,'en',0,0),('input_data_types',0,11,11,'en',0,0),('project_status',0,12,12,'en',0,0),('project_status',0,13,13,'en',0,0),('project_status',0,14,14,'en',0,0),('project_status',0,15,15,'en',0,0),('project_status',0,16,16,'en',0,0),('project_status',0,17,17,'en',0,0),('project_status',0,18,18,'en',0,0),('project_status',0,19,19,'en',0,0),('tags',0,20,20,'en',0,0),('tags',0,21,21,'en',0,0),('tags',0,22,22,'en',0,0);

--
-- Table structure for table `user__field_name`
--

CREATE TABLE `user__field_name` (
  `bundle` varchar(128) CHARACTER SET ascii NOT NULL DEFAULT '' COMMENT 'The field instance bundle to which this row belongs, used when deleting a field instance',
  `deleted` tinyint(4) NOT NULL DEFAULT '0' COMMENT 'A boolean indicating whether this data item has been deleted',
  `entity_id` int(10) unsigned NOT NULL COMMENT 'The entity id this data is attached to',
  `revision_id` int(10) unsigned NOT NULL COMMENT 'The entity revision id this data is attached to, which for an unversioned entity type is the same as the entity id',
  `langcode` varchar(32) CHARACTER SET ascii NOT NULL DEFAULT '' COMMENT 'The language code for this data item.',
  `delta` int(10) unsigned NOT NULL COMMENT 'The sequence number for this data item, used for multi-value fields',
  `field_name_value` varchar(255) NOT NULL,
  PRIMARY KEY (`entity_id`,`deleted`,`delta`,`langcode`),
  KEY `bundle` (`bundle`),
  KEY `revision_id` (`revision_id`)
) ENGINE=InnoDB DEFAULT CHARSET=utf8mb4 COMMENT='Data storage for user field field_name.';

--
-- Dumping data for table `user__field_name`
--

INSERT INTO `user__field_name` VALUES ('user',0,2,2,'en',0,'Test user'),('user',0,12,12,'en',0,'HORVÁTH, Ferenc'),('user',0,13,13,'en',0,'Barcza Zoltán');

--
-- Table structure for table `user__field_organisation`
--

CREATE TABLE `user__field_organisation` (
  `bundle` varchar(128) CHARACTER SET ascii NOT NULL DEFAULT '' COMMENT 'The field instance bundle to which this row belongs, used when deleting a field instance',
  `deleted` tinyint(4) NOT NULL DEFAULT '0' COMMENT 'A boolean indicating whether this data item has been deleted',
  `entity_id` int(10) unsigned NOT NULL COMMENT 'The entity id this data is attached to',
  `revision_id` int(10) unsigned NOT NULL COMMENT 'The entity revision id this data is attached to, which for an unversioned entity type is the same as the entity id',
  `langcode` varchar(32) CHARACTER SET ascii NOT NULL DEFAULT '' COMMENT 'The language code for this data item.',
  `delta` int(10) unsigned NOT NULL COMMENT 'The sequence number for this data item, used for multi-value fields',
  `field_organisation_value` varchar(255) NOT NULL,
  PRIMARY KEY (`entity_id`,`deleted`,`delta`,`langcode`),
  KEY `bundle` (`bundle`),
  KEY `revision_id` (`revision_id`)
) ENGINE=InnoDB DEFAULT CHARSET=utf8mb4 COMMENT='Data storage for user field field_organisation.';

--
-- Dumping data for table `user__field_organisation`
--

INSERT INTO `user__field_organisation` VALUES ('user',0,2,2,'en',0,'IEB'),('user',0,12,12,'en',0,'Centre for Ecological Research'),('user',0,13,13,'en',0,'Department of Meteorology, Eötvös Loránd University');

--
-- Table structure for table `user__roles`
--

CREATE TABLE `user__roles` (
  `bundle` varchar(128) CHARACTER SET ascii NOT NULL DEFAULT '' COMMENT 'The field instance bundle to which this row belongs, used when deleting a field instance',
  `deleted` tinyint(4) NOT NULL DEFAULT '0' COMMENT 'A boolean indicating whether this data item has been deleted',
  `entity_id` int(10) unsigned NOT NULL COMMENT 'The entity id this data is attached to',
  `revision_id` int(10) unsigned NOT NULL COMMENT 'The entity revision id this data is attached to, which for an unversioned entity type is the same as the entity id',
  `langcode` varchar(32) CHARACTER SET ascii NOT NULL DEFAULT '' COMMENT 'The language code for this data item.',
  `delta` int(10) unsigned NOT NULL COMMENT 'The sequence number for this data item, used for multi-value fields',
  `roles_target_id` varchar(255) CHARACTER SET ascii NOT NULL COMMENT 'The ID of the target entity.',
  PRIMARY KEY (`entity_id`,`deleted`,`delta`,`langcode`),
  KEY `bundle` (`bundle`),
  KEY `revision_id` (`revision_id`),
  KEY `roles_target_id` (`roles_target_id`)
) ENGINE=InnoDB DEFAULT CHARSET=utf8mb4 COMMENT='Data storage for user field roles.';

--
-- Dumping data for table `user__roles`
--

INSERT INTO `user__roles` VALUES ('user',0,1,1,'en',0,'administrator'),('user',0,6,6,'en',0,'administrator'),('user',0,12,12,'en',0,'editor'),('user',0,13,13,'en',0,'editor');

--
-- Table structure for table `user__user_picture`
--

CREATE TABLE `user__user_picture` (
  `bundle` varchar(128) CHARACTER SET ascii NOT NULL DEFAULT '' COMMENT 'The field instance bundle to which this row belongs, used when deleting a field instance',
  `deleted` tinyint(4) NOT NULL DEFAULT '0' COMMENT 'A boolean indicating whether this data item has been deleted',
  `entity_id` int(10) unsigned NOT NULL COMMENT 'The entity id this data is attached to',
  `revision_id` int(10) unsigned NOT NULL COMMENT 'The entity revision id this data is attached to, which for an unversioned entity type is the same as the entity id',
  `langcode` varchar(32) CHARACTER SET ascii NOT NULL DEFAULT '' COMMENT 'The language code for this data item.',
  `delta` int(10) unsigned NOT NULL COMMENT 'The sequence number for this data item, used for multi-value fields',
  `user_picture_target_id` int(10) unsigned NOT NULL COMMENT 'The ID of the file entity.',
  `user_picture_alt` varchar(512) DEFAULT NULL COMMENT 'Alternative image text, for the image''s ''alt'' attribute.',
  `user_picture_title` varchar(1024) DEFAULT NULL COMMENT 'Image title text, for the image''s ''title'' attribute.',
  `user_picture_width` int(10) unsigned DEFAULT NULL COMMENT 'The width of the image in pixels.',
  `user_picture_height` int(10) unsigned DEFAULT NULL COMMENT 'The height of the image in pixels.',
  PRIMARY KEY (`entity_id`,`deleted`,`delta`,`langcode`),
  KEY `bundle` (`bundle`),
  KEY `revision_id` (`revision_id`),
  KEY `user_picture_target_id` (`user_picture_target_id`)
) ENGINE=InnoDB DEFAULT CHARSET=utf8mb4 COMMENT='Data storage for user field user_picture.';

--
-- Dumping data for table `user__user_picture`
--


--
-- Table structure for table `users`
--

CREATE TABLE `users` (
  `uid` int(10) unsigned NOT NULL,
  `uuid` varchar(128) CHARACTER SET ascii NOT NULL,
  `langcode` varchar(12) CHARACTER SET ascii NOT NULL,
  PRIMARY KEY (`uid`),
  UNIQUE KEY `user_field__uuid__value` (`uuid`)
) ENGINE=InnoDB DEFAULT CHARSET=utf8mb4 COMMENT='The base table for user entities.';

--
-- Dumping data for table `users`
--

INSERT INTO `users` VALUES (0,'e58971fa-5d14-4b17-acf8-0e1a2231f9f3','en'),(1,'1c4ab362-6a83-4303-8404-2e02521bc880','en'),(2,'b6aaeb83-6d52-44ea-811a-ac083122989b','en'),(6,'9baca9ab-57ff-4ef0-a395-d26269a28ac6','en'),(12,'86c9ca0c-5419-460f-ab7f-15e674f4123f','en'),(13,'459bb624-678c-485b-ac52-3f5816cd92e6','en');

--
-- Table structure for table `users_data`
--

CREATE TABLE `users_data` (
  `uid` int(10) unsigned NOT NULL DEFAULT '0' COMMENT 'The users.uid this record affects.',
  `module` varchar(50) CHARACTER SET ascii NOT NULL DEFAULT '' COMMENT 'The name of the module declaring the variable.',
  `name` varchar(128) CHARACTER SET ascii NOT NULL DEFAULT '' COMMENT 'The identifier of the data.',
  `value` longblob COMMENT 'The value.',
  `serialized` tinyint(3) unsigned DEFAULT '0' COMMENT 'Whether value is serialized.',
  PRIMARY KEY (`uid`,`module`,`name`),
  KEY `module` (`module`),
  KEY `name` (`name`)
) ENGINE=InnoDB DEFAULT CHARSET=utf8mb4 COMMENT='Stores module data as key/value pairs per user.';

--
-- Dumping data for table `users_data`
--

INSERT INTO `users_data` VALUES (2,'autologout','timeout','7200',0),(2,'contact','enabled','0',0),(6,'contact','enabled','0',0),(12,'contact','enabled','0',0),(13,'autologout','timeout','N;',1),(13,'contact','enabled','0',0);

--
-- Table structure for table `users_field_data`
--

CREATE TABLE `users_field_data` (
  `uid` int(10) unsigned NOT NULL,
  `langcode` varchar(12) CHARACTER SET ascii NOT NULL,
  `preferred_langcode` varchar(12) CHARACTER SET ascii DEFAULT NULL,
  `preferred_admin_langcode` varchar(12) CHARACTER SET ascii DEFAULT NULL,
  `name` varchar(60) NOT NULL,
  `pass` varchar(255) DEFAULT NULL,
  `mail` varchar(254) DEFAULT NULL,
  `timezone` varchar(32) DEFAULT NULL,
  `status` tinyint(4) DEFAULT NULL,
  `created` int(11) NOT NULL,
  `changed` int(11) DEFAULT NULL,
  `access` int(11) NOT NULL,
  `login` int(11) DEFAULT NULL,
  `init` varchar(254) DEFAULT NULL,
  `default_langcode` tinyint(4) NOT NULL,
  PRIMARY KEY (`uid`,`langcode`),
  UNIQUE KEY `user__name` (`name`,`langcode`),
  KEY `user__id__default_langcode__langcode` (`uid`,`default_langcode`,`langcode`),
  KEY `user_field__mail` (`mail`(191)),
  KEY `user_field__created` (`created`),
  KEY `user_field__access` (`access`)
) ENGINE=InnoDB DEFAULT CHARSET=utf8mb4 COMMENT='The data table for user entities.';

--
-- Dumping data for table `users_field_data`
--

INSERT INTO `users_field_data` VALUES (0,'en','en',NULL,'',NULL,NULL,'',0,1588959106,1588959106,0,0,NULL,1),(1,'en','en',NULL,'admin','$S$En7QLgGtWp4wkD8HwILy8EhEuctzGoPzWhN88e.iIWiSO80/bfhg','dorakra@gmail.com','Europe/Budapest',1,1588959106,1588959211,1612365184,1608037719,'dorakra@gmail.com',1),(2,'en','en','en','proba','$S$Ex1lwkJF0bViXHySEx3vdLV7KIvGgySRS2QcVR07xYFSHef0Mwpd','ittzes@gmail.com','Europe/Budapest',1,1589979797,1593095855,1594147942,1594138872,'ittzes@gmail.com',1),(6,'en','en','en','www-data','$S$Eyyjm/3ln.cRPVinx6RFKFmdVlhNTWloBaUKu1J7y4CsX3OIf8iw','ittzes.dora@okologia.mta.hu','Europe/Budapest',1,1590601908,1591344847,1612288235,1611740987,'ittzes.dora@okologia.mta.hu',1),(12,'en','en','en','horvfe','$S$EyfiuidOK5Onwy84reku36fcuPVIizyCZrJDR9pvTe6hGvR7Ac6n','horvath.ferenc@okologia.mta.hu','Europe/Budapest',1,1592911076,1592911746,0,0,'horvath.ferenc@okologia.mta.hu',1),(13,'en','en','en','bzoli','$S$E7ufi9zjWaOQFmiBxpcpaUYCSlYJcHs9f4D7C5BRJ1EDdn2/s7Ez','zoltan.barcza@ttk.elte.hu','Europe/Budapest',1,1593510520,1593510520,0,0,'zoltan.barcza@ttk.elte.hu',1);

--
-- Table structure for table `watchdog`
--

CREATE TABLE `watchdog` (
  `wid` int(11) NOT NULL AUTO_INCREMENT COMMENT 'Primary Key: Unique watchdog event ID.',
  `uid` int(10) unsigned NOT NULL DEFAULT '0' COMMENT 'The users.uid of the user who triggered the event.',
  `type` varchar(64) CHARACTER SET ascii NOT NULL DEFAULT '' COMMENT 'Type of log message, for example "user" or "page not found."',
  `message` longtext NOT NULL COMMENT 'Text of log message to be passed into the t() function.',
  `variables` longblob NOT NULL COMMENT 'Serialized array of variables that match the message string and that is passed into the t() function.',
  `severity` tinyint(3) unsigned NOT NULL DEFAULT '0' COMMENT 'The severity level of the event. ranges from 0 (Emergency) to 7 (Debug)',
  `link` text COMMENT 'Link to view the result of the event.',
  `location` text NOT NULL COMMENT 'URL of the origin of the event.',
  `referer` text COMMENT 'URL of referring page.',
  `hostname` varchar(128) CHARACTER SET ascii NOT NULL DEFAULT '' COMMENT 'Hostname of the user who triggered the event.',
  `timestamp` int(11) NOT NULL DEFAULT '0' COMMENT 'Unix timestamp of when event occurred.',
  PRIMARY KEY (`wid`),
  KEY `type` (`type`),
  KEY `uid` (`uid`),
  KEY `severity` (`severity`)
) ENGINE=InnoDB AUTO_INCREMENT=2543 DEFAULT CHARSET=utf8mb4 COMMENT='Table that contains logs of all system events.';

--
